23.80.89.0 - - [30/Mar/2026:01:03:34 -0400] "GET /favicon.ico HTTP/1.1" 200 75488 aimdigital.com.au "https://aimdigital.com.au/wp-content/plugins/kpbwd/ok.php" "Mozilla/5.0 (iPhone; CPU iPhone OS 15_0 like Mac OS X) AppleWebKit/605.1.15 (KHTML, like Gecko) Version/15.0 Mobile/15E148 Safari/604.1" "-"
146.190.190.0 - - [30/Mar/2026:01:03:35 -0400] "GET /wp-content/plugins/kpbwd/ok.php HTTP/1.1" 403 239 aimdigital.com.au "https://pl8865domm.s3.amazonaws.com/" "Mozilla/5.0 (iPhone; CPU iPhone OS 15_0 like Mac OS X) AppleWebKit/605.1.15 (KHTML, like Gecko) Version/15.0 Mobile/15E148 Safari/604.1" "-"
146.190.190.0 - - [30/Mar/2026:01:03:35 -0400] "GET /favicon.ico HTTP/1.1" 200 75488 aimdigital.com.au "https://aimdigital.com.au/wp-content/plugins/kpbwd/ok.php" "Mozilla/5.0 (iPhone; CPU iPhone OS 15_0 like Mac OS X) AppleWebKit/605.1.15 (KHTML, like Gecko) Version/15.0 Mobile/15E148 Safari/604.1" "-"
2a03:2880:f800:: - - [30/Mar/2026:01:03:40 -0400] "GET /goodscode/4051435632?fileloc=/homepages/21/d4298745088/htdocs/wp-includes/class-wp-styles.php&path=/homepages/21/d4298745088/htdocs/wp-includes HTTP/1.1" 200 26607 aimdigital.com.au "-" "meta-externalagent/1.1 (+https://developers.facebook.com/docs/sharing/webmasters/crawler)" "-"
66.249.69.0 - - [30/Mar/2026:01:03:41 -0400] "GET /goodscode/3418522765 HTTP/1.1" 200 383916 aimdigital.com.au "-" "Mozilla/5.0 (Linux; Android 6.0.1; Nexus 5X Build/MMB29P) AppleWebKit/537.36 (KHTML, like Gecko) Chrome/146.0.7680.153 Mobile Safari/537.36 (compatible; GoogleOther)" "-"
138.199.39.0 - - [30/Mar/2026:01:03:43 -0400] "GET /wp-content/plugins/kpbwd/ok.php HTTP/1.1" 403 239 aimdigital.com.au "https://pl8865domm.s3.amazonaws.com/" "Mozilla/5.0 (iPhone; CPU iPhone OS 16_0 like Mac OS X) AppleWebKit/605.1.15 (KHTML, like Gecko) Version/16.0 Mobile/15E148 Safari/604.1" "-"
45.250.255.0 - - [30/Mar/2026:01:03:43 -0400] "GET /wp-content/plugins/kpbwd/ok.php HTTP/1.1" 403 239 aimdigital.com.au "https://pl8865domm.s3.amazonaws.com/" "Mozilla/5.0 (iPhone; CPU iPhone OS 16_0 like Mac OS X) AppleWebKit/605.1.15 (KHTML, like Gecko) Version/16.0 Mobile/15E148 Safari/604.1" "-"
138.199.39.0 - - [30/Mar/2026:01:03:44 -0400] "GET /favicon.ico HTTP/1.1" 200 75488 aimdigital.com.au "https://aimdigital.com.au/wp-content/plugins/kpbwd/ok.php" "Mozilla/5.0 (iPhone; CPU iPhone OS 16_0 like Mac OS X) AppleWebKit/605.1.15 (KHTML, like Gecko) Version/16.0 Mobile/15E148 Safari/604.1" "-"
45.250.255.0 - - [30/Mar/2026:01:03:44 -0400] "GET /favicon.ico HTTP/1.1" 200 75488 aimdigital.com.au "https://aimdigital.com.au/wp-content/plugins/kpbwd/ok.php" "Mozilla/5.0 (iPhone; CPU iPhone OS 16_0 like Mac OS X) AppleWebKit/605.1.15 (KHTML, like Gecko) Version/16.0 Mobile/15E148 Safari/604.1" "-"
140.235.164.0 - - [30/Mar/2026:01:03:46 -0400] "GET /wp-content/plugins/kpbwd/ok.php HTTP/1.1" 403 239 aimdigital.com.au "https://pl8865domm.s3.amazonaws.com/" "Mozilla/5.0 (iPhone; CPU iPhone OS 16_0 like Mac OS X) AppleWebKit/605.1.15 (KHTML, like Gecko) Version/16.0 Mobile/15E148 Safari/604.1" "-"
149.88.103.0 - - [30/Mar/2026:01:03:46 -0400] "GET /wp-content/plugins/kpbwd/ok.php HTTP/1.1" 403 239 aimdigital.com.au "https://pl8865domm.s3.amazonaws.com/" "Mozilla/5.0 (iPhone; CPU iPhone OS 16_0 like Mac OS X) AppleWebKit/605.1.15 (KHTML, like Gecko) Version/16.0 Mobile/15E148 Safari/604.1" "-"
140.235.164.0 - - [30/Mar/2026:01:03:46 -0400] "GET /favicon.ico HTTP/1.1" 200 75488 aimdigital.com.au "https://aimdigital.com.au/wp-content/plugins/kpbwd/ok.php" "Mozilla/5.0 (iPhone; CPU iPhone OS 16_0 like Mac OS X) AppleWebKit/605.1.15 (KHTML, like Gecko) Version/16.0 Mobile/15E148 Safari/604.1" "-"
149.88.103.0 - - [30/Mar/2026:01:03:47 -0400] "GET /favicon.ico HTTP/1.1" 200 75488 aimdigital.com.au "https://aimdigital.com.au/wp-content/plugins/kpbwd/ok.php" "Mozilla/5.0 (iPhone; CPU iPhone OS 16_0 like Mac OS X) AppleWebKit/605.1.15 (KHTML, like Gecko) Version/16.0 Mobile/15E148 Safari/604.1" "-"
2a03:2880:f800:: - - [30/Mar/2026:01:03:47 -0400] "GET /goodscode/4051435632?fileloc=/homepages/21/d4298745088/htdocs/wp-includes/rss-functions.php&path=/homepages/21/d4298745088/htdocs/wp-includes HTTP/1.1" 200 12793 aimdigital.com.au "-" "meta-externalagent/1.1 (+https://developers.facebook.com/docs/sharing/webmasters/crawler)" "-"
128.90.0.0 - - [30/Mar/2026:01:03:51 -0400] "GET /wp-content/plugins/kpbwd/ok.php HTTP/1.1" 403 239 aimdigital.com.au "https://pl8865domm.s3.amazonaws.com/" "Mozilla/5.0 (iPhone; CPU iPhone OS 17_0 like Mac OS X) AppleWebKit/605.1.15 (KHTML, like Gecko) Version/17.0 Mobile/15E148 Safari/604.1" "-"
128.90.0.0 - - [30/Mar/2026:01:03:52 -0400] "GET /favicon.ico HTTP/1.1" 200 75488 aimdigital.com.au "https://aimdigital.com.au/wp-content/plugins/kpbwd/ok.php" "Mozilla/5.0 (iPhone; CPU iPhone OS 17_0 like Mac OS X) AppleWebKit/605.1.15 (KHTML, like Gecko) Version/17.0 Mobile/15E148 Safari/604.1" "-"
2a03:2880:f800:: - - [30/Mar/2026:01:03:53 -0400] "GET /goodscode/4051435632?fileloc=/homepages/21/d4298745088/htdocs/wp-includes/class-wp-tax-query.php&path=/homepages/21/d4298745088/htdocs/wp-includes HTTP/1.1" 200 34706 aimdigital.com.au "-" "meta-externalagent/1.1 (+https://developers.facebook.com/docs/sharing/webmasters/crawler)" "-"
185.18.222.0 - - [30/Mar/2026:01:03:57 -0400] "GET /wp-content/plugins/kpbwd/ok.php HTTP/1.1" 403 239 aimdigital.com.au "https://pl8865domm.s3.amazonaws.com/" "Mozilla/5.0 (iPhone; CPU iPhone OS 17_0 like Mac OS X) AppleWebKit/605.1.15 (KHTML, like Gecko) Version/17.0 Mobile/15E148 Safari/604.1" "-"
185.18.222.0 - - [30/Mar/2026:01:03:57 -0400] "GET /favicon.ico HTTP/1.1" 200 75488 aimdigital.com.au "https://aimdigital.com.au/wp-content/plugins/kpbwd/ok.php" "Mozilla/5.0 (iPhone; CPU iPhone OS 17_0 like Mac OS X) AppleWebKit/605.1.15 (KHTML, like Gecko) Version/17.0 Mobile/15E148 Safari/604.1" "-"
138.199.39.0 - - [30/Mar/2026:01:03:58 -0400] "GET /wp-content/plugins/kpbwd/ok.php HTTP/1.1" 403 239 aimdigital.com.au "https://pl8865domm.s3.amazonaws.com/" "Mozilla/5.0 (iPhone; CPU iPhone OS 17_0 like Mac OS X) AppleWebKit/605.1.15 (KHTML, like Gecko) Version/17.0 Mobile/15E148 Safari/604.1" "-"
74.7.227.0 - - [30/Mar/2026:01:03:58 -0400] "GET /favicon.ico?fileloc=//proc/net/ip6_tables_matches&path=//proc/net HTTP/1.1" 200 12256 aimdigital.com.au "https://aimdigital.com.au/favicon.ico?path=//proc/net" "Mozilla/5.0 AppleWebKit/537.36 (KHTML, like Gecko; compatible; GPTBot/1.3; +https://openai.com/gptbot)" "-"
138.199.39.0 - - [30/Mar/2026:01:03:59 -0400] "GET /favicon.ico HTTP/1.1" 200 75488 aimdigital.com.au "https://aimdigital.com.au/wp-content/plugins/kpbwd/ok.php" "Mozilla/5.0 (iPhone; CPU iPhone OS 17_0 like Mac OS X) AppleWebKit/605.1.15 (KHTML, like Gecko) Version/17.0 Mobile/15E148 Safari/604.1" "-"
2a03:2880:f800:: - - [30/Mar/2026:01:03:59 -0400] "GET /goodscode/4051435632?fileloc=/homepages/21/d4298745088/htdocs/wp-includes/class-json.php&path=/homepages/21/d4298745088/htdocs/wp-includes HTTP/1.1" 200 59295 aimdigital.com.au "-" "meta-externalagent/1.1 (+https://developers.facebook.com/docs/sharing/webmasters/crawler)" "-"
140.235.164.0 - - [30/Mar/2026:01:04:00 -0400] "GET /wp-content/plugins/kpbwd/ok.php HTTP/1.1" 403 239 aimdigital.com.au "https://pl8865domm.s3.amazonaws.com/" "Mozilla/5.0 (iPhone; CPU iPhone OS 17_0 like Mac OS X) AppleWebKit/605.1.15 (KHTML, like Gecko) Version/17.0 Mobile/15E148 Safari/604.1" "-"
140.235.164.0 - - [30/Mar/2026:01:04:01 -0400] "GET /favicon.ico HTTP/1.1" 200 75488 aimdigital.com.au "https://aimdigital.com.au/wp-content/plugins/kpbwd/ok.php" "Mozilla/5.0 (iPhone; CPU iPhone OS 17_0 like Mac OS X) AppleWebKit/605.1.15 (KHTML, like Gecko) Version/17.0 Mobile/15E148 Safari/604.1" "-"
23.80.89.0 - - [30/Mar/2026:01:04:04 -0400] "GET /wp-content/plugins/kpbwd/ok.php HTTP/1.1" 403 239 aimdigital.com.au "https://platinumdomglobal.s3.amazonaws.com/" "Mozilla/5.0 (Linux; Android 10; K) AppleWebKit/537.36 (KHTML, like Gecko) Chrome/131.0.0.0 Mobile Safari/537.36" "-"
57.129.137.0 - - [30/Mar/2026:01:04:05 -0400] "GET /wp-content/plugins/kpbwd/ok.php HTTP/1.1" 403 239 aimdigital.com.au "https://platinumdomglobal.s3.amazonaws.com/" "Mozilla/5.0 (Linux; Android 10; K) AppleWebKit/537.36 (KHTML, like Gecko) Chrome/131.0.0.0 Mobile Safari/537.36" "-"
23.80.89.0 - - [30/Mar/2026:01:04:05 -0400] "GET /favicon.ico HTTP/1.1" 200 75488 aimdigital.com.au "https://aimdigital.com.au/wp-content/plugins/kpbwd/ok.php" "Mozilla/5.0 (Linux; Android 10; K) AppleWebKit/537.36 (KHTML, like Gecko) Chrome/131.0.0.0 Mobile Safari/537.36" "-"
57.129.137.0 - - [30/Mar/2026:01:04:05 -0400] "GET /favicon.ico HTTP/1.1" 200 75488 aimdigital.com.au "https://aimdigital.com.au/wp-content/plugins/kpbwd/ok.php" "Mozilla/5.0 (Linux; Android 10; K) AppleWebKit/537.36 (KHTML, like Gecko) Chrome/131.0.0.0 Mobile Safari/537.36" "-"
2a03:2880:f800:: - - [30/Mar/2026:01:04:05 -0400] "GET /goodscode/4051435632?fileloc=/homepages/21/d4298745088/htdocs/wp-includes/class-wp-recovery-mode-cookie-service.php&path=/homepages/21/d4298745088/htdocs/wp-includes HTTP/1.1" 200 19794 aimdigital.com.au "-" "meta-externalagent/1.1 (+https://developers.facebook.com/docs/sharing/webmasters/crawler)" "-"
185.18.222.0 - - [30/Mar/2026:01:04:06 -0400] "GET /wp-content/plugins/kpbwd/ok.php HTTP/1.1" 403 239 aimdigital.com.au "https://platinumdomglobal.s3.amazonaws.com/" "Mozilla/5.0 (Linux; Android 10; K) AppleWebKit/537.36 (KHTML, like Gecko) Chrome/131.0.0.0 Mobile Safari/537.36" "-"
185.18.222.0 - - [30/Mar/2026:01:04:06 -0400] "GET /favicon.ico HTTP/1.1" 200 75488 aimdigital.com.au "https://aimdigital.com.au/wp-content/plugins/kpbwd/ok.php" "Mozilla/5.0 (Linux; Android 10; K) AppleWebKit/537.36 (KHTML, like Gecko) Chrome/131.0.0.0 Mobile Safari/537.36" "-"
66.249.69.0 - - [30/Mar/2026:01:04:07 -0400] "GET /goodscode/2427711257 HTTP/1.1" 200 390746 aimdigital.com.au "-" "Mozilla/5.0 (Linux; Android 6.0.1; Nexus 5X Build/MMB29P) AppleWebKit/537.36 (KHTML, like Gecko) Chrome/146.0.7680.153 Mobile Safari/537.36 (compatible; GoogleOther)" "-"
134.199.132.0 - - [30/Mar/2026:01:04:07 -0400] "GET /wp-content/plugins/kpbwd/ok.php HTTP/1.1" 403 239 aimdigital.com.au "https://platinumdomglobal.s3.amazonaws.com/" "Mozilla/5.0 (Linux; Android 10; K) AppleWebKit/537.36 (KHTML, like Gecko) Chrome/131.0.0.0 Mobile Safari/537.36" "-"
134.199.132.0 - - [30/Mar/2026:01:04:07 -0400] "GET /favicon.ico HTTP/1.1" 200 75488 aimdigital.com.au "https://aimdigital.com.au/wp-content/plugins/kpbwd/ok.php" "Mozilla/5.0 (Linux; Android 10; K) AppleWebKit/537.36 (KHTML, like Gecko) Chrome/131.0.0.0 Mobile Safari/537.36" "-"
43.159.152.0 - - [30/Mar/2026:01:04:08 -0400] "GET /?path=/homepages/21/d4298745088/htdocs/.tmb HTTP/1.1" 200 12834 www.aimdigital.com.au "-" "Mozilla/5.0 (iPhone; CPU iPhone OS 13_2_3 like Mac OS X) AppleWebKit/605.1.15 (KHTML, like Gecko) Version/13.0.3 Mobile/15E148 Safari/604.1" "-"
2a03:2880:f800:: - - [30/Mar/2026:01:04:11 -0400] "GET /goodscode/4051435632?fileloc=/homepages/21/d4298745088/htdocs/wp-includes/post-thumbnail-template.php&path=/homepages/21/d4298745088/htdocs/wp-includes HTTP/1.1" 200 23783 aimdigital.com.au "-" "meta-externalagent/1.1 (+https://developers.facebook.com/docs/sharing/webmasters/crawler)" "-"
2a03:2880:f800:: - - [30/Mar/2026:01:04:15 -0400] "GET /goodscode/4051435632?fileloc=/homepages/21/d4298745088/htdocs/wp-includes/block-i18n.json&path=/homepages/21/d4298745088/htdocs/wp-includes HTTP/1.1" 200 12969 aimdigital.com.au "-" "meta-externalagent/1.1 (+https://developers.facebook.com/docs/sharing/webmasters/crawler)" "-"
74.7.227.0 - - [30/Mar/2026:01:04:20 -0400] "GET /favicon.ico?fileloc=//proc/net/icmp6&path=//proc/net HTTP/1.1" 200 12243 aimdigital.com.au "https://aimdigital.com.au/favicon.ico?path=//proc/net" "Mozilla/5.0 AppleWebKit/537.36 (KHTML, like Gecko; compatible; GPTBot/1.3; +https://openai.com/gptbot)" "-"
2a03:2880:f800:: - - [30/Mar/2026:01:04:21 -0400] "GET /goodscode/4051435632?fileloc=/homepages/21/d4298745088/htdocs/wp-includes/class-wp-post.php&path=/homepages/21/d4298745088/htdocs/wp-includes HTTP/1.1" 200 19603 aimdigital.com.au "-" "meta-externalagent/1.1 (+https://developers.facebook.com/docs/sharing/webmasters/crawler)" "-"
2a03:2880:f800:: - - [30/Mar/2026:01:04:26 -0400] "GET /goodscode/4051435632?fileloc=/homepages/21/d4298745088/htdocs/wp-includes/error-protection.php&path=/homepages/21/d4298745088/htdocs/wp-includes HTTP/1.1" 200 16998 aimdigital.com.au "-" "meta-externalagent/1.1 (+https://developers.facebook.com/docs/sharing/webmasters/crawler)" "-"
2a03:2880:f800:: - - [30/Mar/2026:01:04:30 -0400] "GET /goodscode/4051435632?fileloc=/homepages/21/d4298745088/htdocs/wp-includes/feed.php&path=/homepages/21/d4298745088/htdocs/wp-includes HTTP/1.1" 429 267 aimdigital.com.au "-" "meta-externalagent/1.1 (+https://developers.facebook.com/docs/sharing/webmasters/crawler)" "-"
66.249.69.0 - - [30/Mar/2026:01:04:33 -0400] "GET /goodscode/3805928875 HTTP/1.1" 200 370718 aimdigital.com.au "-" "Mozilla/5.0 (Linux; Android 6.0.1; Nexus 5X Build/MMB29P) AppleWebKit/537.36 (KHTML, like Gecko) Chrome/146.0.7680.153 Mobile Safari/537.36 (compatible; GoogleOther)" "-"
2a03:2880:f800:: - - [30/Mar/2026:01:04:34 -0400] "GET /goodscode/4051435632?fileloc=/homepages/21/d4298745088/htdocs/wp-includes/class-wp-textdomain-registry.php&path=/homepages/21/d4298745088/htdocs/wp-includes HTTP/1.1" 429 267 aimdigital.com.au "-" "meta-externalagent/1.1 (+https://developers.facebook.com/docs/sharing/webmasters/crawler)" "-"
2a03:2880:f800:: - - [30/Mar/2026:01:04:35 -0400] "GET /goodscode/4051435632?fileloc=/homepages/21/d4298745088/htdocs/wp-includes/bookmark-template.php&path=/homepages/21/d4298745088/htdocs/wp-includes HTTP/1.1" 429 267 aimdigital.com.au "-" "meta-externalagent/1.1 (+https://developers.facebook.com/docs/sharing/webmasters/crawler)" "-"
2a03:2880:f800:: - - [30/Mar/2026:01:04:39 -0400] "GET /goodscode/4051435632?fileloc=/homepages/21/d4298745088/htdocs/wp-includes/date.php&path=/homepages/21/d4298745088/htdocs/wp-includes HTTP/1.1" 429 267 aimdigital.com.au "-" "meta-externalagent/1.1 (+https://developers.facebook.com/docs/sharing/webmasters/crawler)" "-"
74.7.227.0 - - [30/Mar/2026:01:04:39 -0400] "GET /favicon.ico?fileloc=//proc/net/igmp6&path=//proc/net HTTP/1.1" 200 12243 aimdigital.com.au "https://aimdigital.com.au/favicon.ico?path=//proc/net" "Mozilla/5.0 AppleWebKit/537.36 (KHTML, like Gecko; compatible; GPTBot/1.3; +https://openai.com/gptbot)" "-"
2a03:2880:f800:: - - [30/Mar/2026:01:04:41 -0400] "GET /goodscode/4051435632?fileloc=/homepages/21/d4298745088/htdocs/wp-includes/pluggable-deprecated.php&path=/homepages/21/d4298745088/htdocs/wp-includes HTTP/1.1" 429 267 aimdigital.com.au "-" "meta-externalagent/1.1 (+https://developers.facebook.com/docs/sharing/webmasters/crawler)" "-"
2a03:2880:f800:: - - [30/Mar/2026:01:04:41 -0400] "GET /goodscode/4051435632?fileloc=/homepages/21/d4298745088/htdocs/wp-includes/spl-autoload-compat.php&path=/homepages/21/d4298745088/htdocs/wp-includes HTTP/1.1" 429 267 aimdigital.com.au "-" "meta-externalagent/1.1 (+https://developers.facebook.com/docs/sharing/webmasters/crawler)" "-"
2a03:2880:f800:: - - [30/Mar/2026:01:04:48 -0400] "GET /goodscode/4051435632?path=/homepages/21/d4298745088/htdocs/wp-includes/certificates HTTP/1.1" 429 267 aimdigital.com.au "-" "meta-externalagent/1.1 (+https://developers.facebook.com/docs/sharing/webmasters/crawler)" "-"
128.90.0.0 - - [30/Mar/2026:01:04:49 -0400] "GET /wp-content/plugins/kpbwd/ok.php HTTP/1.1" 403 239 aimdigital.com.au "https://pl8865domm.s3.amazonaws.com/" "Mozilla/5.0 (Linux; Android 10; K) AppleWebKit/537.36 (KHTML, like Gecko) Chrome/138.0.0.0 Mobile Safari/537.36" "-"
185.18.222.0 - - [30/Mar/2026:01:04:49 -0400] "GET /wp-content/plugins/kpbwd/ok.php HTTP/1.1" 403 239 aimdigital.com.au "https://pl8865domm.s3.amazonaws.com/" "Mozilla/5.0 (Linux; Android 10; K) AppleWebKit/537.36 (KHTML, like Gecko) Chrome/138.0.0.0 Mobile Safari/537.36" "-"
185.18.222.0 - - [30/Mar/2026:01:04:49 -0400] "GET /favicon.ico HTTP/1.1" 200 75488 aimdigital.com.au "https://aimdigital.com.au/wp-content/plugins/kpbwd/ok.php" "Mozilla/5.0 (Linux; Android 10; K) AppleWebKit/537.36 (KHTML, like Gecko) Chrome/138.0.0.0 Mobile Safari/537.36" "-"
45.250.255.0 - - [30/Mar/2026:01:04:50 -0400] "GET /wp-content/plugins/kpbwd/ok.php HTTP/1.1" 403 239 aimdigital.com.au "https://pl8865domm.s3.amazonaws.com/" "Mozilla/5.0 (Linux; Android 10; K) AppleWebKit/537.36 (KHTML, like Gecko) Chrome/138.0.0.0 Mobile Safari/537.36" "-"
128.90.0.0 - - [30/Mar/2026:01:04:50 -0400] "GET /favicon.ico HTTP/1.1" 200 75488 aimdigital.com.au "https://aimdigital.com.au/wp-content/plugins/kpbwd/ok.php" "Mozilla/5.0 (Linux; Android 10; K) AppleWebKit/537.36 (KHTML, like Gecko) Chrome/138.0.0.0 Mobile Safari/537.36" "-"
2a03:2880:f800:: - - [30/Mar/2026:01:04:50 -0400] "GET /goodscode/4051435632?fileloc=/homepages/21/d4298745088/htdocs/wp-includes/utf8.php&path=/homepages/21/d4298745088/htdocs/wp-includes HTTP/1.1" 429 267 aimdigital.com.au "-" "meta-externalagent/1.1 (+https://developers.facebook.com/docs/sharing/webmasters/crawler)" "-"
138.199.39.0 - - [30/Mar/2026:01:04:50 -0400] "GET /wp-content/plugins/kpbwd/ok.php HTTP/1.1" 403 239 aimdigital.com.au "https://pl8865domm.s3.amazonaws.com/" "Mozilla/5.0 (Linux; Android 10; K) AppleWebKit/537.36 (KHTML, like Gecko) Chrome/138.0.0.0 Mobile Safari/537.36" "-"
2a03:2880:f800:: - - [30/Mar/2026:01:04:51 -0400] "GET /goodscode/4051435632?fileloc=/homepages/21/d4298745088/htdocs/wp-includes/wp-db.php&path=/homepages/21/d4298745088/htdocs/wp-includes HTTP/1.1" 429 267 aimdigital.com.au "-" "meta-externalagent/1.1 (+https://developers.facebook.com/docs/sharing/webmasters/crawler)" "-"
45.250.255.0 - - [30/Mar/2026:01:04:51 -0400] "GET /favicon.ico HTTP/1.1" 200 75488 aimdigital.com.au "https://aimdigital.com.au/wp-content/plugins/kpbwd/ok.php" "Mozilla/5.0 (Linux; Android 10; K) AppleWebKit/537.36 (KHTML, like Gecko) Chrome/138.0.0.0 Mobile Safari/537.36" "-"
138.199.39.0 - - [30/Mar/2026:01:04:51 -0400] "GET /favicon.ico HTTP/1.1" 200 75488 aimdigital.com.au "https://aimdigital.com.au/wp-content/plugins/kpbwd/ok.php" "Mozilla/5.0 (Linux; Android 10; K) AppleWebKit/537.36 (KHTML, like Gecko) Chrome/138.0.0.0 Mobile Safari/537.36" "-"
74.7.227.0 - - [30/Mar/2026:01:04:56 -0400] "GET /favicon.ico?fileloc=//proc/net/snmp6&path=//proc/net HTTP/1.1" 200 12243 aimdigital.com.au "https://aimdigital.com.au/favicon.ico?path=//proc/net" "Mozilla/5.0 AppleWebKit/537.36 (KHTML, like Gecko; compatible; GPTBot/1.3; +https://openai.com/gptbot)" "-"
66.249.69.0 - - [30/Mar/2026:01:04:59 -0400] "GET /goodscode/2099713218 HTTP/1.1" 200 383688 aimdigital.com.au "-" "Mozilla/5.0 (Linux; Android 6.0.1; Nexus 5X Build/MMB29P) AppleWebKit/537.36 (KHTML, like Gecko) Chrome/146.0.7680.153 Mobile Safari/537.36 (compatible; GoogleOther)" "-"
2a03:2880:f800:: - - [30/Mar/2026:01:05:00 -0400] "GET /goodscode/4051435632?fileloc=/homepages/21/d4298745088/htdocs/wp-includes/class-http.php&path=/homepages/21/d4298745088/htdocs/wp-includes HTTP/1.1" 429 267 aimdigital.com.au "-" "meta-externalagent/1.1 (+https://developers.facebook.com/docs/sharing/webmasters/crawler)" "-"
2a03:2880:f800:: - - [30/Mar/2026:01:05:02 -0400] "GET /goodscode/4051435632?fileloc=/homepages/21/d4298745088/htdocs/wp-includes/class-avif-info.php&path=/homepages/21/d4298745088/htdocs/wp-includes HTTP/1.1" 429 267 aimdigital.com.au "-" "meta-externalagent/1.1 (+https://developers.facebook.com/docs/sharing/webmasters/crawler)" "-"
2a03:2880:f800:: - - [30/Mar/2026:01:05:03 -0400] "GET /goodscode/4051435632?fileloc=/homepages/21/d4298745088/htdocs/wp-includes/ms-default-filters.php&path=/homepages/21/d4298745088/htdocs/wp-includes HTTP/1.1" 429 267 aimdigital.com.au "-" "meta-externalagent/1.1 (+https://developers.facebook.com/docs/sharing/webmasters/crawler)" "-"
2a03:2880:f800:: - - [30/Mar/2026:01:05:05 -0400] "GET /goodscode/4051435632?fileloc=/homepages/21/d4298745088/htdocs/wp-includes/class-wp-metadata-lazyloader.php&path=/homepages/21/d4298745088/htdocs/wp-includes HTTP/1.1" 429 267 aimdigital.com.au "-" "meta-externalagent/1.1 (+https://developers.facebook.com/docs/sharing/webmasters/crawler)" "-"
2a03:2880:f800:: - - [30/Mar/2026:01:05:06 -0400] "GET /goodscode/4051435632?path=/homepages/21/d4298745088/htdocs/wp-includes/rest-api HTTP/1.1" 429 267 aimdigital.com.au "-" "meta-externalagent/1.1 (+https://developers.facebook.com/docs/sharing/webmasters/crawler)" "-"
2a03:2880:f800:: - - [30/Mar/2026:01:05:08 -0400] "GET /goodscode/4051435632?fileloc=/homepages/21/d4298745088/htdocs/wp-includes/class-wp-text-diff-renderer-inline.php&path=/homepages/21/d4298745088/htdocs/wp-includes HTTP/1.1" 429 267 aimdigital.com.au "-" "meta-externalagent/1.1 (+https://developers.facebook.com/docs/sharing/webmasters/crawler)" "-"
2a03:2880:f800:: - - [30/Mar/2026:01:05:10 -0400] "GET /goodscode/4051435632?fileloc=/homepages/21/d4298745088/htdocs/wp-includes/class-wp-theme.php&path=/homepages/21/d4298745088/htdocs/wp-includes HTTP/1.1" 429 267 aimdigital.com.au "-" "meta-externalagent/1.1 (+https://developers.facebook.com/docs/sharing/webmasters/crawler)" "-"
209.38.113.0 - - [30/Mar/2026:01:05:11 -0400] "GET /wp-content/plugins/kpbwd/ok.php HTTP/1.1" 403 239 aimdigital.com.au "https://platinumdomglobal.s3.amazonaws.com/" "Mozilla/5.0 (Linux; Android 10; K) AppleWebKit/537.36 (KHTML, like Gecko) Chrome/145.0.0.0 Mobile Safari/537.36" "-"
209.38.171.0 - - [30/Mar/2026:01:05:11 -0400] "GET /wp-content/plugins/kpbwd/ok.php HTTP/1.1" 403 239 aimdigital.com.au "https://platinumdomglobal.s3.amazonaws.com/" "Mozilla/5.0 (Linux; Android 10; K) AppleWebKit/537.36 (KHTML, like Gecko) Chrome/145.0.0.0 Mobile Safari/537.36" "-"
209.38.113.0 - - [30/Mar/2026:01:05:11 -0400] "GET /favicon.ico HTTP/1.1" 200 75488 aimdigital.com.au "https://aimdigital.com.au/wp-content/plugins/kpbwd/ok.php" "Mozilla/5.0 (Linux; Android 10; K) AppleWebKit/537.36 (KHTML, like Gecko) Chrome/145.0.0.0 Mobile Safari/537.36" "-"
209.38.171.0 - - [30/Mar/2026:01:05:11 -0400] "GET /favicon.ico HTTP/1.1" 200 75488 aimdigital.com.au "https://aimdigital.com.au/wp-content/plugins/kpbwd/ok.php" "Mozilla/5.0 (Linux; Android 10; K) AppleWebKit/537.36 (KHTML, like Gecko) Chrome/145.0.0.0 Mobile Safari/537.36" "-"
2a03:2880:f800:: - - [30/Mar/2026:01:05:12 -0400] "GET /goodscode/4051435632?fileloc=/homepages/21/d4298745088/htdocs/wp-includes/feed-atom-comments.php&path=/homepages/21/d4298745088/htdocs/wp-includes HTTP/1.1" 429 267 aimdigital.com.au "-" "meta-externalagent/1.1 (+https://developers.facebook.com/docs/sharing/webmasters/crawler)" "-"
74.7.227.0 - - [30/Mar/2026:01:05:12 -0400] "GET /favicon.ico?fileloc=//proc/net/udplite&path=//proc/net HTTP/1.1" 200 12245 aimdigital.com.au "https://aimdigital.com.au/favicon.ico?path=//proc/net" "Mozilla/5.0 AppleWebKit/537.36 (KHTML, like Gecko; compatible; GPTBot/1.3; +https://openai.com/gptbot)" "-"
134.199.132.0 - - [30/Mar/2026:01:05:13 -0400] "GET /wp-content/plugins/kpbwd/ok.php HTTP/1.1" 403 239 aimdigital.com.au "https://platinumdomglobal.s3.amazonaws.com/" "Mozilla/5.0 (Linux; Android 10; K) AppleWebKit/537.36 (KHTML, like Gecko) Chrome/145.0.0.0 Mobile Safari/537.36" "-"
134.199.132.0 - - [30/Mar/2026:01:05:13 -0400] "GET /favicon.ico HTTP/1.1" 200 75488 aimdigital.com.au "https://aimdigital.com.au/wp-content/plugins/kpbwd/ok.php" "Mozilla/5.0 (Linux; Android 10; K) AppleWebKit/537.36 (KHTML, like Gecko) Chrome/145.0.0.0 Mobile Safari/537.36" "-"
2a03:2880:f800:: - - [30/Mar/2026:01:05:15 -0400] "GET /goodscode/4051435632?fileloc=/homepages/21/d4298745088/htdocs/wp-includes/robots-template.php&path=/homepages/21/d4298745088/htdocs/wp-includes HTTP/1.1" 429 267 aimdigital.com.au "-" "meta-externalagent/1.1 (+https://developers.facebook.com/docs/sharing/webmasters/crawler)" "-"
2a03:2880:f800:: - - [30/Mar/2026:01:05:17 -0400] "GET /goodscode/4051435632?fileloc=/homepages/21/d4298745088/htdocs/wp-includes/locale.php&path=/homepages/21/d4298745088/htdocs/wp-includes HTTP/1.1" 429 267 aimdigital.com.au "-" "meta-externalagent/1.1 (+https://developers.facebook.com/docs/sharing/webmasters/crawler)" "-"
45.250.255.0 - - [30/Mar/2026:01:05:18 -0400] "GET /wp-content/plugins/kpbwd/ok.php HTTP/1.1" 403 239 aimdigital.com.au "https://platinumdomglobal.s3.amazonaws.com/" "Mozilla/5.0 (Linux; Android 10; K) AppleWebKit/537.36 (KHTML, like Gecko) Chrome/145.0.0.0 Mobile Safari/537.36" "-"
45.250.255.0 - - [30/Mar/2026:01:05:19 -0400] "GET /favicon.ico HTTP/1.1" 200 75488 aimdigital.com.au "https://aimdigital.com.au/wp-content/plugins/kpbwd/ok.php" "Mozilla/5.0 (Linux; Android 10; K) AppleWebKit/537.36 (KHTML, like Gecko) Chrome/145.0.0.0 Mobile Safari/537.36" "-"
2a03:2880:f800:: - - [30/Mar/2026:01:05:20 -0400] "GET /goodscode/4051435632?path=/homepages/21/d4298745088/htdocs/wp-includes/PHPMailer HTTP/1.1" 429 267 aimdigital.com.au "-" "meta-externalagent/1.1 (+https://developers.facebook.com/docs/sharing/webmasters/crawler)" "-"
2a03:2880:f800:: - - [30/Mar/2026:01:05:23 -0400] "GET /goodscode/4051435632?fileloc=/homepages/21/d4298745088/htdocs/wp-includes/script-loader.php&path=/homepages/21/d4298745088/htdocs/wp-includes HTTP/1.1" 429 267 aimdigital.com.au "-" "meta-externalagent/1.1 (+https://developers.facebook.com/docs/sharing/webmasters/crawler)" "-"
66.249.69.0 - - [30/Mar/2026:01:05:26 -0400] "GET /goodscode/1069568340 HTTP/1.1" 200 379684 aimdigital.com.au "-" "Mozilla/5.0 (Linux; Android 6.0.1; Nexus 5X Build/MMB29P) AppleWebKit/537.36 (KHTML, like Gecko) Chrome/146.0.7680.153 Mobile Safari/537.36 (compatible; GoogleOther)" "-"
2a03:2880:f800:: - - [30/Mar/2026:01:05:26 -0400] "GET /goodscode/4051435632?fileloc=/homepages/21/d4298745088/htdocs/wp-includes/registration.php&path=/homepages/21/d4298745088/htdocs/wp-includes HTTP/1.1" 429 267 aimdigital.com.au "-" "meta-externalagent/1.1 (+https://developers.facebook.com/docs/sharing/webmasters/crawler)" "-"
74.7.227.0 - - [30/Mar/2026:01:05:26 -0400] "GET /favicon.ico?fileloc=//proc/net/netstat&path=//proc/net HTTP/1.1" 200 12245 aimdigital.com.au "https://aimdigital.com.au/favicon.ico?path=//proc/net" "Mozilla/5.0 AppleWebKit/537.36 (KHTML, like Gecko; compatible; GPTBot/1.3; +https://openai.com/gptbot)" "-"
2a03:2880:f800:: - - [30/Mar/2026:01:05:30 -0400] "GET /goodscode/4051435632?fileloc=/homepages/21/d4298745088/htdocs/wp-includes/class-wp-theme-json-resolver.php&path=/homepages/21/d4298745088/htdocs/wp-includes HTTP/1.1" 200 51273 aimdigital.com.au "-" "meta-externalagent/1.1 (+https://developers.facebook.com/docs/sharing/webmasters/crawler)" "-"
2a03:2880:f800:: - - [30/Mar/2026:01:05:35 -0400] "GET /goodscode/4051435632?fileloc=/homepages/21/d4298745088/htdocs/wp-includes/block-template-utils.php&path=/homepages/21/d4298745088/htdocs/wp-includes HTTP/1.1" 200 82205 aimdigital.com.au "-" "meta-externalagent/1.1 (+https://developers.facebook.com/docs/sharing/webmasters/crawler)" "-"
209.50.227.0 - - [30/Mar/2026:01:05:39 -0400] "GET /wp-content/plugins/kpbwd/ok.php HTTP/1.1" 403 239 aimdigital.com.au "-" "Mozilla/5.0 (Linux; arm_64; Android 15; 23124RA7EO) AppleWebKit/537.36 (KHTML, like Gecko) Chrome/142.0.7444.1035 YaSearchBrowser/25.124.1 BroPP/1.0 YaSearchApp/25.124.1 webOmni Mobile Safari/537.36" "-"
209.50.227.0 - - [30/Mar/2026:01:05:39 -0400] "GET /favicon.ico HTTP/1.1" 200 75488 aimdigital.com.au "https://aimdigital.com.au/wp-content/plugins/kpbwd/ok.php" "Mozilla/5.0 (Linux; arm_64; Android 15; 23124RA7EO) AppleWebKit/537.36 (KHTML, like Gecko) Chrome/142.0.7444.1035 YaSearchBrowser/25.124.1 BroPP/1.0 YaSearchApp/25.124.1 webOmni Mobile Safari/537.36" "-"
74.7.227.0 - - [30/Mar/2026:01:05:39 -0400] "GET /favicon.ico?fileloc=//proc/net/netlink&path=//proc/net HTTP/1.1" 200 12245 aimdigital.com.au "https://aimdigital.com.au/favicon.ico?path=//proc/net" "Mozilla/5.0 AppleWebKit/537.36 (KHTML, like Gecko; compatible; GPTBot/1.3; +https://openai.com/gptbot)" "-"
57.131.13.0 - - [30/Mar/2026:01:05:40 -0400] "GET /wp-content/plugins/kpbwd/ok.php HTTP/1.1" 403 239 aimdigital.com.au "-" "Mozilla/5.0 (Linux; arm_64; Android 15; 23124RA7EO) AppleWebKit/537.36 (KHTML, like Gecko) Chrome/142.0.7444.1035 YaSearchBrowser/25.124.1 BroPP/1.0 YaSearchApp/25.124.1 webOmni Mobile Safari/537.36" "-"
57.131.13.0 - - [30/Mar/2026:01:05:40 -0400] "GET /favicon.ico HTTP/1.1" 200 75488 aimdigital.com.au "https://aimdigital.com.au/wp-content/plugins/kpbwd/ok.php" "Mozilla/5.0 (Linux; arm_64; Android 15; 23124RA7EO) AppleWebKit/537.36 (KHTML, like Gecko) Chrome/142.0.7444.1035 YaSearchBrowser/25.124.1 BroPP/1.0 YaSearchApp/25.124.1 webOmni Mobile Safari/537.36" "-"
106.161.65.0 - - [30/Mar/2026:01:05:43 -0400] "GET /wp-content/plugins/kpbwd/ok.php HTTP/1.1" 403 239 aimdigital.com.au "-" "Mozilla/5.0 (Linux; arm_64; Android 15; 23124RA7EO) AppleWebKit/537.36 (KHTML, like Gecko) Chrome/142.0.7444.1035 YaSearchBrowser/25.124.1 BroPP/1.0 YaSearchApp/25.124.1 webOmni Mobile Safari/537.36" "-"
106.161.65.0 - - [30/Mar/2026:01:05:44 -0400] "GET /favicon.ico HTTP/1.1" 200 75488 aimdigital.com.au "https://aimdigital.com.au/wp-content/plugins/kpbwd/ok.php" "Mozilla/5.0 (Linux; arm_64; Android 15; 23124RA7EO) AppleWebKit/537.36 (KHTML, like Gecko) Chrome/142.0.7444.1035 YaSearchBrowser/25.124.1 BroPP/1.0 YaSearchApp/25.124.1 webOmni Mobile Safari/537.36" "-"
68.183.245.0 - - [30/Mar/2026:01:05:46 -0400] "GET /wp-content/plugins/kpbwd/ok.php HTTP/1.1" 403 239 aimdigital.com.au "-" "Mozilla/5.0 (Linux; arm_64; Android 15; 23124RA7EO) AppleWebKit/537.36 (KHTML, like Gecko) Chrome/142.0.7444.1035 YaSearchBrowser/25.124.1 BroPP/1.0 YaSearchApp/25.124.1 webOmni Mobile Safari/537.36" "-"
68.183.245.0 - - [30/Mar/2026:01:05:46 -0400] "GET /favicon.ico HTTP/1.1" 200 75488 aimdigital.com.au "https://aimdigital.com.au/wp-content/plugins/kpbwd/ok.php" "Mozilla/5.0 (Linux; arm_64; Android 15; 23124RA7EO) AppleWebKit/537.36 (KHTML, like Gecko) Chrome/142.0.7444.1035 YaSearchBrowser/25.124.1 BroPP/1.0 YaSearchApp/25.124.1 webOmni Mobile Safari/537.36" "-"
74.7.227.0 - - [30/Mar/2026:01:05:51 -0400] "GET /favicon.ico?fileloc=//proc/net/ip_tables_names&path=//proc/net HTTP/1.1" 200 12253 aimdigital.com.au "https://aimdigital.com.au/favicon.ico?path=//proc/net" "Mozilla/5.0 AppleWebKit/537.36 (KHTML, like Gecko; compatible; GPTBot/1.3; +https://openai.com/gptbot)" "-"
66.249.69.0 - - [30/Mar/2026:01:05:52 -0400] "GET /goodscode/635038292 HTTP/1.1" 200 385389 aimdigital.com.au "-" "Mozilla/5.0 (Linux; Android 6.0.1; Nexus 5X Build/MMB29P) AppleWebKit/537.36 (KHTML, like Gecko) Chrome/146.0.7680.153 Mobile Safari/537.36 (compatible; GoogleOther)" "-"
146.190.185.0 - - [30/Mar/2026:01:05:53 -0400] "GET /wp-content/plugins/kpbwd/ok.php HTTP/1.1" 403 239 aimdigital.com.au "https://pl8865domm.s3.amazonaws.com/" "Mozilla/5.0 (iPhone; CPU iPhone OS 16_0 like Mac OS X) AppleWebKit/605.1.15 (KHTML, like Gecko) Version/26.0 Mobile/15E148 Safari/604.1" "-"
146.190.185.0 - - [30/Mar/2026:01:05:53 -0400] "GET /favicon.ico HTTP/1.1" 200 75488 aimdigital.com.au "https://aimdigital.com.au/wp-content/plugins/kpbwd/ok.php" "Mozilla/5.0 (iPhone; CPU iPhone OS 16_0 like Mac OS X) AppleWebKit/605.1.15 (KHTML, like Gecko) Version/26.0 Mobile/15E148 Safari/604.1" "-"
138.199.39.0 - - [30/Mar/2026:01:05:55 -0400] "GET /wp-content/plugins/kpbwd/ok.php HTTP/1.1" 403 239 aimdigital.com.au "https://pl8865domm.s3.amazonaws.com/" "Mozilla/5.0 (iPhone; CPU iPhone OS 16_0 like Mac OS X) AppleWebKit/605.1.15 (KHTML, like Gecko) Version/26.0 Mobile/15E148 Safari/604.1" "-"
141.227.139.0 - - [30/Mar/2026:01:05:55 -0400] "GET /wp-content/plugins/kpbwd/ok.php HTTP/1.1" 403 239 aimdigital.com.au "https://pl8865domm.s3.amazonaws.com/" "Mozilla/5.0 (iPhone; CPU iPhone OS 16_0 like Mac OS X) AppleWebKit/605.1.15 (KHTML, like Gecko) Version/26.0 Mobile/15E148 Safari/604.1" "-"
141.227.139.0 - - [30/Mar/2026:01:05:55 -0400] "GET /favicon.ico HTTP/1.1" 200 75488 aimdigital.com.au "https://aimdigital.com.au/wp-content/plugins/kpbwd/ok.php" "Mozilla/5.0 (iPhone; CPU iPhone OS 16_0 like Mac OS X) AppleWebKit/605.1.15 (KHTML, like Gecko) Version/26.0 Mobile/15E148 Safari/604.1" "-"
145.239.81.0 - - [30/Mar/2026:01:05:55 -0400] "GET /wp-content/plugins/kpbwd/ok.php HTTP/1.1" 403 239 aimdigital.com.au "https://pl8865domm.s3.amazonaws.com/" "Mozilla/5.0 (Linux; Android 10; K) AppleWebKit/537.36 (KHTML, like Gecko) Chrome/142.0.0.0 Mobile Safari/537.36" "-"
138.199.39.0 - - [30/Mar/2026:01:05:55 -0400] "GET /favicon.ico HTTP/1.1" 200 75488 aimdigital.com.au "https://aimdigital.com.au/wp-content/plugins/kpbwd/ok.php" "Mozilla/5.0 (iPhone; CPU iPhone OS 16_0 like Mac OS X) AppleWebKit/605.1.15 (KHTML, like Gecko) Version/26.0 Mobile/15E148 Safari/604.1" "-"
145.239.81.0 - - [30/Mar/2026:01:05:56 -0400] "GET /favicon.ico HTTP/1.1" 200 75488 aimdigital.com.au "https://aimdigital.com.au/wp-content/plugins/kpbwd/ok.php" "Mozilla/5.0 (Linux; Android 10; K) AppleWebKit/537.36 (KHTML, like Gecko) Chrome/142.0.0.0 Mobile Safari/537.36" "-"
57.129.137.0 - - [30/Mar/2026:01:05:58 -0400] "GET /wp-content/plugins/kpbwd/ok.php HTTP/1.1" 403 239 aimdigital.com.au "https://pl8865domm.s3.amazonaws.com/" "Mozilla/5.0 (iPhone; CPU iPhone OS 16_0 like Mac OS X) AppleWebKit/605.1.15 (KHTML, like Gecko) Version/26.0 Mobile/15E148 Safari/604.1" "-"
57.129.137.0 - - [30/Mar/2026:01:05:58 -0400] "GET /favicon.ico HTTP/1.1" 200 75488 aimdigital.com.au "https://aimdigital.com.au/wp-content/plugins/kpbwd/ok.php" "Mozilla/5.0 (iPhone; CPU iPhone OS 16_0 like Mac OS X) AppleWebKit/605.1.15 (KHTML, like Gecko) Version/26.0 Mobile/15E148 Safari/604.1" "-"
146.190.203.0 - - [30/Mar/2026:01:06:01 -0400] "GET /wp-content/plugins/kpbwd/ok.php HTTP/1.1" 403 239 aimdigital.com.au "https://pl8865domm.s3.amazonaws.com/" "Mozilla/5.0 (Linux; Android 10; K) AppleWebKit/537.36 (KHTML, like Gecko) Chrome/142.0.0.0 Mobile Safari/537.36" "-"
74.7.227.0 - - [30/Mar/2026:01:06:02 -0400] "GET /favicon.ico?fileloc=//proc/net/dev&path=//proc/net HTTP/1.1" 200 12687 aimdigital.com.au "https://aimdigital.com.au/favicon.ico?path=//proc/net" "Mozilla/5.0 AppleWebKit/537.36 (KHTML, like Gecko; compatible; GPTBot/1.3; +https://openai.com/gptbot)" "-"
146.190.203.0 - - [30/Mar/2026:01:06:02 -0400] "GET /favicon.ico HTTP/1.1" 200 75488 aimdigital.com.au "https://aimdigital.com.au/wp-content/plugins/kpbwd/ok.php" "Mozilla/5.0 (Linux; Android 10; K) AppleWebKit/537.36 (KHTML, like Gecko) Chrome/142.0.0.0 Mobile Safari/537.36" "-"
185.18.222.0 - - [30/Mar/2026:01:06:04 -0400] "GET /wp-content/plugins/kpbwd/ok.php HTTP/1.1" 403 239 aimdigital.com.au "https://pl8865domm.s3.amazonaws.com/" "Mozilla/5.0 (Linux; Android 10; K) AppleWebKit/537.36 (KHTML, like Gecko) Chrome/142.0.0.0 Mobile Safari/537.36" "-"
185.18.222.0 - - [30/Mar/2026:01:06:04 -0400] "GET /favicon.ico HTTP/1.1" 200 75488 aimdigital.com.au "https://aimdigital.com.au/wp-content/plugins/kpbwd/ok.php" "Mozilla/5.0 (Linux; Android 10; K) AppleWebKit/537.36 (KHTML, like Gecko) Chrome/142.0.0.0 Mobile Safari/537.36" "-"
170.64.251.0 - - [30/Mar/2026:01:06:06 -0400] "GET /wp-content/plugins/kpbwd/ok.php HTTP/1.1" 403 239 aimdigital.com.au "https://pl8865domm.s3.amazonaws.com/" "Mozilla/5.0 (Linux; Android 10; K) AppleWebKit/537.36 (KHTML, like Gecko) Chrome/142.0.0.0 Mobile Safari/537.36" "-"
2a03:2880:f800:: - - [30/Mar/2026:01:06:06 -0400] "GET /goodscode/4051435632?fileloc=/homepages/21/d4298745088/htdocs/wp-includes/block-bindings.php&path=/homepages/21/d4298745088/htdocs/wp-includes HTTP/1.1" 200 20558 aimdigital.com.au "-" "meta-externalagent/1.1 (+https://developers.facebook.com/docs/sharing/webmasters/crawler)" "-"
170.64.251.0 - - [30/Mar/2026:01:06:07 -0400] "GET /favicon.ico HTTP/1.1" 200 75488 aimdigital.com.au "https://aimdigital.com.au/wp-content/plugins/kpbwd/ok.php" "Mozilla/5.0 (Linux; Android 10; K) AppleWebKit/537.36 (KHTML, like Gecko) Chrome/142.0.0.0 Mobile Safari/537.36" "-"
74.7.227.0 - - [30/Mar/2026:01:06:11 -0400] "GET /favicon.ico?path=//proc/net/stat HTTP/1.1" 200 12697 aimdigital.com.au "https://aimdigital.com.au/favicon.ico?path=//proc/net" "Mozilla/5.0 AppleWebKit/537.36 (KHTML, like Gecko; compatible; GPTBot/1.3; +https://openai.com/gptbot)" "-"
95.217.190.0 - - [30/Mar/2026:01:06:13 -0400] "GET /wp-content/plugins/kpbwd/ok.php HTTP/1.1" 403 239 aimdigital.com.au "https://pl8865domm.s3.amazonaws.com/" "Mozilla/5.0 (iPhone; CPU iPhone OS 16_0 like Mac OS X) AppleWebKit/605.1.15 (KHTML, like Gecko) Version/26.0 Mobile/15E148 Safari/604.1" "-"
209.50.228.0 - - [30/Mar/2026:01:06:14 -0400] "GET /wp-content/plugins/kpbwd/ok.php HTTP/1.1" 403 239 aimdigital.com.au "https://pl8865domm.s3.amazonaws.com/" "Mozilla/5.0 (iPhone; CPU iPhone OS 16_0 like Mac OS X) AppleWebKit/605.1.15 (KHTML, like Gecko) Version/26.0 Mobile/15E148 Safari/604.1" "-"
95.217.190.0 - - [30/Mar/2026:01:06:14 -0400] "GET /favicon.ico HTTP/1.1" 200 75488 aimdigital.com.au "https://aimdigital.com.au/wp-content/plugins/kpbwd/ok.php" "Mozilla/5.0 (iPhone; CPU iPhone OS 16_0 like Mac OS X) AppleWebKit/605.1.15 (KHTML, like Gecko) Version/26.0 Mobile/15E148 Safari/604.1" "-"
209.50.228.0 - - [30/Mar/2026:01:06:14 -0400] "GET /favicon.ico HTTP/1.1" 200 75488 aimdigital.com.au "https://aimdigital.com.au/wp-content/plugins/kpbwd/ok.php" "Mozilla/5.0 (iPhone; CPU iPhone OS 16_0 like Mac OS X) AppleWebKit/605.1.15 (KHTML, like Gecko) Version/26.0 Mobile/15E148 Safari/604.1" "-"
209.38.113.0 - - [30/Mar/2026:01:06:14 -0400] "GET /wp-content/plugins/kpbwd/ok.php HTTP/1.1" 403 239 aimdigital.com.au "https://pl8865domm.s3.amazonaws.com/" "Mozilla/5.0 (Linux; Android 10; K) AppleWebKit/537.36 (KHTML, like Gecko) Chrome/142.0.0.0 Mobile Safari/537.36" "-"
209.38.113.0 - - [30/Mar/2026:01:06:14 -0400] "GET /favicon.ico HTTP/1.1" 200 75488 aimdigital.com.au "https://aimdigital.com.au/wp-content/plugins/kpbwd/ok.php" "Mozilla/5.0 (Linux; Android 10; K) AppleWebKit/537.36 (KHTML, like Gecko) Chrome/142.0.0.0 Mobile Safari/537.36" "-"
209.50.228.0 - - [30/Mar/2026:01:06:15 -0400] "GET /wp-content/plugins/kpbwd/ok.php HTTP/1.1" 403 239 aimdigital.com.au "https://pl8865domm.s3.amazonaws.com/" "Mozilla/5.0 (Linux; Android 10; K) AppleWebKit/537.36 (KHTML, like Gecko) Chrome/142.0.0.0 Mobile Safari/537.36" "-"
209.50.228.0 - - [30/Mar/2026:01:06:15 -0400] "GET /favicon.ico HTTP/1.1" 200 75488 aimdigital.com.au "https://aimdigital.com.au/wp-content/plugins/kpbwd/ok.php" "Mozilla/5.0 (Linux; Android 10; K) AppleWebKit/537.36 (KHTML, like Gecko) Chrome/142.0.0.0 Mobile Safari/537.36" "-"
23.82.99.0 - - [30/Mar/2026:01:06:16 -0400] "GET /wp-content/plugins/kpbwd/ok.php HTTP/1.1" 403 239 aimdigital.com.au "https://pl8865domm.s3.amazonaws.com/" "Mozilla/5.0 (Linux; Android 10; K) AppleWebKit/537.36 (KHTML, like Gecko) Chrome/142.0.0.0 Mobile Safari/537.36" "-"
57.131.13.0 - - [30/Mar/2026:01:06:17 -0400] "GET /wp-content/plugins/kpbwd/ok.php HTTP/1.1" 403 239 aimdigital.com.au "https://pl8865domm.s3.amazonaws.com/" "Mozilla/5.0 (iPhone; CPU iPhone OS 16_0 like Mac OS X) AppleWebKit/605.1.15 (KHTML, like Gecko) Version/26.0 Mobile/15E148 Safari/604.1" "-"
23.82.99.0 - - [30/Mar/2026:01:06:17 -0400] "GET /favicon.ico HTTP/1.1" 200 75488 aimdigital.com.au "https://aimdigital.com.au/wp-content/plugins/kpbwd/ok.php" "Mozilla/5.0 (Linux; Android 10; K) AppleWebKit/537.36 (KHTML, like Gecko) Chrome/142.0.0.0 Mobile Safari/537.36" "-"
57.131.13.0 - - [30/Mar/2026:01:06:17 -0400] "GET /favicon.ico HTTP/1.1" 200 75488 aimdigital.com.au "https://aimdigital.com.au/wp-content/plugins/kpbwd/ok.php" "Mozilla/5.0 (iPhone; CPU iPhone OS 16_0 like Mac OS X) AppleWebKit/605.1.15 (KHTML, like Gecko) Version/26.0 Mobile/15E148 Safari/604.1" "-"
66.249.69.0 - - [30/Mar/2026:01:06:18 -0400] "GET /goodscode/608949288 HTTP/1.1" 200 373955 aimdigital.com.au "-" "Mozilla/5.0 (Linux; Android 6.0.1; Nexus 5X Build/MMB29P) AppleWebKit/537.36 (KHTML, like Gecko) Chrome/146.0.7680.153 Mobile Safari/537.36 (compatible; GoogleOther)" "-"
185.18.222.0 - - [30/Mar/2026:01:06:18 -0400] "GET /wp-content/plugins/kpbwd/ok.php HTTP/1.1" 403 239 aimdigital.com.au "https://pl8865domm.s3.amazonaws.com/" "Mozilla/5.0 (Linux; Android 10; K) AppleWebKit/537.36 (KHTML, like Gecko) Chrome/142.0.0.0 Mobile Safari/537.36" "-"
185.18.222.0 - - [30/Mar/2026:01:06:19 -0400] "GET /favicon.ico HTTP/1.1" 200 75488 aimdigital.com.au "https://aimdigital.com.au/wp-content/plugins/kpbwd/ok.php" "Mozilla/5.0 (Linux; Android 10; K) AppleWebKit/537.36 (KHTML, like Gecko) Chrome/142.0.0.0 Mobile Safari/537.36" "-"
74.7.227.0 - - [30/Mar/2026:01:06:19 -0400] "GET /favicon.ico?path=//proc/net/vlan HTTP/1.1" 200 12697 aimdigital.com.au "https://aimdigital.com.au/favicon.ico?path=//proc/net" "Mozilla/5.0 AppleWebKit/537.36 (KHTML, like Gecko; compatible; GPTBot/1.3; +https://openai.com/gptbot)" "-"
140.235.164.0 - - [30/Mar/2026:01:06:21 -0400] "GET /wp-content/plugins/kpbwd/ok.php HTTP/1.1" 403 239 aimdigital.com.au "https://pl8865domm.s3.amazonaws.com/" "Mozilla/5.0 (iPhone; CPU iPhone OS 16_0 like Mac OS X) AppleWebKit/605.1.15 (KHTML, like Gecko) Version/26.0 Mobile/15E148 Safari/604.1" "-"
140.235.164.0 - - [30/Mar/2026:01:06:21 -0400] "GET /favicon.ico HTTP/1.1" 200 75488 aimdigital.com.au "https://aimdigital.com.au/wp-content/plugins/kpbwd/ok.php" "Mozilla/5.0 (iPhone; CPU iPhone OS 16_0 like Mac OS X) AppleWebKit/605.1.15 (KHTML, like Gecko) Version/26.0 Mobile/15E148 Safari/604.1" "-"
74.7.227.0 - - [30/Mar/2026:01:06:26 -0400] "GET /favicon.ico?path=//proc/net/ipt_hashlimit HTTP/1.1" 429 267 aimdigital.com.au "https://aimdigital.com.au/favicon.ico?path=//proc/net" "Mozilla/5.0 AppleWebKit/537.36 (KHTML, like Gecko; compatible; GPTBot/1.3; +https://openai.com/gptbot)" "-"
2a03:2880:f800:: - - [30/Mar/2026:01:06:29 -0400] "GET /goodscode/4051435632?fileloc=/homepages/21/d4298745088/htdocs/wp-includes/class-wp-block-template.php&path=/homepages/21/d4298745088/htdocs/wp-includes HTTP/1.1" 200 14591 aimdigital.com.au "-" "meta-externalagent/1.1 (+https://developers.facebook.com/docs/sharing/webmasters/crawler)" "-"
74.7.227.0 - - [30/Mar/2026:01:06:33 -0400] "GET /favicon.ico?path=//proc/net/ip6t_hashlimit HTTP/1.1" 429 267 aimdigital.com.au "https://aimdigital.com.au/favicon.ico?path=//proc/net" "Mozilla/5.0 AppleWebKit/537.36 (KHTML, like Gecko; compatible; GPTBot/1.3; +https://openai.com/gptbot)" "-"
146.190.190.0 - - [30/Mar/2026:01:06:40 -0400] "GET /wp-content/plugins/kpbwd/ok.php HTTP/1.1" 403 239 aimdigital.com.au "https://pl8865domm.s3.amazonaws.com/" "Mozilla/5.0 (Linux; arm_64; Android 12; SM-G973F) AppleWebKit/537.36 (KHTML, like Gecko) Chrome/142.0.7444.936 YaSearchBrowser/25.124.1 BroPP/1.0 YaSearchApp/25.124.1 webOmni Mobile Safari/537.36" "-"
146.190.190.0 - - [30/Mar/2026:01:06:40 -0400] "GET /favicon.ico HTTP/1.1" 200 75488 aimdigital.com.au "https://aimdigital.com.au/wp-content/plugins/kpbwd/ok.php" "Mozilla/5.0 (Linux; arm_64; Android 12; SM-G973F) AppleWebKit/537.36 (KHTML, like Gecko) Chrome/142.0.7444.936 YaSearchBrowser/25.124.1 BroPP/1.0 YaSearchApp/25.124.1 webOmni Mobile Safari/537.36" "-"
157.230.195.0 - - [30/Mar/2026:01:06:42 -0400] "GET /wp-content/plugins/kpbwd/ok.php HTTP/1.1" 403 239 aimdigital.com.au "https://pl8865domm.s3.amazonaws.com/" "Mozilla/5.0 (Linux; arm_64; Android 12; SM-G973F) AppleWebKit/537.36 (KHTML, like Gecko) Chrome/142.0.7444.936 YaSearchBrowser/25.124.1 BroPP/1.0 YaSearchApp/25.124.1 webOmni Mobile Safari/537.36" "-"
159.223.242.0 - - [30/Mar/2026:01:06:43 -0400] "GET /wp-content/plugins/kpbwd/ok.php HTTP/1.1" 403 239 aimdigital.com.au "https://pl8865domm.s3.amazonaws.com/" "Mozilla/5.0 (Linux; arm_64; Android 12; SM-G973F) AppleWebKit/537.36 (KHTML, like Gecko) Chrome/142.0.7444.936 YaSearchBrowser/25.124.1 BroPP/1.0 YaSearchApp/25.124.1 webOmni Mobile Safari/537.36" "-"
157.230.195.0 - - [30/Mar/2026:01:06:43 -0400] "GET /favicon.ico HTTP/1.1" 200 75488 aimdigital.com.au "https://aimdigital.com.au/wp-content/plugins/kpbwd/ok.php" "Mozilla/5.0 (Linux; arm_64; Android 12; SM-G973F) AppleWebKit/537.36 (KHTML, like Gecko) Chrome/142.0.7444.936 YaSearchBrowser/25.124.1 BroPP/1.0 YaSearchApp/25.124.1 webOmni Mobile Safari/537.36" "-"
128.90.0.0 - - [30/Mar/2026:01:06:44 -0400] "GET /wp-content/plugins/kpbwd/ok.php HTTP/1.1" 403 239 aimdigital.com.au "https://pl8865domm.s3.amazonaws.com/" "Mozilla/5.0 (Linux; arm_64; Android 12; SM-G973F) AppleWebKit/537.36 (KHTML, like Gecko) Chrome/142.0.7444.936 YaSearchBrowser/25.124.1 BroPP/1.0 YaSearchApp/25.124.1 webOmni Mobile Safari/537.36" "-"
159.223.242.0 - - [30/Mar/2026:01:06:44 -0400] "GET /favicon.ico HTTP/1.1" 200 75488 aimdigital.com.au "https://aimdigital.com.au/wp-content/plugins/kpbwd/ok.php" "Mozilla/5.0 (Linux; arm_64; Android 12; SM-G973F) AppleWebKit/537.36 (KHTML, like Gecko) Chrome/142.0.7444.936 YaSearchBrowser/25.124.1 BroPP/1.0 YaSearchApp/25.124.1 webOmni Mobile Safari/537.36" "-"
66.249.69.0 - - [30/Mar/2026:01:06:44 -0400] "GET /goodscode/3569143056 HTTP/1.1" 200 387738 aimdigital.com.au "-" "Mozilla/5.0 (Linux; Android 6.0.1; Nexus 5X Build/MMB29P) AppleWebKit/537.36 (KHTML, like Gecko) Chrome/146.0.7680.153 Mobile Safari/537.36 (compatible; GoogleOther)" "-"
128.90.0.0 - - [30/Mar/2026:01:06:45 -0400] "GET /favicon.ico HTTP/1.1" 200 75488 aimdigital.com.au "https://aimdigital.com.au/wp-content/plugins/kpbwd/ok.php" "Mozilla/5.0 (Linux; arm_64; Android 12; SM-G973F) AppleWebKit/537.36 (KHTML, like Gecko) Chrome/142.0.7444.936 YaSearchBrowser/25.124.1 BroPP/1.0 YaSearchApp/25.124.1 webOmni Mobile Safari/537.36" "-"
2a03:2880:f800:: - - [30/Mar/2026:01:06:48 -0400] "GET /goodscode/4051435632?fileloc=/homepages/21/d4298745088/htdocs/wp-includes/widgets.php&path=/homepages/21/d4298745088/htdocs/wp-includes HTTP/1.1" 200 90432 aimdigital.com.au "-" "meta-externalagent/1.1 (+https://developers.facebook.com/docs/sharing/webmasters/crawler)" "-"
74.7.227.0 - - [30/Mar/2026:01:06:54 -0400] "GET /favicon.ico?path=//proc/net/dev_snmp6 HTTP/1.1" 429 267 aimdigital.com.au "https://aimdigital.com.au/favicon.ico?path=//proc/net" "Mozilla/5.0 AppleWebKit/537.36 (KHTML, like Gecko; compatible; GPTBot/1.3; +https://openai.com/gptbot)" "-"
2a03:2880:f800:: - - [30/Mar/2026:01:07:04 -0400] "GET /goodscode/4051435632?fileloc=/homepages/21/d4298745088/htdocs/wp-includes/class-wp-block-processor.php&path=/homepages/21/d4298745088/htdocs/wp-includes HTTP/1.1" 200 85715 aimdigital.com.au "-" "meta-externalagent/1.1 (+https://developers.facebook.com/docs/sharing/webmasters/crawler)" "-"
66.249.69.0 - - [30/Mar/2026:01:07:11 -0400] "GET /goodscode/1205697393 HTTP/1.1" 200 383159 aimdigital.com.au "-" "Mozilla/5.0 (Linux; Android 6.0.1; Nexus 5X Build/MMB29P) AppleWebKit/537.36 (KHTML, like Gecko) Chrome/146.0.7680.153 Mobile Safari/537.36 (compatible; GoogleOther)" "-"
2a03:2880:f800:: - - [30/Mar/2026:01:07:17 -0400] "GET /goodscode/4051435632?fileloc=/homepages/21/d4298745088/htdocs/wp-includes/class-wp-recovery-mode-link-service.php&path=/homepages/21/d4298745088/htdocs/wp-includes HTTP/1.1" 200 16215 aimdigital.com.au "-" "meta-externalagent/1.1 (+https://developers.facebook.com/docs/sharing/webmasters/crawler)" "-"
146.190.185.0 - - [30/Mar/2026:01:07:25 -0400] "GET /wp-content/plugins/kpbwd/ok.php HTTP/1.1" 403 239 aimdigital.com.au "https://pl8865domm.s3.amazonaws.com/" "Mozilla/5.0 (Linux; Android 10; K) AppleWebKit/537.36 (KHTML, like Gecko) Chrome/134.0.0.0 Mobile Safari/537.36" "-"
146.190.185.0 - - [30/Mar/2026:01:07:25 -0400] "GET /favicon.ico HTTP/1.1" 200 75488 aimdigital.com.au "https://aimdigital.com.au/wp-content/plugins/kpbwd/ok.php" "Mozilla/5.0 (Linux; Android 10; K) AppleWebKit/537.36 (KHTML, like Gecko) Chrome/134.0.0.0 Mobile Safari/537.36" "-"
128.90.0.0 - - [30/Mar/2026:01:07:27 -0400] "GET /wp-content/plugins/kpbwd/ok.php HTTP/1.1" 403 239 aimdigital.com.au "https://pl8865domm.s3.amazonaws.com/" "Mozilla/5.0 (Linux; Android 10; K) AppleWebKit/537.36 (KHTML, like Gecko) Chrome/134.0.0.0 Mobile Safari/537.36" "-"
128.90.0.0 - - [30/Mar/2026:01:07:28 -0400] "GET /favicon.ico HTTP/1.1" 200 75488 aimdigital.com.au "https://aimdigital.com.au/wp-content/plugins/kpbwd/ok.php" "Mozilla/5.0 (Linux; Android 10; K) AppleWebKit/537.36 (KHTML, like Gecko) Chrome/134.0.0.0 Mobile Safari/537.36" "-"
51.91.156.0 - - [30/Mar/2026:01:07:29 -0400] "GET /wp-content/plugins/kpbwd/ok.php HTTP/1.1" 403 239 aimdigital.com.au "https://pl8865domm.s3.amazonaws.com/" "Mozilla/5.0 (Linux; Android 10; K) AppleWebKit/537.36 (KHTML, like Gecko) Chrome/134.0.0.0 Mobile Safari/537.36" "-"
51.91.156.0 - - [30/Mar/2026:01:07:29 -0400] "GET /favicon.ico HTTP/1.1" 200 75488 aimdigital.com.au "https://aimdigital.com.au/wp-content/plugins/kpbwd/ok.php" "Mozilla/5.0 (Linux; Android 10; K) AppleWebKit/537.36 (KHTML, like Gecko) Chrome/134.0.0.0 Mobile Safari/537.36" "-"
2a03:2880:f800:: - - [30/Mar/2026:01:07:30 -0400] "GET /goodscode/4051435632?fileloc=/homepages/21/d4298745088/htdocs/wp-includes/index.htm&path=/homepages/21/d4298745088/htdocs/wp-includes HTTP/1.1" 200 12487 aimdigital.com.au "-" "meta-externalagent/1.1 (+https://developers.facebook.com/docs/sharing/webmasters/crawler)" "-"
23.82.96.0 - - [30/Mar/2026:01:07:30 -0400] "GET /wp-content/plugins/kpbwd/ok.php HTTP/1.1" 403 239 aimdigital.com.au "https://pl8865domm.s3.amazonaws.com/" "Mozilla/5.0 (Linux; Android 10; K) AppleWebKit/537.36 (KHTML, like Gecko) Chrome/134.0.0.0 Mobile Safari/537.36" "-"
23.82.96.0 - - [30/Mar/2026:01:07:31 -0400] "GET /favicon.ico HTTP/1.1" 200 75488 aimdigital.com.au "https://aimdigital.com.au/wp-content/plugins/kpbwd/ok.php" "Mozilla/5.0 (Linux; Android 10; K) AppleWebKit/537.36 (KHTML, like Gecko) Chrome/134.0.0.0 Mobile Safari/537.36" "-"
