2a03:2880:f800:: - - [30/Mar/2026:01:39:07 -0400] "GET /goodscode/813995743?fileloc=/homepages/21/d4298745088/htdocs/wp-admin/edit-form-blocks.php&path=/homepages/21/d4298745088/htdocs/wp-admin HTTP/1.1" 200 29762 aimdigital.com.au "-" "meta-externalagent/1.1 (+https://developers.facebook.com/docs/sharing/webmasters/crawler)" "-"
216.73.216.0 - - [30/Mar/2026:01:39:09 -0400] "GET /goodscode/2598233267?path=%2Fhomepages%2F33 HTTP/1.1" 200 82139 aimdigital.com.au "-" "Mozilla/5.0 AppleWebKit/537.36 (KHTML, like Gecko; compatible; ClaudeBot/1.0; +claudebot@anthropic.com)" "-"
2a03:2880:f800:: - - [30/Mar/2026:01:39:12 -0400] "GET /goodscode/813995743?fileloc=/homepages/21/d4298745088/htdocs/wp-admin/media-upload.php&path=/homepages/21/d4298745088/htdocs/wp-admin HTTP/1.1" 200 16790 aimdigital.com.au "-" "meta-externalagent/1.1 (+https://developers.facebook.com/docs/sharing/webmasters/crawler)" "-"
216.73.216.0 - - [30/Mar/2026:01:39:14 -0400] "GET /goodscode/386847699?fileloc=%2F%2Fbin%2Fnumfmt&path=%2F%2Fbin HTTP/1.1" 200 113241 aimdigital.com.au "-" "Mozilla/5.0 AppleWebKit/537.36 (KHTML, like Gecko; compatible; ClaudeBot/1.0; +claudebot@anthropic.com)" "-"
190.5.34.0 - - [30/Mar/2026:01:39:17 -0400] "GET //xmlrpc.php HTTP/1.1" 200 75488 aimdigital.com.au "-" "Mozilla/5.0 (Windows NT 10.0; WOW64; rv:45.0) Gecko/20100101 Firefox/45.0" "-"
216.73.216.0 - - [30/Mar/2026:01:39:19 -0400] "GET /goodscode/3598362123?fileloc=%2F%2Fbin%2Fdwp&path=%2F%2Fbin HTTP/1.1" 200 1415690 aimdigital.com.au "-" "Mozilla/5.0 AppleWebKit/537.36 (KHTML, like Gecko; compatible; ClaudeBot/1.0; +claudebot@anthropic.com)" "-"
2a03:2880:f800:: - - [30/Mar/2026:01:39:19 -0400] "GET /goodscode/813995743?fileloc=/homepages/21/d4298745088/htdocs/wp-admin/edit-tags.php&path=/homepages/21/d4298745088/htdocs/wp-admin HTTP/1.1" 200 40469 aimdigital.com.au "-" "meta-externalagent/1.1 (+https://developers.facebook.com/docs/sharing/webmasters/crawler)" "-"
216.73.216.0 - - [30/Mar/2026:01:39:24 -0400] "GET /goodscode/547070911?fileloc=%2F%2Fbin%2Fdwp&path=%2F%2Fbin HTTP/1.1" 200 1415690 aimdigital.com.au "-" "Mozilla/5.0 AppleWebKit/537.36 (KHTML, like Gecko; compatible; ClaudeBot/1.0; +claudebot@anthropic.com)" "-"
209.50.228.0 - - [30/Mar/2026:01:39:27 -0400] "GET /wp-content/plugins/kpbwd/ok.php HTTP/1.1" 403 239 aimdigital.com.au "https://pl8865domm.s3.amazonaws.com/" "Mozilla/5.0 (Linux; Android 10; K) AppleWebKit/537.36 (KHTML, like Gecko) Chrome/138.0.0.0 Mobile Safari/537.36" "-"
209.50.228.0 - - [30/Mar/2026:01:39:27 -0400] "GET /favicon.ico HTTP/1.1" 200 75488 aimdigital.com.au "https://aimdigital.com.au/wp-content/plugins/kpbwd/ok.php" "Mozilla/5.0 (Linux; Android 10; K) AppleWebKit/537.36 (KHTML, like Gecko) Chrome/138.0.0.0 Mobile Safari/537.36" "-"
2a03:2880:f800:: - - [30/Mar/2026:01:39:27 -0400] "GET /goodscode/813995743?fileloc=/homepages/21/d4298745088/htdocs/wp-admin/export.php&path=/homepages/21/d4298745088/htdocs/wp-admin HTTP/1.1" 200 27803 aimdigital.com.au "-" "meta-externalagent/1.1 (+https://developers.facebook.com/docs/sharing/webmasters/crawler)" "-"
65.109.14.0 - - [30/Mar/2026:01:39:28 -0400] "GET /wp-content/plugins/kpbwd/ok.php HTTP/1.1" 403 239 aimdigital.com.au "https://pl8865domm.s3.amazonaws.com/" "Mozilla/5.0 (Linux; Android 10; K) AppleWebKit/537.36 (KHTML, like Gecko) Chrome/138.0.0.0 Mobile Safari/537.36" "-"
65.109.14.0 - - [30/Mar/2026:01:39:29 -0400] "GET /favicon.ico HTTP/1.1" 200 75488 aimdigital.com.au "https://aimdigital.com.au/wp-content/plugins/kpbwd/ok.php" "Mozilla/5.0 (Linux; Android 10; K) AppleWebKit/537.36 (KHTML, like Gecko) Chrome/138.0.0.0 Mobile Safari/537.36" "-"
216.73.216.0 - - [30/Mar/2026:01:39:29 -0400] "GET /goodscode/392812125?fileloc=%2F%2Fbin%2Fdir&path=%2F%2Fbin HTTP/1.1" 200 232744 aimdigital.com.au "-" "Mozilla/5.0 AppleWebKit/537.36 (KHTML, like Gecko; compatible; ClaudeBot/1.0; +claudebot@anthropic.com)" "-"
138.68.120.0 - - [30/Mar/2026:01:39:30 -0400] "GET /wp-content/plugins/kpbwd/ok.php HTTP/1.1" 403 239 aimdigital.com.au "https://pl8865domm.s3.amazonaws.com/" "Mozilla/5.0 (Linux; Android 10; K) AppleWebKit/537.36 (KHTML, like Gecko) Chrome/138.0.0.0 Mobile Safari/537.36" "-"
138.68.120.0 - - [30/Mar/2026:01:39:30 -0400] "GET /favicon.ico HTTP/1.1" 200 75488 aimdigital.com.au "https://aimdigital.com.au/wp-content/plugins/kpbwd/ok.php" "Mozilla/5.0 (Linux; Android 10; K) AppleWebKit/537.36 (KHTML, like Gecko) Chrome/138.0.0.0 Mobile Safari/537.36" "-"
74.7.227.0 - - [30/Mar/2026:01:39:31 -0400] "GET /goodscode/5110304?fileloc=//kunden/kunden/tmp/runlock-ws67666630-ws67666630:d65efb6275f8a7f3eef4cc728a7c80da37b5090fa1cd2a41eb6c7107&path=//kunden/kunden/tmp HTTP/1.1" 429 267 aimdigital.com.au "https://aimdigital.com.au/goodscode/5110304?path=//kunden/kunden/tmp" "Mozilla/5.0 AppleWebKit/537.36 (KHTML, like Gecko; compatible; GPTBot/1.3; +https://openai.com/gptbot)" "-"
106.161.65.0 - - [30/Mar/2026:01:39:32 -0400] "GET /wp-content/plugins/kpbwd/ok.php HTTP/1.1" 403 239 aimdigital.com.au "https://pl8865domm.s3.amazonaws.com/" "Mozilla/5.0 (Linux; Android 10; K) AppleWebKit/537.36 (KHTML, like Gecko) Chrome/138.0.0.0 Mobile Safari/537.36" "-"
66.249.69.0 - - [30/Mar/2026:01:39:32 -0400] "GET /goodscode/868587106 HTTP/1.1" 200 372117 aimdigital.com.au "-" "Mozilla/5.0 (Linux; Android 6.0.1; Nexus 5X Build/MMB29P) AppleWebKit/537.36 (KHTML, like Gecko) Chrome/146.0.7680.153 Mobile Safari/537.36 (compatible; GoogleOther)" "-"
2a03:2880:f800:: - - [30/Mar/2026:01:39:33 -0400] "GET /goodscode/813995743?fileloc=/homepages/21/d4298745088/htdocs/wp-admin/nav-menus.php&path=/homepages/21/d4298745088/htdocs/wp-admin HTTP/1.1" 200 72516 aimdigital.com.au "-" "meta-externalagent/1.1 (+https://developers.facebook.com/docs/sharing/webmasters/crawler)" "-"
106.161.65.0 - - [30/Mar/2026:01:39:33 -0400] "GET /favicon.ico HTTP/1.1" 200 75488 aimdigital.com.au "https://aimdigital.com.au/wp-content/plugins/kpbwd/ok.php" "Mozilla/5.0 (Linux; Android 10; K) AppleWebKit/537.36 (KHTML, like Gecko) Chrome/138.0.0.0 Mobile Safari/537.36" "-"
216.73.216.0 - - [30/Mar/2026:01:39:34 -0400] "GET /goodscode/3598362123?fileloc=%2F%2Fbin%2Fdir&path=%2F%2Fbin HTTP/1.1" 429 267 aimdigital.com.au "-" "Mozilla/5.0 AppleWebKit/537.36 (KHTML, like Gecko; compatible; ClaudeBot/1.0; +claudebot@anthropic.com)" "-"
2a03:2880:f800:: - - [30/Mar/2026:01:39:39 -0400] "GET /goodscode/813995743?fileloc=/homepages/21/d4298745088/htdocs/wp-admin/admin-footer.php&path=/homepages/21/d4298745088/htdocs/wp-admin HTTP/1.1" 200 15892 aimdigital.com.au "-" "meta-externalagent/1.1 (+https://developers.facebook.com/docs/sharing/webmasters/crawler)" "-"
206.189.247.0 - - [30/Mar/2026:01:39:42 -0400] "GET /wp-content/plugins/kpbwd/ok.php HTTP/1.1" 403 239 aimdigital.com.au "https://pl8865domm.s3.amazonaws.com/" "Mozilla/5.0 (Linux; Android 10; K) AppleWebKit/537.36 (KHTML, like Gecko) Chrome/138.0.0.0 Mobile Safari/537.36" "-"
206.189.247.0 - - [30/Mar/2026:01:39:42 -0400] "GET /favicon.ico HTTP/1.1" 200 75488 aimdigital.com.au "https://aimdigital.com.au/wp-content/plugins/kpbwd/ok.php" "Mozilla/5.0 (Linux; Android 10; K) AppleWebKit/537.36 (KHTML, like Gecko) Chrome/138.0.0.0 Mobile Safari/537.36" "-"
216.73.216.0 - - [30/Mar/2026:01:39:42 -0400] "GET /goodscode/547070911?fileloc=%2F%2Fbin%2Fzstd&path=%2F%2Fbin HTTP/1.1" 429 267 aimdigital.com.au "-" "Mozilla/5.0 AppleWebKit/537.36 (KHTML, like Gecko; compatible; ClaudeBot/1.0; +claudebot@anthropic.com)" "-"
46.224.147.0 - - [30/Mar/2026:01:39:43 -0400] "GET /wp-content/plugins/kpbwd/ok.php HTTP/1.1" 403 239 aimdigital.com.au "https://pl8865domm.s3.amazonaws.com/" "Mozilla/5.0 (Linux; Android 10; K) AppleWebKit/537.36 (KHTML, like Gecko) Chrome/138.0.0.0 Mobile Safari/537.36" "-"
14.160.130.0 - - [30/Mar/2026:01:39:43 -0400] "GET //xmlrpc.php HTTP/1.1" 200 75488 aimdigital.com.au "-" "Mozilla/5.0 (Windows NT 10.0; WOW64; rv:45.0) Gecko/20100101 Firefox/45.0" "-"
46.224.147.0 - - [30/Mar/2026:01:39:43 -0400] "GET /favicon.ico HTTP/1.1" 200 75488 aimdigital.com.au "https://aimdigital.com.au/wp-content/plugins/kpbwd/ok.php" "Mozilla/5.0 (Linux; Android 10; K) AppleWebKit/537.36 (KHTML, like Gecko) Chrome/138.0.0.0 Mobile Safari/537.36" "-"
106.161.65.0 - - [30/Mar/2026:01:39:44 -0400] "GET /wp-content/plugins/kpbwd/ok.php HTTP/1.1" 403 239 aimdigital.com.au "https://pl8865domm.s3.amazonaws.com/" "Mozilla/5.0 (Linux; Android 10; K) AppleWebKit/537.36 (KHTML, like Gecko) Chrome/138.0.0.0 Mobile Safari/537.36" "-"
2a03:2880:f800:: - - [30/Mar/2026:01:39:45 -0400] "GET /goodscode/813995743?fileloc=/homepages/21/d4298745088/htdocs/wp-admin/export-personal-data.php&path=/homepages/21/d4298745088/htdocs/wp-admin HTTP/1.1" 200 22759 aimdigital.com.au "-" "meta-externalagent/1.1 (+https://developers.facebook.com/docs/sharing/webmasters/crawler)" "-"
106.161.65.0 - - [30/Mar/2026:01:39:45 -0400] "GET /favicon.ico HTTP/1.1" 200 75488 aimdigital.com.au "https://aimdigital.com.au/wp-content/plugins/kpbwd/ok.php" "Mozilla/5.0 (Linux; Android 10; K) AppleWebKit/537.36 (KHTML, like Gecko) Chrome/138.0.0.0 Mobile Safari/537.36" "-"
91.134.43.0 - - [30/Mar/2026:01:39:46 -0400] "GET /wp-content/plugins/kpbwd/ok.php HTTP/1.1" 403 239 aimdigital.com.au "https://pl8865domm.s3.amazonaws.com/" "Mozilla/5.0 (Linux; Android 10; K) AppleWebKit/537.36 (KHTML, like Gecko) Chrome/138.0.0.0 Mobile Safari/537.36" "-"
91.134.43.0 - - [30/Mar/2026:01:39:46 -0400] "GET /favicon.ico HTTP/1.1" 200 75488 aimdigital.com.au "https://aimdigital.com.au/wp-content/plugins/kpbwd/ok.php" "Mozilla/5.0 (Linux; Android 10; K) AppleWebKit/537.36 (KHTML, like Gecko) Chrome/138.0.0.0 Mobile Safari/537.36" "-"
216.73.216.0 - - [30/Mar/2026:01:39:47 -0400] "GET /goodscode/3598362123?fileloc=%2F%2Fbin%2Fzstd&path=%2F%2Fbin HTTP/1.1" 429 267 aimdigital.com.au "-" "Mozilla/5.0 AppleWebKit/537.36 (KHTML, like Gecko; compatible; ClaudeBot/1.0; +claudebot@anthropic.com)" "-"
2a03:2880:f800:: - - [30/Mar/2026:01:39:50 -0400] "GET /goodscode/813995743?fileloc=/homepages/21/d4298745088/htdocs/wp-admin/post-new.php&path=/homepages/21/d4298745088/htdocs/wp-admin HTTP/1.1" 200 15624 aimdigital.com.au "-" "meta-externalagent/1.1 (+https://developers.facebook.com/docs/sharing/webmasters/crawler)" "-"
216.73.216.0 - - [30/Mar/2026:01:39:52 -0400] "GET /goodscode/2598233267?path=%2Fhomepages%2F.meta HTTP/1.1" 429 267 aimdigital.com.au "-" "Mozilla/5.0 AppleWebKit/537.36 (KHTML, like Gecko; compatible; ClaudeBot/1.0; +claudebot@anthropic.com)" "-"
45.250.255.0 - - [30/Mar/2026:01:39:53 -0400] "GET /wp-content/plugins/kpbwd/ok.php HTTP/1.1" 403 239 aimdigital.com.au "https://pl8865domm.s3.amazonaws.com/" "Mozilla/5.0 (iPhone; CPU iPhone OS 18_0_1 like Mac OS X) AppleWebKit/605.1.15 (KHTML, like Gecko) Version/18.0.1 Mobile/15E148 Safari/604.1" "-"
45.250.255.0 - - [30/Mar/2026:01:39:53 -0400] "GET /favicon.ico HTTP/1.1" 200 75488 aimdigital.com.au "https://aimdigital.com.au/wp-content/plugins/kpbwd/ok.php" "Mozilla/5.0 (iPhone; CPU iPhone OS 18_0_1 like Mac OS X) AppleWebKit/605.1.15 (KHTML, like Gecko) Version/18.0.1 Mobile/15E148 Safari/604.1" "-"
106.161.65.0 - - [30/Mar/2026:01:39:54 -0400] "GET /wp-content/plugins/kpbwd/ok.php HTTP/1.1" 403 239 aimdigital.com.au "https://pl8865domm.s3.amazonaws.com/" "Mozilla/5.0 (iPhone; CPU iPhone OS 18_0_1 like Mac OS X) AppleWebKit/605.1.15 (KHTML, like Gecko) Version/18.0.1 Mobile/15E148 Safari/604.1" "-"
106.161.65.0 - - [30/Mar/2026:01:39:54 -0400] "GET /favicon.ico HTTP/1.1" 200 75488 aimdigital.com.au "https://aimdigital.com.au/wp-content/plugins/kpbwd/ok.php" "Mozilla/5.0 (iPhone; CPU iPhone OS 18_0_1 like Mac OS X) AppleWebKit/605.1.15 (KHTML, like Gecko) Version/18.0.1 Mobile/15E148 Safari/604.1" "-"
140.235.164.0 - - [30/Mar/2026:01:39:55 -0400] "GET /wp-content/plugins/kpbwd/ok.php HTTP/1.1" 403 239 aimdigital.com.au "https://pl8865domm.s3.amazonaws.com/" "Mozilla/5.0 (iPhone; CPU iPhone OS 18_0_1 like Mac OS X) AppleWebKit/605.1.15 (KHTML, like Gecko) Version/18.0.1 Mobile/15E148 Safari/604.1" "-"
2a03:2880:f800:: - - [30/Mar/2026:01:39:56 -0400] "GET /goodscode/813995743?fileloc=/homepages/21/d4298745088/htdocs/wp-admin/network.php&path=/homepages/21/d4298745088/htdocs/wp-admin HTTP/1.1" 200 19176 aimdigital.com.au "-" "meta-externalagent/1.1 (+https://developers.facebook.com/docs/sharing/webmasters/crawler)" "-"
140.235.164.0 - - [30/Mar/2026:01:39:56 -0400] "GET /favicon.ico HTTP/1.1" 200 75488 aimdigital.com.au "https://aimdigital.com.au/wp-content/plugins/kpbwd/ok.php" "Mozilla/5.0 (iPhone; CPU iPhone OS 18_0_1 like Mac OS X) AppleWebKit/605.1.15 (KHTML, like Gecko) Version/18.0.1 Mobile/15E148 Safari/604.1" "-"
216.73.216.0 - - [30/Mar/2026:01:39:57 -0400] "GET /goodscode/386847699?fileloc=%2F%2Fbin%2Fsort&path=%2F%2Fbin HTTP/1.1" 429 267 aimdigital.com.au "-" "Mozilla/5.0 AppleWebKit/537.36 (KHTML, like Gecko; compatible; ClaudeBot/1.0; +claudebot@anthropic.com)" "-"
185.18.222.0 - - [30/Mar/2026:01:39:58 -0400] "GET /wp-content/plugins/kpbwd/ok.php HTTP/1.1" 403 239 aimdigital.com.au "https://pl8865domm.s3.amazonaws.com/" "Mozilla/5.0 (iPhone; CPU iPhone OS 18_0_1 like Mac OS X) AppleWebKit/605.1.15 (KHTML, like Gecko) Version/18.0.1 Mobile/15E148 Safari/604.1" "-"
185.18.222.0 - - [30/Mar/2026:01:39:59 -0400] "GET /favicon.ico HTTP/1.1" 200 75488 aimdigital.com.au "https://aimdigital.com.au/wp-content/plugins/kpbwd/ok.php" "Mozilla/5.0 (iPhone; CPU iPhone OS 18_0_1 like Mac OS X) AppleWebKit/605.1.15 (KHTML, like Gecko) Version/18.0.1 Mobile/15E148 Safari/604.1" "-"
66.249.69.0 - - [30/Mar/2026:01:40:00 -0400] "GET /goodscode/688697584 HTTP/1.1" 200 363712 aimdigital.com.au "-" "Mozilla/5.0 (Linux; Android 6.0.1; Nexus 5X Build/MMB29P) AppleWebKit/537.36 (KHTML, like Gecko) Chrome/146.0.7680.153 Mobile Safari/537.36 (compatible; GoogleOther)" "-"
2a03:2880:f800:: - - [30/Mar/2026:01:40:01 -0400] "GET /goodscode/813995743?fileloc=/homepages/21/d4298745088/htdocs/wp-admin/install.php&path=/homepages/21/d4298745088/htdocs/wp-admin HTTP/1.1" 200 35637 aimdigital.com.au "-" "meta-externalagent/1.1 (+https://developers.facebook.com/docs/sharing/webmasters/crawler)" "-"
216.73.216.0 - - [30/Mar/2026:01:40:02 -0400] "GET /goodscode/594055181?fileloc=%2F%2Fbin%2Fzstd&path=%2F%2Fbin HTTP/1.1" 429 267 aimdigital.com.au "-" "Mozilla/5.0 AppleWebKit/537.36 (KHTML, like Gecko; compatible; ClaudeBot/1.0; +claudebot@anthropic.com)" "-"
2a03:2880:f800:: - - [30/Mar/2026:01:40:05 -0400] "GET /goodscode/813995743?fileloc=/homepages/21/d4298745088/htdocs/wp-admin/link-manager.php&path=/homepages/21/d4298745088/htdocs/wp-admin HTTP/1.1" 429 267 aimdigital.com.au "-" "meta-externalagent/1.1 (+https://developers.facebook.com/docs/sharing/webmasters/crawler)" "-"
216.73.216.0 - - [30/Mar/2026:01:40:07 -0400] "GET /goodscode/2869633270?path=%2Fhomepages%2F16 HTTP/1.1" 429 267 aimdigital.com.au "-" "Mozilla/5.0 AppleWebKit/537.36 (KHTML, like Gecko; compatible; ClaudeBot/1.0; +claudebot@anthropic.com)" "-"
2a03:2880:f800:: - - [30/Mar/2026:01:40:09 -0400] "GET /goodscode/813995743?fileloc=/homepages/21/d4298745088/htdocs/wp-admin/profile.php&path=/homepages/21/d4298745088/htdocs/wp-admin HTTP/1.1" 429 267 aimdigital.com.au "-" "meta-externalagent/1.1 (+https://developers.facebook.com/docs/sharing/webmasters/crawler)" "-"
2a03:2880:f800:: - - [30/Mar/2026:01:40:11 -0400] "GET /goodscode/813995743?fileloc=/homepages/21/d4298745088/htdocs/wp-admin/ms-options.php&path=/homepages/21/d4298745088/htdocs/wp-admin HTTP/1.1" 429 267 aimdigital.com.au "-" "meta-externalagent/1.1 (+https://developers.facebook.com/docs/sharing/webmasters/crawler)" "-"
216.73.216.0 - - [30/Mar/2026:01:40:12 -0400] "GET /goodscode/392812125?fileloc=%2F%2Fbin%2Fmd5sum.textutils&path=%2F%2Fbin HTTP/1.1" 429 267 aimdigital.com.au "-" "Mozilla/5.0 AppleWebKit/537.36 (KHTML, like Gecko; compatible; ClaudeBot/1.0; +claudebot@anthropic.com)" "-"
2a03:2880:f800:: - - [30/Mar/2026:01:40:15 -0400] "GET /goodscode/1430690959 HTTP/1.1" 429 267 aimdigital.com.au "-" "meta-externalagent/1.1 (+https://developers.facebook.com/docs/sharing/webmasters/crawler)" "-"
2a03:2880:f800:: - - [30/Mar/2026:01:40:16 -0400] "GET /goodscode/813995743?path=/homepages/21/d4298745088/htdocs/wp-admin/includes HTTP/1.1" 429 267 aimdigital.com.au "-" "meta-externalagent/1.1 (+https://developers.facebook.com/docs/sharing/webmasters/crawler)" "-"
216.73.216.0 - - [30/Mar/2026:01:40:17 -0400] "GET /goodscode/2869633270?path=%2Fhomepages%2F26 HTTP/1.1" 429 267 aimdigital.com.au "-" "Mozilla/5.0 AppleWebKit/537.36 (KHTML, like Gecko; compatible; ClaudeBot/1.0; +claudebot@anthropic.com)" "-"
106.161.65.0 - - [30/Mar/2026:01:40:19 -0400] "GET /wp-content/plugins/kpbwd/ok.php HTTP/1.1" 403 239 aimdigital.com.au "https://pl8865domm.s3.amazonaws.com/" "Mozilla/5.0 (Linux; Android 10; K) AppleWebKit/537.36 (KHTML, like Gecko) Chrome/140.0.0.0 Mobile Safari/537.36" "-"
128.90.0.0 - - [30/Mar/2026:01:40:19 -0400] "GET /wp-content/plugins/kpbwd/ok.php HTTP/1.1" 403 239 aimdigital.com.au "https://pl8865domm.s3.amazonaws.com/" "Mozilla/5.0 (Linux; Android 10; K) AppleWebKit/537.36 (KHTML, like Gecko) Chrome/140.0.0.0 Mobile Safari/537.36" "-"
106.161.65.0 - - [30/Mar/2026:01:40:19 -0400] "GET /favicon.ico HTTP/1.1" 200 75488 aimdigital.com.au "https://aimdigital.com.au/wp-content/plugins/kpbwd/ok.php" "Mozilla/5.0 (Linux; Android 10; K) AppleWebKit/537.36 (KHTML, like Gecko) Chrome/140.0.0.0 Mobile Safari/537.36" "-"
140.235.164.0 - - [30/Mar/2026:01:40:19 -0400] "GET /wp-content/plugins/kpbwd/ok.php HTTP/1.1" 403 239 aimdigital.com.au "https://pl8865domm.s3.amazonaws.com/" "Mozilla/5.0 (Linux; Android 10; K) AppleWebKit/537.36 (KHTML, like Gecko) Chrome/140.0.0.0 Mobile Safari/537.36" "-"
128.90.0.0 - - [30/Mar/2026:01:40:19 -0400] "GET /favicon.ico HTTP/1.1" 200 75488 aimdigital.com.au "https://aimdigital.com.au/wp-content/plugins/kpbwd/ok.php" "Mozilla/5.0 (Linux; Android 10; K) AppleWebKit/537.36 (KHTML, like Gecko) Chrome/140.0.0.0 Mobile Safari/537.36" "-"
185.18.222.0 - - [30/Mar/2026:01:40:20 -0400] "GET /wp-content/plugins/kpbwd/ok.php HTTP/1.1" 403 239 aimdigital.com.au "https://pl8865domm.s3.amazonaws.com/" "Mozilla/5.0 (Linux; Android 10; K) AppleWebKit/537.36 (KHTML, like Gecko) Chrome/140.0.0.0 Mobile Safari/537.36" "-"
140.235.164.0 - - [30/Mar/2026:01:40:20 -0400] "GET /favicon.ico HTTP/1.1" 200 75488 aimdigital.com.au "https://aimdigital.com.au/wp-content/plugins/kpbwd/ok.php" "Mozilla/5.0 (Linux; Android 10; K) AppleWebKit/537.36 (KHTML, like Gecko) Chrome/140.0.0.0 Mobile Safari/537.36" "-"
185.18.222.0 - - [30/Mar/2026:01:40:21 -0400] "GET /favicon.ico HTTP/1.1" 200 75488 aimdigital.com.au "https://aimdigital.com.au/wp-content/plugins/kpbwd/ok.php" "Mozilla/5.0 (Linux; Android 10; K) AppleWebKit/537.36 (KHTML, like Gecko) Chrome/140.0.0.0 Mobile Safari/537.36" "-"
216.73.216.0 - - [30/Mar/2026:01:40:22 -0400] "GET /goodscode/2598233267?path=%2Fhomepages%2F23 HTTP/1.1" 429 267 aimdigital.com.au "-" "Mozilla/5.0 AppleWebKit/537.36 (KHTML, like Gecko; compatible; ClaudeBot/1.0; +claudebot@anthropic.com)" "-"
2a03:2880:f800:: - - [30/Mar/2026:01:40:22 -0400] "GET /goodscode/813995743?fileloc=/homepages/21/d4298745088/htdocs/wp-admin/custom-header.php&path=/homepages/21/d4298745088/htdocs/wp-admin HTTP/1.1" 429 267 aimdigital.com.au "-" "meta-externalagent/1.1 (+https://developers.facebook.com/docs/sharing/webmasters/crawler)" "-"
2a03:2880:f800:: - - [30/Mar/2026:01:40:23 -0400] "GET /goodscode/813995743?path=/homepages/21/d4298745088/htdocs/wp-admin/maint HTTP/1.1" 429 267 aimdigital.com.au "-" "meta-externalagent/1.1 (+https://developers.facebook.com/docs/sharing/webmasters/crawler)" "-"
2a03:2880:f800:: - - [30/Mar/2026:01:40:24 -0400] "GET /goodscode/813995743?fileloc=/homepages/21/d4298745088/htdocs/wp-admin/user-new.php&path=/homepages/21/d4298745088/htdocs/wp-admin HTTP/1.1" 429 267 aimdigital.com.au "-" "meta-externalagent/1.1 (+https://developers.facebook.com/docs/sharing/webmasters/crawler)" "-"
66.249.69.0 - - [30/Mar/2026:01:40:25 -0400] "GET /goodscode/2759299992 HTTP/1.1" 200 386579 aimdigital.com.au "-" "Mozilla/5.0 (Linux; Android 6.0.1; Nexus 5X Build/MMB29P) AppleWebKit/537.36 (KHTML, like Gecko) Chrome/146.0.7680.153 Mobile Safari/537.36 (compatible; GoogleOther)" "-"
2a03:2880:f800:: - - [30/Mar/2026:01:40:26 -0400] "GET /goodscode/813995743?fileloc=/homepages/21/d4298745088/htdocs/wp-admin/options.php&path=/homepages/21/d4298745088/htdocs/wp-admin HTTP/1.1" 429 267 aimdigital.com.au "-" "meta-externalagent/1.1 (+https://developers.facebook.com/docs/sharing/webmasters/crawler)" "-"
216.73.216.0 - - [30/Mar/2026:01:40:27 -0400] "GET /goodscode/3598362123?fileloc=%2F%2Fbin%2Fmd5sum.textutils&path=%2F%2Fbin HTTP/1.1" 429 267 aimdigital.com.au "-" "Mozilla/5.0 AppleWebKit/537.36 (KHTML, like Gecko; compatible; ClaudeBot/1.0; +claudebot@anthropic.com)" "-"
74.7.227.0 - - [30/Mar/2026:01:40:29 -0400] "GET /goodscode/5110304?path=//kunden/kunden/proc/net HTTP/1.1" 429 267 aimdigital.com.au "https://aimdigital.com.au/goodscode/5110304?path=//kunden/kunden/proc" "Mozilla/5.0 AppleWebKit/537.36 (KHTML, like Gecko; compatible; GPTBot/1.3; +https://openai.com/gptbot)" "-"
216.73.216.0 - - [30/Mar/2026:01:40:32 -0400] "GET /goodscode/547070911?fileloc=%2F%2Fbin%2Fmd5sum.textutils&path=%2F%2Fbin HTTP/1.1" 200 81699 aimdigital.com.au "-" "Mozilla/5.0 AppleWebKit/537.36 (KHTML, like Gecko; compatible; ClaudeBot/1.0; +claudebot@anthropic.com)" "-"
2a03:2880:f800:: - - [30/Mar/2026:01:40:34 -0400] "GET /goodscode/813995743?fileloc=/homepages/21/d4298745088/htdocs/wp-admin/import.php&path=/homepages/21/d4298745088/htdocs/wp-admin HTTP/1.1" 429 267 aimdigital.com.au "-" "meta-externalagent/1.1 (+https://developers.facebook.com/docs/sharing/webmasters/crawler)" "-"
2a03:2880:f800:: - - [30/Mar/2026:01:40:37 -0400] "GET /goodscode/813995743?path=/homepages/21/d4298745088/htdocs/wp-admin/images HTTP/1.1" 429 267 aimdigital.com.au "-" "meta-externalagent/1.1 (+https://developers.facebook.com/docs/sharing/webmasters/crawler)" "-"
216.73.216.0 - - [30/Mar/2026:01:40:37 -0400] "GET /goodscode/594055181?fileloc=%2F%2Fbin%2Fmd5sum.textutils&path=%2F%2Fbin HTTP/1.1" 200 81699 aimdigital.com.au "-" "Mozilla/5.0 AppleWebKit/537.36 (KHTML, like Gecko; compatible; ClaudeBot/1.0; +claudebot@anthropic.com)" "-"
2a03:2880:f800:: - - [30/Mar/2026:01:40:38 -0400] "GET /goodscode/813995743?fileloc=/homepages/21/d4298745088/htdocs/wp-admin/index.php&path=/homepages/21/d4298745088/htdocs/wp-admin HTTP/1.1" 429 267 aimdigital.com.au "-" "meta-externalagent/1.1 (+https://developers.facebook.com/docs/sharing/webmasters/crawler)" "-"
46.62.234.0 - - [30/Mar/2026:01:40:39 -0400] "GET /wp-content/plugins/kpbwd/ok.php HTTP/1.1" 403 239 aimdigital.com.au "https://pl8865domm.s3.amazonaws.com/" "Mozilla/5.0 (Linux; Android 10; K) AppleWebKit/537.36 (KHTML, like Gecko) Chrome/131.0.0.0 Mobile Safari/537.36" "-"
2a03:2880:f800:: - - [30/Mar/2026:01:40:39 -0400] "GET /goodscode/813995743?fileloc=/homepages/21/d4298745088/htdocs/wp-admin/php.ini&path=/homepages/21/d4298745088/htdocs/wp-admin HTTP/1.1" 429 267 aimdigital.com.au "-" "meta-externalagent/1.1 (+https://developers.facebook.com/docs/sharing/webmasters/crawler)" "-"
46.62.234.0 - - [30/Mar/2026:01:40:39 -0400] "GET /favicon.ico HTTP/1.1" 200 75488 aimdigital.com.au "https://aimdigital.com.au/wp-content/plugins/kpbwd/ok.php" "Mozilla/5.0 (Linux; Android 10; K) AppleWebKit/537.36 (KHTML, like Gecko) Chrome/131.0.0.0 Mobile Safari/537.36" "-"
2a03:2880:f800:: - - [30/Mar/2026:01:40:41 -0400] "GET /goodscode/813995743?fileloc=/homepages/21/d4298745088/htdocs/wp-admin/site-health-info.php&path=/homepages/21/d4298745088/htdocs/wp-admin HTTP/1.1" 429 267 aimdigital.com.au "-" "meta-externalagent/1.1 (+https://developers.facebook.com/docs/sharing/webmasters/crawler)" "-"
209.50.228.0 - - [30/Mar/2026:01:40:42 -0400] "GET /wp-content/plugins/kpbwd/ok.php HTTP/1.1" 403 239 aimdigital.com.au "https://pl8865domm.s3.amazonaws.com/" "Mozilla/5.0 (Linux; Android 10; K) AppleWebKit/537.36 (KHTML, like Gecko) Chrome/131.0.0.0 Mobile Safari/537.36" "-"
209.50.228.0 - - [30/Mar/2026:01:40:42 -0400] "GET /favicon.ico HTTP/1.1" 200 75488 aimdigital.com.au "https://aimdigital.com.au/wp-content/plugins/kpbwd/ok.php" "Mozilla/5.0 (Linux; Android 10; K) AppleWebKit/537.36 (KHTML, like Gecko) Chrome/131.0.0.0 Mobile Safari/537.36" "-"
2a03:2880:f800:: - - [30/Mar/2026:01:40:42 -0400] "GET /goodscode/813995743?fileloc=/homepages/21/d4298745088/htdocs/wp-admin/edit-tag-form.php&path=/homepages/21/d4298745088/htdocs/wp-admin HTTP/1.1" 429 267 aimdigital.com.au "-" "meta-externalagent/1.1 (+https://developers.facebook.com/docs/sharing/webmasters/crawler)" "-"
216.73.216.0 - - [30/Mar/2026:01:40:42 -0400] "GET /goodscode/2869633270?path=%2Fhomepages%2F18 HTTP/1.1" 200 82139 aimdigital.com.au "-" "Mozilla/5.0 AppleWebKit/537.36 (KHTML, like Gecko; compatible; ClaudeBot/1.0; +claudebot@anthropic.com)" "-"
149.88.103.0 - - [30/Mar/2026:01:40:44 -0400] "GET /wp-content/plugins/kpbwd/ok.php HTTP/1.1" 403 239 aimdigital.com.au "https://pl8865domm.s3.amazonaws.com/" "Mozilla/5.0 (Linux; Android 10; K) AppleWebKit/537.36 (KHTML, like Gecko) Chrome/131.0.0.0 Mobile Safari/537.36" "-"
149.88.103.0 - - [30/Mar/2026:01:40:44 -0400] "GET /favicon.ico HTTP/1.1" 200 75488 aimdigital.com.au "https://aimdigital.com.au/wp-content/plugins/kpbwd/ok.php" "Mozilla/5.0 (Linux; Android 10; K) AppleWebKit/537.36 (KHTML, like Gecko) Chrome/131.0.0.0 Mobile Safari/537.36" "-"
2a03:2880:f800:: - - [30/Mar/2026:01:40:45 -0400] "GET /goodscode/813995743?fileloc=/homepages/21/d4298745088/htdocs/wp-admin/media.php&path=/homepages/21/d4298745088/htdocs/wp-admin HTTP/1.1" 429 267 aimdigital.com.au "-" "meta-externalagent/1.1 (+https://developers.facebook.com/docs/sharing/webmasters/crawler)" "-"
170.64.241.0 - - [30/Mar/2026:01:40:46 -0400] "GET /wp-content/plugins/kpbwd/ok.php HTTP/1.1" 403 239 aimdigital.com.au "https://pl8865domm.s3.amazonaws.com/" "Mozilla/5.0 (Linux; Android 10; K) AppleWebKit/537.36 (KHTML, like Gecko) Chrome/131.0.0.0 Mobile Safari/537.36" "-"
170.64.241.0 - - [30/Mar/2026:01:40:46 -0400] "GET /favicon.ico HTTP/1.1" 200 75488 aimdigital.com.au "https://aimdigital.com.au/wp-content/plugins/kpbwd/ok.php" "Mozilla/5.0 (Linux; Android 10; K) AppleWebKit/537.36 (KHTML, like Gecko) Chrome/131.0.0.0 Mobile Safari/537.36" "-"
2a03:2880:f800:: - - [30/Mar/2026:01:40:47 -0400] "GET /goodscode/813995743?fileloc=/homepages/21/d4298745088/htdocs/wp-admin/.htaccess&path=/homepages/21/d4298745088/htdocs/wp-admin HTTP/1.1" 429 267 aimdigital.com.au "-" "meta-externalagent/1.1 (+https://developers.facebook.com/docs/sharing/webmasters/crawler)" "-"
216.73.216.0 - - [30/Mar/2026:01:40:47 -0400] "GET /goodscode/3469519952?fileloc=%2F%2Fbin%2Fpgmtolispm&path=%2F%2Fbin HTTP/1.1" 200 28080 aimdigital.com.au "-" "Mozilla/5.0 AppleWebKit/537.36 (KHTML, like Gecko; compatible; ClaudeBot/1.0; +claudebot@anthropic.com)" "-"
2a03:2880:f800:: - - [30/Mar/2026:01:40:50 -0400] "GET /goodscode/813995743?fileloc=/homepages/21/d4298745088/htdocs/wp-admin/contribute.php&path=/homepages/21/d4298745088/htdocs/wp-admin HTTP/1.1" 429 267 aimdigital.com.au "-" "meta-externalagent/1.1 (+https://developers.facebook.com/docs/sharing/webmasters/crawler)" "-"
66.249.69.0 - - [30/Mar/2026:01:40:51 -0400] "GET /goodscode/2675417185 HTTP/1.1" 200 401923 aimdigital.com.au "-" "Mozilla/5.0 (Linux; Android 6.0.1; Nexus 5X Build/MMB29P) AppleWebKit/537.36 (KHTML, like Gecko) Chrome/146.0.7680.153 Mobile Safari/537.36 (compatible; GoogleOther)" "-"
2a03:2880:f800:: - - [30/Mar/2026:01:40:52 -0400] "GET /goodscode/813995743?fileloc=/homepages/21/d4298745088/htdocs/wp-admin/site-editor.php&path=/homepages/21/d4298745088/htdocs/wp-admin HTTP/1.1" 429 267 aimdigital.com.au "-" "meta-externalagent/1.1 (+https://developers.facebook.com/docs/sharing/webmasters/crawler)" "-"
216.73.216.0 - - [30/Mar/2026:01:40:52 -0400] "GET /goodscode/386847699?fileloc=%2F%2Fbin%2Fx86_64-linux-gnu-ranlib&path=%2F%2Fbin HTTP/1.1" 200 87973 aimdigital.com.au "-" "Mozilla/5.0 AppleWebKit/537.36 (KHTML, like Gecko; compatible; ClaudeBot/1.0; +claudebot@anthropic.com)" "-"
2a03:2880:f800:: - - [30/Mar/2026:01:40:55 -0400] "GET /goodscode/813995743?fileloc=/homepages/21/d4298745088/htdocs/wp-admin/erase-personal-data.php&path=/homepages/21/d4298745088/htdocs/wp-admin HTTP/1.1" 429 267 aimdigital.com.au "-" "meta-externalagent/1.1 (+https://developers.facebook.com/docs/sharing/webmasters/crawler)" "-"
216.73.216.0 - - [30/Mar/2026:01:40:57 -0400] "GET /goodscode/386847699?fileloc=%2F%2Fbin%2Fkill&path=%2F%2Fbin HTTP/1.1" 200 51214 aimdigital.com.au "-" "Mozilla/5.0 AppleWebKit/537.36 (KHTML, like Gecko; compatible; ClaudeBot/1.0; +claudebot@anthropic.com)" "-"
2a03:2880:f800:: - - [30/Mar/2026:01:40:58 -0400] "GET /goodscode/813995743?fileloc=/homepages/21/d4298745088/htdocs/wp-admin/options-permalink.php&path=/homepages/21/d4298745088/htdocs/wp-admin HTTP/1.1" 429 267 aimdigital.com.au "-" "meta-externalagent/1.1 (+https://developers.facebook.com/docs/sharing/webmasters/crawler)" "-"
2a03:2880:f800:: - - [30/Mar/2026:01:41:02 -0400] "GET /goodscode/813995743?fileloc=/homepages/21/d4298745088/htdocs/wp-admin/options-privacy.php&path=/homepages/21/d4298745088/htdocs/wp-admin HTTP/1.1" 429 267 aimdigital.com.au "-" "meta-externalagent/1.1 (+https://developers.facebook.com/docs/sharing/webmasters/crawler)" "-"
216.73.216.0 - - [30/Mar/2026:01:41:02 -0400] "GET /goodscode/392812125?fileloc=%2F%2Fbin%2Fsort&path=%2F%2Fbin HTTP/1.1" 200 189947 aimdigital.com.au "-" "Mozilla/5.0 AppleWebKit/537.36 (KHTML, like Gecko; compatible; ClaudeBot/1.0; +claudebot@anthropic.com)" "-"
91.134.142.0 - - [30/Mar/2026:01:41:04 -0400] "GET /wp-content/plugins/kpbwd/ok.php HTTP/1.1" 403 239 aimdigital.com.au "https://pl8865domm.s3.amazonaws.com/" "Mozilla/5.0 (iPhone; CPU iPhone OS 17_0 like Mac OS X) AppleWebKit/605.1.15 (KHTML, like Gecko) Version/17.0 Mobile/15E148 Safari/604.1" "-"
91.134.142.0 - - [30/Mar/2026:01:41:05 -0400] "GET /favicon.ico HTTP/1.1" 200 75488 aimdigital.com.au "https://aimdigital.com.au/wp-content/plugins/kpbwd/ok.php" "Mozilla/5.0 (iPhone; CPU iPhone OS 17_0 like Mac OS X) AppleWebKit/605.1.15 (KHTML, like Gecko) Version/17.0 Mobile/15E148 Safari/604.1" "-"
23.82.96.0 - - [30/Mar/2026:01:41:05 -0400] "GET /wp-content/plugins/kpbwd/ok.php HTTP/1.1" 403 239 aimdigital.com.au "https://pl8865domm.s3.amazonaws.com/" "Mozilla/5.0 (iPhone; CPU iPhone OS 17_0 like Mac OS X) AppleWebKit/605.1.15 (KHTML, like Gecko) Version/17.0 Mobile/15E148 Safari/604.1" "-"
91.134.43.0 - - [30/Mar/2026:01:41:05 -0400] "GET /wp-content/plugins/kpbwd/ok.php HTTP/1.1" 403 239 aimdigital.com.au "https://pl8865domm.s3.amazonaws.com/" "Mozilla/5.0 (iPhone; CPU iPhone OS 17_0 like Mac OS X) AppleWebKit/605.1.15 (KHTML, like Gecko) Version/17.0 Mobile/15E148 Safari/604.1" "-"
23.82.96.0 - - [30/Mar/2026:01:41:06 -0400] "GET /favicon.ico HTTP/1.1" 200 75488 aimdigital.com.au "https://aimdigital.com.au/wp-content/plugins/kpbwd/ok.php" "Mozilla/5.0 (iPhone; CPU iPhone OS 17_0 like Mac OS X) AppleWebKit/605.1.15 (KHTML, like Gecko) Version/17.0 Mobile/15E148 Safari/604.1" "-"
91.134.43.0 - - [30/Mar/2026:01:41:06 -0400] "GET /favicon.ico HTTP/1.1" 200 75488 aimdigital.com.au "https://aimdigital.com.au/wp-content/plugins/kpbwd/ok.php" "Mozilla/5.0 (iPhone; CPU iPhone OS 17_0 like Mac OS X) AppleWebKit/605.1.15 (KHTML, like Gecko) Version/17.0 Mobile/15E148 Safari/604.1" "-"
2a03:2880:f800:: - - [30/Mar/2026:01:41:07 -0400] "GET /goodscode/813995743?fileloc=/homepages/21/d4298745088/htdocs/wp-admin/media-new.php&path=/homepages/21/d4298745088/htdocs/wp-admin HTTP/1.1" 200 16718 aimdigital.com.au "-" "meta-externalagent/1.1 (+https://developers.facebook.com/docs/sharing/webmasters/crawler)" "-"
216.73.216.0 - - [30/Mar/2026:01:41:07 -0400] "GET /goodscode/3598362123?fileloc=%2F%2Fbin%2Fsort&path=%2F%2Fbin HTTP/1.1" 200 189947 aimdigital.com.au "-" "Mozilla/5.0 AppleWebKit/537.36 (KHTML, like Gecko; compatible; ClaudeBot/1.0; +claudebot@anthropic.com)" "-"
138.199.39.0 - - [30/Mar/2026:01:41:09 -0400] "GET /wp-content/plugins/kpbwd/ok.php HTTP/1.1" 403 239 aimdigital.com.au "https://pl8865domm.s3.amazonaws.com/" "Mozilla/5.0 (iPhone; CPU iPhone OS 17_0 like Mac OS X) AppleWebKit/605.1.15 (KHTML, like Gecko) Version/17.0 Mobile/15E148 Safari/604.1" "-"
138.199.39.0 - - [30/Mar/2026:01:41:09 -0400] "GET /favicon.ico HTTP/1.1" 200 75488 aimdigital.com.au "https://aimdigital.com.au/wp-content/plugins/kpbwd/ok.php" "Mozilla/5.0 (iPhone; CPU iPhone OS 17_0 like Mac OS X) AppleWebKit/605.1.15 (KHTML, like Gecko) Version/17.0 Mobile/15E148 Safari/604.1" "-"
2a03:2880:f800:: - - [30/Mar/2026:01:41:11 -0400] "GET /goodscode/813995743?fileloc=/homepages/21/d4298745088/htdocs/wp-includes/class-wp-navigation-fallback.php&path=/homepages/21/d4298745088/htdocs/wp-includes HTTP/1.1" 200 22799 aimdigital.com.au "-" "meta-externalagent/1.1 (+https://developers.facebook.com/docs/sharing/webmasters/crawler)" "-"
216.73.216.0 - - [30/Mar/2026:01:41:12 -0400] "GET /goodscode/547070911?fileloc=%2F%2Fbin%2Fsort&path=%2F%2Fbin HTTP/1.1" 200 189947 aimdigital.com.au "-" "Mozilla/5.0 AppleWebKit/537.36 (KHTML, like Gecko; compatible; ClaudeBot/1.0; +claudebot@anthropic.com)" "-"
66.249.69.0 - - [30/Mar/2026:01:41:17 -0400] "GET /goodscode/2290053710 HTTP/1.1" 200 373015 aimdigital.com.au "-" "Mozilla/5.0 (Linux; Android 6.0.1; Nexus 5X Build/MMB29P) AppleWebKit/537.36 (KHTML, like Gecko) Chrome/146.0.7680.153 Mobile Safari/537.36 (compatible; GoogleOther)" "-"
216.73.216.0 - - [30/Mar/2026:01:41:17 -0400] "GET /goodscode/3469519952?fileloc=%2F%2Fbin%2Fzstd&path=%2F%2Fbin HTTP/1.1" 200 1518550 aimdigital.com.au "-" "Mozilla/5.0 AppleWebKit/537.36 (KHTML, like Gecko; compatible; ClaudeBot/1.0; +claudebot@anthropic.com)" "-"
216.73.216.0 - - [30/Mar/2026:01:41:22 -0400] "GET /goodscode/2598233267?path=%2Fhomepages%2F16 HTTP/1.1" 200 79467 aimdigital.com.au "-" "Mozilla/5.0 AppleWebKit/537.36 (KHTML, like Gecko; compatible; ClaudeBot/1.0; +claudebot@anthropic.com)" "-"
46.224.147.0 - - [30/Mar/2026:01:41:23 -0400] "GET /wp-content/plugins/kpbwd/ok.php HTTP/1.1" 403 239 aimdigital.com.au "https://pl8865domm.s3.amazonaws.com/" "Mozilla/5.0 (iPhone; CPU iPhone OS 16_0 like Mac OS X) AppleWebKit/605.1.15 (KHTML, like Gecko) Version/16.0 Mobile/15E148 Safari/604.1" "-"
138.199.39.0 - - [30/Mar/2026:01:41:23 -0400] "GET /wp-content/plugins/kpbwd/ok.php HTTP/1.1" 403 239 aimdigital.com.au "https://pl8865domm.s3.amazonaws.com/" "Mozilla/5.0 (Linux; Android 10; K) AppleWebKit/537.36 (KHTML, like Gecko) Chrome/134.0.0.0 Mobile Safari/537.36" "-"
140.235.164.0 - - [30/Mar/2026:01:41:23 -0400] "GET /wp-content/plugins/kpbwd/ok.php HTTP/1.1" 403 239 aimdigital.com.au "https://pl8865domm.s3.amazonaws.com/" "Mozilla/5.0 (Linux; Android 10; K) AppleWebKit/537.36 (KHTML, like Gecko) Chrome/134.0.0.0 Mobile Safari/537.36" "-"
46.224.147.0 - - [30/Mar/2026:01:41:23 -0400] "GET /favicon.ico HTTP/1.1" 200 75488 aimdigital.com.au "https://aimdigital.com.au/wp-content/plugins/kpbwd/ok.php" "Mozilla/5.0 (iPhone; CPU iPhone OS 16_0 like Mac OS X) AppleWebKit/605.1.15 (KHTML, like Gecko) Version/16.0 Mobile/15E148 Safari/604.1" "-"
134.199.132.0 - - [30/Mar/2026:01:41:24 -0400] "GET /wp-content/plugins/kpbwd/ok.php HTTP/1.1" 403 239 aimdigital.com.au "https://pl8865domm.s3.amazonaws.com/" "Mozilla/5.0 (iPhone; CPU iPhone OS 16_0 like Mac OS X) AppleWebKit/605.1.15 (KHTML, like Gecko) Version/16.0 Mobile/15E148 Safari/604.1" "-"
140.235.164.0 - - [30/Mar/2026:01:41:24 -0400] "GET /favicon.ico HTTP/1.1" 200 75488 aimdigital.com.au "https://aimdigital.com.au/wp-content/plugins/kpbwd/ok.php" "Mozilla/5.0 (Linux; Android 10; K) AppleWebKit/537.36 (KHTML, like Gecko) Chrome/134.0.0.0 Mobile Safari/537.36" "-"
106.161.65.0 - - [30/Mar/2026:01:41:24 -0400] "GET /wp-content/plugins/kpbwd/ok.php HTTP/1.1" 403 239 aimdigital.com.au "https://pl8865domm.s3.amazonaws.com/" "Mozilla/5.0 (Linux; Android 10; K) AppleWebKit/537.36 (KHTML, like Gecko) Chrome/134.0.0.0 Mobile Safari/537.36" "-"
138.199.39.0 - - [30/Mar/2026:01:41:24 -0400] "GET /favicon.ico HTTP/1.1" 200 75488 aimdigital.com.au "https://aimdigital.com.au/wp-content/plugins/kpbwd/ok.php" "Mozilla/5.0 (Linux; Android 10; K) AppleWebKit/537.36 (KHTML, like Gecko) Chrome/134.0.0.0 Mobile Safari/537.36" "-"
134.199.132.0 - - [30/Mar/2026:01:41:24 -0400] "GET /favicon.ico HTTP/1.1" 200 75488 aimdigital.com.au "https://aimdigital.com.au/wp-content/plugins/kpbwd/ok.php" "Mozilla/5.0 (iPhone; CPU iPhone OS 16_0 like Mac OS X) AppleWebKit/605.1.15 (KHTML, like Gecko) Version/16.0 Mobile/15E148 Safari/604.1" "-"
185.18.222.0 - - [30/Mar/2026:01:41:25 -0400] "GET /wp-content/plugins/kpbwd/ok.php HTTP/1.1" 403 239 aimdigital.com.au "https://pl8865domm.s3.amazonaws.com/" "Mozilla/5.0 (Linux; Android 10; K) AppleWebKit/537.36 (KHTML, like Gecko) Chrome/134.0.0.0 Mobile Safari/537.36" "-"
106.161.65.0 - - [30/Mar/2026:01:41:25 -0400] "GET /favicon.ico HTTP/1.1" 200 75488 aimdigital.com.au "https://aimdigital.com.au/wp-content/plugins/kpbwd/ok.php" "Mozilla/5.0 (Linux; Android 10; K) AppleWebKit/537.36 (KHTML, like Gecko) Chrome/134.0.0.0 Mobile Safari/537.36" "-"
185.18.222.0 - - [30/Mar/2026:01:41:25 -0400] "GET /favicon.ico HTTP/1.1" 200 75488 aimdigital.com.au "https://aimdigital.com.au/wp-content/plugins/kpbwd/ok.php" "Mozilla/5.0 (Linux; Android 10; K) AppleWebKit/537.36 (KHTML, like Gecko) Chrome/134.0.0.0 Mobile Safari/537.36" "-"
146.190.11.0 - - [30/Mar/2026:01:41:26 -0400] "GET /wp-content/plugins/kpbwd/ok.php HTTP/1.1" 403 239 aimdigital.com.au "https://pl8865domm.s3.amazonaws.com/" "Mozilla/5.0 (iPhone; CPU iPhone OS 16_0 like Mac OS X) AppleWebKit/605.1.15 (KHTML, like Gecko) Version/16.0 Mobile/15E148 Safari/604.1" "-"
185.18.222.0 - - [30/Mar/2026:01:41:27 -0400] "GET /wp-content/plugins/kpbwd/ok.php HTTP/1.1" 403 239 aimdigital.com.au "https://pl8865domm.s3.amazonaws.com/" "Mozilla/5.0 (iPhone; CPU iPhone OS 16_0 like Mac OS X) AppleWebKit/605.1.15 (KHTML, like Gecko) Version/16.0 Mobile/15E148 Safari/604.1" "-"
146.190.11.0 - - [30/Mar/2026:01:41:27 -0400] "GET /favicon.ico HTTP/1.1" 200 75488 aimdigital.com.au "https://aimdigital.com.au/wp-content/plugins/kpbwd/ok.php" "Mozilla/5.0 (iPhone; CPU iPhone OS 16_0 like Mac OS X) AppleWebKit/605.1.15 (KHTML, like Gecko) Version/16.0 Mobile/15E148 Safari/604.1" "-"
185.18.222.0 - - [30/Mar/2026:01:41:27 -0400] "GET /favicon.ico HTTP/1.1" 200 75488 aimdigital.com.au "https://aimdigital.com.au/wp-content/plugins/kpbwd/ok.php" "Mozilla/5.0 (iPhone; CPU iPhone OS 16_0 like Mac OS X) AppleWebKit/605.1.15 (KHTML, like Gecko) Version/16.0 Mobile/15E148 Safari/604.1" "-"
216.73.216.0 - - [30/Mar/2026:01:41:27 -0400] "GET /goodscode/594055181?fileloc=%2F%2Fbin%2Fsort&path=%2F%2Fbin HTTP/1.1" 200 189947 aimdigital.com.au "-" "Mozilla/5.0 AppleWebKit/537.36 (KHTML, like Gecko; compatible; ClaudeBot/1.0; +claudebot@anthropic.com)" "-"
216.73.216.0 - - [30/Mar/2026:01:41:32 -0400] "GET /goodscode/2598233267?path=%2Fhomepages%2F26 HTTP/1.1" 200 96835 aimdigital.com.au "-" "Mozilla/5.0 AppleWebKit/537.36 (KHTML, like Gecko; compatible; ClaudeBot/1.0; +claudebot@anthropic.com)" "-"
74.7.227.0 - - [30/Mar/2026:01:41:33 -0400] "GET /goodscode/5110304?path=//kunden/kunden/run/sshd HTTP/1.1" 200 12762 aimdigital.com.au "https://aimdigital.com.au/goodscode/5110304?path=//kunden/kunden/run" "Mozilla/5.0 AppleWebKit/537.36 (KHTML, like Gecko; compatible; GPTBot/1.3; +https://openai.com/gptbot)" "-"
216.73.216.0 - - [30/Mar/2026:01:41:37 -0400] "GET /goodscode/3469519952?fileloc=%2F%2Fbin%2Fmd5sum.textutils&path=%2F%2Fbin HTTP/1.1" 200 81699 aimdigital.com.au "-" "Mozilla/5.0 AppleWebKit/537.36 (KHTML, like Gecko; compatible; ClaudeBot/1.0; +claudebot@anthropic.com)" "-"
142.44.233.0 - - [30/Mar/2026:01:41:38 -0400] "GET /robots.txt HTTP/1.1" 200 82 aimdigital.com.au "-" "Mozilla/5.0 (compatible; AhrefsBot/7.0; +http://ahrefs.com/robot/)" "-"
54.39.89.0 - - [30/Mar/2026:01:41:41 -0400] "GET /goodscode/777589833 HTTP/1.1" 200 75488 aimdigital.com.au "-" "Mozilla/5.0 (compatible; AhrefsBot/7.0; +http://ahrefs.com/robot/)" "-"
128.90.0.0 - - [30/Mar/2026:01:41:42 -0400] "GET /wp-content/plugins/kpbwd/ok.php HTTP/1.1" 403 239 aimdigital.com.au "https://pl8865domm.s3.amazonaws.com/" "Mozilla/5.0 (iPhone; CPU iPhone OS 17_0 like Mac OS X) AppleWebKit/605.1.15 (KHTML, like Gecko) Version/17.0 Mobile/15E148 Safari/604.1" "-"
2a03:2880:f800:: - - [30/Mar/2026:01:41:42 -0400] "GET /goodscode/3215172742 HTTP/1.1" 200 75488 aimdigital.com.au "-" "meta-externalagent/1.1 (+https://developers.facebook.com/docs/sharing/webmasters/crawler)" "-"
216.73.216.0 - - [30/Mar/2026:01:41:42 -0400] "GET /goodscode/2598233267?path=%2Fhomepages%2F18 HTTP/1.1" 200 82139 aimdigital.com.au "-" "Mozilla/5.0 AppleWebKit/537.36 (KHTML, like Gecko; compatible; ClaudeBot/1.0; +claudebot@anthropic.com)" "-"
46.62.173.0 - - [30/Mar/2026:01:41:43 -0400] "GET /wp-content/plugins/kpbwd/ok.php HTTP/1.1" 403 239 aimdigital.com.au "https://pl8865domm.s3.amazonaws.com/" "Mozilla/5.0 (Linux; Android 10; K) AppleWebKit/537.36 (KHTML, like Gecko) Chrome/137.0.0.0 Mobile Safari/537.36" "-"
209.38.171.0 - - [30/Mar/2026:01:41:43 -0400] "GET /wp-content/plugins/kpbwd/ok.php HTTP/1.1" 403 239 aimdigital.com.au "https://pl8865domm.s3.amazonaws.com/" "Mozilla/5.0 (iPhone; CPU iPhone OS 12_0 like Mac OS X) AppleWebKit/605.1.15 (KHTML, like Gecko) Version/12.0 Mobile/15E148 Safari/604.1" "-"
128.90.0.0 - - [30/Mar/2026:01:41:43 -0400] "GET /favicon.ico HTTP/1.1" 200 75488 aimdigital.com.au "https://aimdigital.com.au/wp-content/plugins/kpbwd/ok.php" "Mozilla/5.0 (iPhone; CPU iPhone OS 17_0 like Mac OS X) AppleWebKit/605.1.15 (KHTML, like Gecko) Version/17.0 Mobile/15E148 Safari/604.1" "-"
66.249.69.0 - - [30/Mar/2026:01:41:44 -0400] "GET /goodscode/3357575644 HTTP/1.1" 200 379868 aimdigital.com.au "-" "Mozilla/5.0 (Linux; Android 6.0.1; Nexus 5X Build/MMB29P) AppleWebKit/537.36 (KHTML, like Gecko) Chrome/146.0.7680.153 Mobile Safari/537.36 (compatible; GoogleOther)" "-"
209.38.171.0 - - [30/Mar/2026:01:41:44 -0400] "GET /favicon.ico HTTP/1.1" 200 75488 aimdigital.com.au "https://aimdigital.com.au/wp-content/plugins/kpbwd/ok.php" "Mozilla/5.0 (iPhone; CPU iPhone OS 12_0 like Mac OS X) AppleWebKit/605.1.15 (KHTML, like Gecko) Version/12.0 Mobile/15E148 Safari/604.1" "-"
46.62.173.0 - - [30/Mar/2026:01:41:44 -0400] "GET /favicon.ico HTTP/1.1" 200 75488 aimdigital.com.au "https://aimdigital.com.au/wp-content/plugins/kpbwd/ok.php" "Mozilla/5.0 (Linux; Android 10; K) AppleWebKit/537.36 (KHTML, like Gecko) Chrome/137.0.0.0 Mobile Safari/537.36" "-"
157.230.71.0 - - [30/Mar/2026:01:41:44 -0400] "GET /wp-content/plugins/kpbwd/ok.php HTTP/1.1" 403 239 aimdigital.com.au "https://pl8865domm.s3.amazonaws.com/" "Mozilla/5.0 (Linux; Android 10; K) AppleWebKit/537.36 (KHTML, like Gecko) Chrome/137.0.0.0 Mobile Safari/537.36" "-"
138.199.39.0 - - [30/Mar/2026:01:41:44 -0400] "GET /wp-content/plugins/kpbwd/ok.php HTTP/1.1" 403 239 aimdigital.com.au "https://pl8865domm.s3.amazonaws.com/" "Mozilla/5.0 (iPhone; CPU iPhone OS 17_0 like Mac OS X) AppleWebKit/605.1.15 (KHTML, like Gecko) Version/17.0 Mobile/15E148 Safari/604.1" "-"
106.161.65.0 - - [30/Mar/2026:01:41:44 -0400] "GET /wp-content/plugins/kpbwd/ok.php HTTP/1.1" 403 239 aimdigital.com.au "https://pl8865domm.s3.amazonaws.com/" "Mozilla/5.0 (iPhone; CPU iPhone OS 17_0 like Mac OS X) AppleWebKit/605.1.15 (KHTML, like Gecko) Version/17.0 Mobile/15E148 Safari/604.1" "-"
134.199.132.0 - - [30/Mar/2026:01:41:44 -0400] "GET /wp-content/plugins/kpbwd/ok.php HTTP/1.1" 403 239 aimdigital.com.au "https://pl8865domm.s3.amazonaws.com/" "Mozilla/5.0 (iPhone; CPU iPhone OS 12_0 like Mac OS X) AppleWebKit/605.1.15 (KHTML, like Gecko) Version/12.0 Mobile/15E148 Safari/604.1" "-"
141.227.129.0 - - [30/Mar/2026:01:41:44 -0400] "GET /wp-content/plugins/kpbwd/ok.php HTTP/1.1" 403 239 aimdigital.com.au "https://pl8865domm.s3.amazonaws.com/" "Mozilla/5.0 (iPhone; CPU iPhone OS 12_0 like Mac OS X) AppleWebKit/605.1.15 (KHTML, like Gecko) Version/12.0 Mobile/15E148 Safari/604.1" "-"
157.230.71.0 - - [30/Mar/2026:01:41:44 -0400] "GET /favicon.ico HTTP/1.1" 200 75488 aimdigital.com.au "https://aimdigital.com.au/wp-content/plugins/kpbwd/ok.php" "Mozilla/5.0 (Linux; Android 10; K) AppleWebKit/537.36 (KHTML, like Gecko) Chrome/137.0.0.0 Mobile Safari/537.36" "-"
138.197.232.0 - - [30/Mar/2026:01:41:45 -0400] "GET /wp-content/plugins/kpbwd/ok.php HTTP/1.1" 403 239 aimdigital.com.au "https://pl8865domm.s3.amazonaws.com/" "Mozilla/5.0 (Linux; Android 10; K) AppleWebKit/537.36 (KHTML, like Gecko) Chrome/137.0.0.0 Mobile Safari/537.36" "-"
134.199.132.0 - - [30/Mar/2026:01:41:45 -0400] "GET /favicon.ico HTTP/1.1" 200 75488 aimdigital.com.au "https://aimdigital.com.au/wp-content/plugins/kpbwd/ok.php" "Mozilla/5.0 (iPhone; CPU iPhone OS 12_0 like Mac OS X) AppleWebKit/605.1.15 (KHTML, like Gecko) Version/12.0 Mobile/15E148 Safari/604.1" "-"
141.227.129.0 - - [30/Mar/2026:01:41:45 -0400] "GET /favicon.ico HTTP/1.1" 200 75488 aimdigital.com.au "https://aimdigital.com.au/wp-content/plugins/kpbwd/ok.php" "Mozilla/5.0 (iPhone; CPU iPhone OS 12_0 like Mac OS X) AppleWebKit/605.1.15 (KHTML, like Gecko) Version/12.0 Mobile/15E148 Safari/604.1" "-"
138.197.232.0 - - [30/Mar/2026:01:41:45 -0400] "GET /favicon.ico HTTP/1.1" 200 75488 aimdigital.com.au "https://aimdigital.com.au/wp-content/plugins/kpbwd/ok.php" "Mozilla/5.0 (Linux; Android 10; K) AppleWebKit/537.36 (KHTML, like Gecko) Chrome/137.0.0.0 Mobile Safari/537.36" "-"
106.161.65.0 - - [30/Mar/2026:01:41:45 -0400] "GET /favicon.ico HTTP/1.1" 200 75488 aimdigital.com.au "https://aimdigital.com.au/wp-content/plugins/kpbwd/ok.php" "Mozilla/5.0 (iPhone; CPU iPhone OS 17_0 like Mac OS X) AppleWebKit/605.1.15 (KHTML, like Gecko) Version/17.0 Mobile/15E148 Safari/604.1" "-"
128.90.0.0 - - [30/Mar/2026:01:41:45 -0400] "GET /wp-content/plugins/kpbwd/ok.php HTTP/1.1" 403 239 aimdigital.com.au "https://pl8865domm.s3.amazonaws.com/" "Mozilla/5.0 (Linux; Android 10; K) AppleWebKit/537.36 (KHTML, like Gecko) Chrome/137.0.0.0 Mobile Safari/537.36" "-"
138.199.39.0 - - [30/Mar/2026:01:41:45 -0400] "GET /favicon.ico HTTP/1.1" 200 75488 aimdigital.com.au "https://aimdigital.com.au/wp-content/plugins/kpbwd/ok.php" "Mozilla/5.0 (iPhone; CPU iPhone OS 17_0 like Mac OS X) AppleWebKit/605.1.15 (KHTML, like Gecko) Version/17.0 Mobile/15E148 Safari/604.1" "-"
128.90.0.0 - - [30/Mar/2026:01:41:46 -0400] "GET /favicon.ico HTTP/1.1" 200 75488 aimdigital.com.au "https://aimdigital.com.au/wp-content/plugins/kpbwd/ok.php" "Mozilla/5.0 (Linux; Android 10; K) AppleWebKit/537.36 (KHTML, like Gecko) Chrome/137.0.0.0 Mobile Safari/537.36" "-"
216.73.216.0 - - [30/Mar/2026:01:41:47 -0400] "GET /goodscode/392812125?fileloc=%2F%2Fbin%2Fkill&path=%2F%2Fbin HTTP/1.1" 200 51214 aimdigital.com.au "-" "Mozilla/5.0 AppleWebKit/537.36 (KHTML, like Gecko; compatible; ClaudeBot/1.0; +claudebot@anthropic.com)" "-"
45.250.255.0 - - [30/Mar/2026:01:41:48 -0400] "GET /wp-content/plugins/kpbwd/ok.php HTTP/1.1" 403 239 aimdigital.com.au "https://pl8865domm.s3.amazonaws.com/" "Mozilla/5.0 (iPhone; CPU iPhone OS 17_0 like Mac OS X) AppleWebKit/605.1.15 (KHTML, like Gecko) Version/17.0 Mobile/15E148 Safari/604.1" "-"
45.250.255.0 - - [30/Mar/2026:01:41:48 -0400] "GET /favicon.ico HTTP/1.1" 200 75488 aimdigital.com.au "https://aimdigital.com.au/wp-content/plugins/kpbwd/ok.php" "Mozilla/5.0 (iPhone; CPU iPhone OS 17_0 like Mac OS X) AppleWebKit/605.1.15 (KHTML, like Gecko) Version/17.0 Mobile/15E148 Safari/604.1" "-"
38.54.124.0 - - [30/Mar/2026:01:41:49 -0400] "GET /wp-content/plugins/kpbwd/ok.php HTTP/1.1" 403 239 aimdigital.com.au "https://pl8865domm.s3.amazonaws.com/" "Mozilla/5.0 (iPhone; CPU iPhone OS 12_0 like Mac OS X) AppleWebKit/605.1.15 (KHTML, like Gecko) Version/12.0 Mobile/15E148 Safari/604.1" "-"
38.54.124.0 - - [30/Mar/2026:01:41:50 -0400] "GET /favicon.ico HTTP/1.1" 200 75488 aimdigital.com.au "https://aimdigital.com.au/wp-content/plugins/kpbwd/ok.php" "Mozilla/5.0 (iPhone; CPU iPhone OS 12_0 like Mac OS X) AppleWebKit/605.1.15 (KHTML, like Gecko) Version/12.0 Mobile/15E148 Safari/604.1" "-"
128.90.0.0 - - [30/Mar/2026:01:41:51 -0400] "GET /wp-content/plugins/kpbwd/ok.php HTTP/1.1" 403 239 aimdigital.com.au "https://pl8865domm.s3.amazonaws.com/" "Mozilla/5.0 (Linux; Android 10; K) AppleWebKit/537.36 (KHTML, like Gecko) Chrome/146.0.0.0 Mobile Safari/537.36" "-"
128.90.0.0 - - [30/Mar/2026:01:41:52 -0400] "GET /favicon.ico HTTP/1.1" 200 75488 aimdigital.com.au "https://aimdigital.com.au/wp-content/plugins/kpbwd/ok.php" "Mozilla/5.0 (Linux; Android 10; K) AppleWebKit/537.36 (KHTML, like Gecko) Chrome/146.0.0.0 Mobile Safari/537.36" "-"
216.73.216.0 - - [30/Mar/2026:01:41:52 -0400] "GET /goodscode/392812125?fileloc=%2F%2Fbin%2Fx86_64-linux-gnu-ranlib&path=%2F%2Fbin HTTP/1.1" 200 87973 aimdigital.com.au "-" "Mozilla/5.0 AppleWebKit/537.36 (KHTML, like Gecko; compatible; ClaudeBot/1.0; +claudebot@anthropic.com)" "-"
57.131.13.0 - - [30/Mar/2026:01:41:54 -0400] "GET /wp-content/plugins/kpbwd/ok.php HTTP/1.1" 403 239 aimdigital.com.au "https://pl8865domm.s3.amazonaws.com/" "Mozilla/5.0 (iPhone; CPU iPhone OS 16_0 like Mac OS X) AppleWebKit/605.1.15 (KHTML, like Gecko) Version/26.0 Mobile/15E148 Safari/604.1" "-"
57.131.13.0 - - [30/Mar/2026:01:41:55 -0400] "GET /favicon.ico HTTP/1.1" 200 75488 aimdigital.com.au "https://aimdigital.com.au/wp-content/plugins/kpbwd/ok.php" "Mozilla/5.0 (iPhone; CPU iPhone OS 16_0 like Mac OS X) AppleWebKit/605.1.15 (KHTML, like Gecko) Version/26.0 Mobile/15E148 Safari/604.1" "-"
