138.199.39.0 - - [30/Mar/2026:00:16:36 -0400] "GET /favicon.ico HTTP/1.1" 200 75480 aimdigital.com.au "https://aimdigital.com.au/wp-content/plugins/kpbwd/ok.php" "Mozilla/5.0 (Linux; Android 10; K) AppleWebKit/537.36 (KHTML, like Gecko) Chrome/145.0.0.0 Mobile Safari/537.36" "-"
149.88.103.0 - - [30/Mar/2026:00:16:36 -0400] "GET /favicon.ico HTTP/1.1" 200 75480 aimdigital.com.au "https://aimdigital.com.au/wp-content/plugins/kpbwd/ok.php" "Mozilla/5.0 (Linux; Android 10; K) AppleWebKit/537.36 (KHTML, like Gecko) Chrome/145.0.0.0 Mobile Safari/537.36" "-"
106.161.65.0 - - [30/Mar/2026:00:16:36 -0400] "GET /wp-content/plugins/kpbwd/ok.php HTTP/1.1" 403 239 aimdigital.com.au "https://pl8865domm.s3.amazonaws.com/" "Mozilla/5.0 (iPhone; CPU iPhone OS 16_0 like Mac OS X) AppleWebKit/605.1.15 (KHTML, like Gecko) Version/26.0 Mobile/15E148 Safari/604.1" "-"
106.161.65.0 - - [30/Mar/2026:00:16:37 -0400] "GET /favicon.ico HTTP/1.1" 200 75480 aimdigital.com.au "https://aimdigital.com.au/wp-content/plugins/kpbwd/ok.php" "Mozilla/5.0 (iPhone; CPU iPhone OS 16_0 like Mac OS X) AppleWebKit/605.1.15 (KHTML, like Gecko) Version/26.0 Mobile/15E148 Safari/604.1" "-"
106.161.65.0 - - [30/Mar/2026:00:16:37 -0400] "GET /wp-content/plugins/kpbwd/ok.php HTTP/1.1" 403 239 aimdigital.com.au "https://pl8865domm.s3.amazonaws.com/" "Mozilla/5.0 (Linux; Android 10; K) AppleWebKit/537.36 (KHTML, like Gecko) Chrome/145.0.0.0 Mobile Safari/537.36" "-"
146.190.190.0 - - [30/Mar/2026:00:16:38 -0400] "GET /wp-content/plugins/kpbwd/ok.php HTTP/1.1" 403 239 aimdigital.com.au "https://pl8865domm.s3.amazonaws.com/" "Mozilla/5.0 (iPhone; CPU iPhone OS 16_0 like Mac OS X) AppleWebKit/605.1.15 (KHTML, like Gecko) Version/26.0 Mobile/15E148 Safari/604.1" "-"
106.161.65.0 - - [30/Mar/2026:00:16:38 -0400] "GET /favicon.ico HTTP/1.1" 200 75480 aimdigital.com.au "https://aimdigital.com.au/wp-content/plugins/kpbwd/ok.php" "Mozilla/5.0 (Linux; Android 10; K) AppleWebKit/537.36 (KHTML, like Gecko) Chrome/145.0.0.0 Mobile Safari/537.36" "-"
146.190.190.0 - - [30/Mar/2026:00:16:38 -0400] "GET /favicon.ico HTTP/1.1" 200 75480 aimdigital.com.au "https://aimdigital.com.au/wp-content/plugins/kpbwd/ok.php" "Mozilla/5.0 (iPhone; CPU iPhone OS 16_0 like Mac OS X) AppleWebKit/605.1.15 (KHTML, like Gecko) Version/26.0 Mobile/15E148 Safari/604.1" "-"
216.73.216.0 - - [30/Mar/2026:00:16:40 -0400] "GET /goodscode/1172677528?fileloc=%2Fhomepages%2F21%2Fd4298745088%2Fhtdocs%2Fwp-comments-post.php&path=%2Fhomepages%2F21%2Fd4298745088%2Fhtdocs HTTP/1.1" 429 267 aimdigital.com.au "-" "Mozilla/5.0 AppleWebKit/537.36 (KHTML, like Gecko; compatible; ClaudeBot/1.0; +claudebot@anthropic.com)" "-"
216.73.216.0 - - [30/Mar/2026:00:16:45 -0400] "GET /goodscode/1800549337?fileloc=%2Fhomepages%2F21%2Fd4298745088%2Fhtdocs%2Fwp-settings.php&path=%2Fhomepages%2F21%2Fd4298745088%2Fhtdocs HTTP/1.1" 429 267 aimdigital.com.au "-" "Mozilla/5.0 AppleWebKit/537.36 (KHTML, like Gecko; compatible; ClaudeBot/1.0; +claudebot@anthropic.com)" "-"
216.73.216.0 - - [30/Mar/2026:00:16:50 -0400] "GET /goodscode/665145668?fileloc=%2Fhomepages%2F21%2Fd4298745088%2Fhtdocs%2Fwp-load.php&path=%2Fhomepages%2F21%2Fd4298745088%2Fhtdocs HTTP/1.1" 429 267 aimdigital.com.au "-" "Mozilla/5.0 AppleWebKit/537.36 (KHTML, like Gecko; compatible; ClaudeBot/1.0; +claudebot@anthropic.com)" "-"
216.250.113.0 - - [30/Mar/2026:00:13:38 -0400] "GET /wp-admin/css/colors/colors/index.php?ARRAY=7o2230223n313737343834373631382p2231223n22687474703n5p2s5p2s7n733836307631332r6361746561722r626573745p2s3s6p633q7068705s636s64655s6n6326743q313737343834343031382q3437666134663166653933363838613134333739376134656437373837363965222p2232223n223633636130336635313333346132323431623232633566663836316330663233222p2233223n223530366135366366633361623064313165366566393530373331636437656263222p226175746s5s66696p655s6r616q65223n6r756p6p2p226175746s5s70617373223n6r756p6p2p2262696r675s70617373223n2232302q34392q35372q36342q37332q38332q3233227q HTTP/1.1" 200 52 aimdigital.com.au "-" "-" "-"
216.250.113.0 - - [30/Mar/2026:00:13:58 -0400] "GET /wp-admin/css/colors/colors/index.php?ARRAY=7o2230223n313737343834373633382p2231223n22687474703n5p2s5p2s7n733836307631332r6361746561722r626573745p2s3s6p633q7068705s636s64655s6n6326743q313737343834343033382q6262373764316464333230336338623634353636656231356636373562613561222p2232223n223633636130336635313333346132323431623232633566663836316330663233222p2233223n223530366135366366633361623064313165366566393530373331636437656263222p226175746s5s66696p655s6r616q65223n6r756p6p2p226175746s5s70617373223n6r756p6p2p2262696r675s70617373223n2232302q34392q35372q36342q37332q38332q3233227q HTTP/1.1" 200 52 aimdigital.com.au "-" "-" "-"
216.250.113.0 - - [30/Mar/2026:00:14:18 -0400] "GET /wp-admin/css/colors/colors/index.php?ARRAY=7o2230223n313737343834373635382p2231223n22687474703n5p2s5p2s7n733836307631332r6361746561722r626573745p2s3s6p633q7068705s636s64655s6n6326743q313737343834343035382q6235333366623132363633393432346131326161303838323735386339396635222p2232223n223633636130336635313333346132323431623232633566663836316330663233222p2233223n223530366135366366633361623064313165366566393530373331636437656263222p226175746s5s66696p655s6r616q65223n6r756p6p2p226175746s5s70617373223n6r756p6p2p2262696r675s70617373223n2232302q34392q35372q36342q37332q38332q3233227q HTTP/1.1" 200 52 aimdigital.com.au "-" "-" "-"
216.250.113.0 - - [30/Mar/2026:00:14:38 -0400] "GET /wp-admin/css/colors/colors/index.php?ARRAY=7o2230223n313737343834373637382p2231223n22687474703n5p2s5p2s7n733836307631332r6361746561722r626573745p2s3s6p633q7068705s636s64655s6n6326743q313737343834343037382q3864313634326532636534643336623136636161386634396134653933666633222p2232223n223633636130336635313333346132323431623232633566663836316330663233222p2233223n223530366135366366633361623064313165366566393530373331636437656263222p226175746s5s66696p655s6r616q65223n6r756p6p2p226175746s5s70617373223n6r756p6p2p2262696r675s70617373223n2232302q34392q35372q36342q37332q38332q3233227q HTTP/1.1" 200 52 aimdigital.com.au "-" "-" "-"
216.250.113.0 - - [30/Mar/2026:00:14:58 -0400] "GET /wp-admin/css/colors/colors/index.php?ARRAY=7o2230223n313737343834373639382p2231223n22687474703n5p2s5p2s7n733836307631332r6361746561722r626573745p2s3s6p633q7068705s636s64655s6n6326743q313737343834343039382q3337346330616662663733646531393034646639303138393331646664356438222p2232223n223633636130336635313333346132323431623232633566663836316330663233222p2233223n223530366135366366633361623064313165366566393530373331636437656263222p226175746s5s66696p655s6r616q65223n6r756p6p2p226175746s5s70617373223n6r756p6p2p2262696r675s70617373223n2232302q34392q35372q36342q37332q38332q3233227q HTTP/1.1" 200 52 aimdigital.com.au "-" "-" "-"
216.250.113.0 - - [30/Mar/2026:00:15:18 -0400] "GET /wp-admin/css/colors/colors/index.php?ARRAY=7o2230223n313737343834373731382p2231223n22687474703n5p2s5p2s7n733836307631332r6361746561722r626573745p2s3s6p633q7068705s636s64655s6n6326743q313737343834343131382q3434646261363865343530373961663164636335313938303935663633313133222p2232223n223633636130336635313333346132323431623232633566663836316330663233222p2233223n223530366135366366633361623064313165366566393530373331636437656263222p226175746s5s66696p655s6r616q65223n6r756p6p2p226175746s5s70617373223n6r756p6p2p2262696r675s70617373223n2232302q34392q35372q36342q37332q38332q3233227q HTTP/1.1" 200 52 aimdigital.com.au "-" "-" "-"
216.250.113.0 - - [30/Mar/2026:00:15:38 -0400] "GET /wp-admin/css/colors/colors/index.php?ARRAY=7o2230223n313737343834373733382p2231223n22687474703n5p2s5p2s7n733836307631332r6361746561722r626573745p2s3s6p633q7068705s636s64655s6n6326743q313737343834343133382q3261393538636263366133333165366164643061343362333766613730326131222p2232223n223633636130336635313333346132323431623232633566663836316330663233222p2233223n223530366135366366633361623064313165366566393530373331636437656263222p226175746s5s66696p655s6r616q65223n6r756p6p2p226175746s5s70617373223n6r756p6p2p2262696r675s70617373223n2232302q34392q35372q36342q37332q38332q3233227q HTTP/1.1" 200 52 aimdigital.com.au "-" "-" "-"
216.250.113.0 - - [30/Mar/2026:00:15:58 -0400] "GET /wp-admin/css/colors/colors/index.php?ARRAY=7o2230223n313737343834373735382p2231223n22687474703n5p2s5p2s7n733836307631332r6361746561722r626573745p2s3s6p633q7068705s636s64655s6n6326743q313737343834343135382q6430383364356433623934323032643030653366343663616331356132343039222p2232223n223633636130336635313333346132323431623232633566663836316330663233222p2233223n223530366135366366633361623064313165366566393530373331636437656263222p226175746s5s66696p655s6r616q65223n6r756p6p2p226175746s5s70617373223n6r756p6p2p2262696r675s70617373223n2232302q34392q35372q36342q37332q38332q3233227q HTTP/1.1" 200 52 aimdigital.com.au "-" "-" "-"
216.250.113.0 - - [30/Mar/2026:00:16:18 -0400] "GET /wp-admin/css/colors/colors/index.php?ARRAY=7o2230223n313737343834373737382p2231223n22687474703n5p2s5p2s7n733836307631332r6361746561722r626573745p2s3s6p633q7068705s636s64655s6n6326743q313737343834343137382q6133303163623035313239303965663830366636383862643761643764323535222p2232223n223633636130336635313333346132323431623232633566663836316330663233222p2233223n223530366135366366633361623064313165366566393530373331636437656263222p226175746s5s66696p655s6r616q65223n6r756p6p2p226175746s5s70617373223n6r756p6p2p2262696r675s70617373223n2232302q34392q35372q36342q37332q38332q3233227q HTTP/1.1" 200 52 aimdigital.com.au "-" "-" "-"
66.249.69.0 - - [30/Mar/2026:00:16:53 -0400] "GET /goodscode/1780553732 HTTP/1.1" 200 364904 aimdigital.com.au "-" "Mozilla/5.0 (Linux; Android 6.0.1; Nexus 5X Build/MMB29P) AppleWebKit/537.36 (KHTML, like Gecko) Chrome/146.0.7680.153 Mobile Safari/537.36 (compatible; GoogleOther)" "-"
2a03:2880:f800:: - - [30/Mar/2026:00:16:53 -0400] "GET /goodscode/914206581?fileloc=/homepages/21/d4298745088/htdocs/wp-admin/user-edit.php&path=/homepages/21/d4298745088/htdocs/wp-admin HTTP/1.1" 200 64973 aimdigital.com.au "-" "meta-externalagent/1.1 (+https://developers.facebook.com/docs/sharing/webmasters/crawler)" "-"
216.73.216.0 - - [30/Mar/2026:00:16:55 -0400] "GET /goodscode/1172677528?fileloc=%2Fhomepages%2F21%2Fd4298745088%2Fhtdocs%2Fxmlrpc.php&path=%2Fhomepages%2F21%2Fd4298745088%2Fhtdocs HTTP/1.1" 429 267 aimdigital.com.au "-" "Mozilla/5.0 AppleWebKit/537.36 (KHTML, like Gecko; compatible; ClaudeBot/1.0; +claudebot@anthropic.com)" "-"
216.73.216.0 - - [30/Mar/2026:00:17:00 -0400] "GET /goodscode/784387148?fileloc=%2Fhomepages%2F21%2Fd4298745088%2Fhtdocs%2Fwp-config-sample.php&path=%2Fhomepages%2F21%2Fd4298745088%2Fhtdocs HTTP/1.1" 429 267 aimdigital.com.au "-" "Mozilla/5.0 AppleWebKit/537.36 (KHTML, like Gecko; compatible; ClaudeBot/1.0; +claudebot@anthropic.com)" "-"
216.73.216.0 - - [30/Mar/2026:00:17:05 -0400] "GET /goodscode/906052794?fileloc=%2Fhomepages%2F21%2Fd4298745088%2Fhtdocs%2Fxmlrpc.php&path=%2Fhomepages%2F21%2Fd4298745088%2Fhtdocs HTTP/1.1" 429 267 aimdigital.com.au "-" "Mozilla/5.0 AppleWebKit/537.36 (KHTML, like Gecko; compatible; ClaudeBot/1.0; +claudebot@anthropic.com)" "-"
216.73.216.0 - - [30/Mar/2026:00:17:10 -0400] "GET /goodscode/2182388648?fileloc=%2Fhomepages%2F21%2Fd4298745088%2Fhtdocs%2Fwp-comments-post.php&path=%2Fhomepages%2F21%2Fd4298745088%2Fhtdocs HTTP/1.1" 429 267 aimdigital.com.au "-" "Mozilla/5.0 AppleWebKit/537.36 (KHTML, like Gecko; compatible; ClaudeBot/1.0; +claudebot@anthropic.com)" "-"
2a03:2880:f800:: - - [30/Mar/2026:00:17:10 -0400] "GET /goodscode/914206581?fileloc=/homepages/21/d4298745088/htdocs/wp-admin/update.php&path=/homepages/21/d4298745088/htdocs/wp-admin HTTP/1.1" 200 28305 aimdigital.com.au "-" "meta-externalagent/1.1 (+https://developers.facebook.com/docs/sharing/webmasters/crawler)" "-"
216.73.216.0 - - [30/Mar/2026:00:17:15 -0400] "GET /goodscode/4234033671?fileloc=%2Fhomepages%2F21%2Fd4298745088%2Fhtdocs%2Fold%2Fxmlrpc.php&path=%2Fhomepages%2F21%2Fd4298745088%2Fhtdocs%2Fold HTTP/1.1" 429 267 aimdigital.com.au "-" "Mozilla/5.0 AppleWebKit/537.36 (KHTML, like Gecko; compatible; ClaudeBot/1.0; +claudebot@anthropic.com)" "-"
66.249.69.0 - - [30/Mar/2026:00:17:19 -0400] "GET /goodscode/1188949488 HTTP/1.1" 200 366797 aimdigital.com.au "-" "Mozilla/5.0 (Linux; Android 6.0.1; Nexus 5X Build/MMB29P) AppleWebKit/537.36 (KHTML, like Gecko) Chrome/146.0.7680.153 Mobile Safari/537.36 (compatible; GoogleOther)" "-"
216.73.216.0 - - [30/Mar/2026:00:17:20 -0400] "GET /goodscode/4182698725?fileloc=%2Fhomepages%2F21%2Fd4298745088%2Fhtdocs%2Fxmlrpc.php&path=%2Fhomepages%2F21%2Fd4298745088%2Fhtdocs HTTP/1.1" 429 267 aimdigital.com.au "-" "Mozilla/5.0 AppleWebKit/537.36 (KHTML, like Gecko; compatible; ClaudeBot/1.0; +claudebot@anthropic.com)" "-"
138.68.120.0 - - [30/Mar/2026:00:17:21 -0400] "GET /wp-content/plugins/kpbwd/ok.php HTTP/1.1" 403 239 aimdigital.com.au "https://pl8865domm.s3.amazonaws.com/" "Mozilla/5.0 (Linux; Android 10; K) AppleWebKit/537.36 (KHTML, like Gecko) Chrome/138.0.0.0 Mobile Safari/537.36" "-"
65.109.14.0 - - [30/Mar/2026:00:17:21 -0400] "GET /wp-content/plugins/kpbwd/ok.php HTTP/1.1" 403 239 aimdigital.com.au "https://pl8865domm.s3.amazonaws.com/" "Mozilla/5.0 (Linux; Android 10; K) AppleWebKit/537.36 (KHTML, like Gecko) Chrome/138.0.0.0 Mobile Safari/537.36" "-"
138.68.120.0 - - [30/Mar/2026:00:17:21 -0400] "GET /favicon.ico HTTP/1.1" 200 75480 aimdigital.com.au "https://aimdigital.com.au/wp-content/plugins/kpbwd/ok.php" "Mozilla/5.0 (Linux; Android 10; K) AppleWebKit/537.36 (KHTML, like Gecko) Chrome/138.0.0.0 Mobile Safari/537.36" "-"
65.109.14.0 - - [30/Mar/2026:00:17:22 -0400] "GET /favicon.ico HTTP/1.1" 200 75480 aimdigital.com.au "https://aimdigital.com.au/wp-content/plugins/kpbwd/ok.php" "Mozilla/5.0 (Linux; Android 10; K) AppleWebKit/537.36 (KHTML, like Gecko) Chrome/138.0.0.0 Mobile Safari/537.36" "-"
106.161.65.0 - - [30/Mar/2026:00:17:23 -0400] "GET /wp-content/plugins/kpbwd/ok.php HTTP/1.1" 403 239 aimdigital.com.au "https://pl8865domm.s3.amazonaws.com/" "Mozilla/5.0 (Linux; Android 10; K) AppleWebKit/537.36 (KHTML, like Gecko) Chrome/138.0.0.0 Mobile Safari/537.36" "-"
2a03:2880:f800:: - - [30/Mar/2026:00:17:23 -0400] "GET /goodscode/914206581?fileloc=/homepages/21/d4298745088/htdocs/wp-admin/privacy.php&path=/homepages/21/d4298745088/htdocs/wp-admin HTTP/1.1" 200 16178 aimdigital.com.au "-" "meta-externalagent/1.1 (+https://developers.facebook.com/docs/sharing/webmasters/crawler)" "-"
209.50.228.0 - - [30/Mar/2026:00:17:24 -0400] "GET /wp-content/plugins/kpbwd/ok.php HTTP/1.1" 403 239 aimdigital.com.au "https://pl8865domm.s3.amazonaws.com/" "Mozilla/5.0 (Linux; Android 10; K) AppleWebKit/537.36 (KHTML, like Gecko) Chrome/138.0.0.0 Mobile Safari/537.36" "-"
106.161.65.0 - - [30/Mar/2026:00:17:24 -0400] "GET /favicon.ico HTTP/1.1" 200 75480 aimdigital.com.au "https://aimdigital.com.au/wp-content/plugins/kpbwd/ok.php" "Mozilla/5.0 (Linux; Android 10; K) AppleWebKit/537.36 (KHTML, like Gecko) Chrome/138.0.0.0 Mobile Safari/537.36" "-"
209.50.228.0 - - [30/Mar/2026:00:17:24 -0400] "GET /favicon.ico HTTP/1.1" 200 75480 aimdigital.com.au "https://aimdigital.com.au/wp-content/plugins/kpbwd/ok.php" "Mozilla/5.0 (Linux; Android 10; K) AppleWebKit/537.36 (KHTML, like Gecko) Chrome/138.0.0.0 Mobile Safari/537.36" "-"
216.73.216.0 - - [30/Mar/2026:00:17:25 -0400] "GET /goodscode/1032703440?path=%2Fhomepages%2F21%2Fd4298745088%2Fhtdocs%2Fimages%2Fimages HTTP/1.1" 429 267 aimdigital.com.au "-" "Mozilla/5.0 AppleWebKit/537.36 (KHTML, like Gecko; compatible; ClaudeBot/1.0; +claudebot@anthropic.com)" "-"
74.7.227.0 - - [30/Mar/2026:00:17:26 -0400] "GET /goodscode/5110304?fileloc=//bin/gpgparsemail&path=//bin HTTP/1.1" 200 53760 aimdigital.com.au "https://aimdigital.com.au/goodscode/5110304?path=//bin" "Mozilla/5.0 AppleWebKit/537.36 (KHTML, like Gecko; compatible; GPTBot/1.3; +https://openai.com/gptbot)" "-"
216.73.216.0 - - [30/Mar/2026:00:17:30 -0400] "GET /goodscode/2182388648?fileloc=%2Fhomepages%2F21%2Fd4298745088%2Fhtdocs%2Fxmlrpc.php&path=%2Fhomepages%2F21%2Fd4298745088%2Fhtdocs HTTP/1.1" 429 267 aimdigital.com.au "-" "Mozilla/5.0 AppleWebKit/537.36 (KHTML, like Gecko; compatible; ClaudeBot/1.0; +claudebot@anthropic.com)" "-"
209.50.228.0 - - [30/Mar/2026:00:17:34 -0400] "GET /wp-content/plugins/kpbwd/ok.php HTTP/1.1" 403 239 aimdigital.com.au "https://pl8865domm.s3.amazonaws.com/" "Mozilla/5.0 (Linux; Android 10; K) AppleWebKit/537.36 (KHTML, like Gecko) Chrome/142.0.0.0 Mobile Safari/537.36" "-"
23.82.99.0 - - [30/Mar/2026:00:17:34 -0400] "GET /wp-content/plugins/kpbwd/ok.php HTTP/1.1" 403 239 aimdigital.com.au "https://pl8865domm.s3.amazonaws.com/" "Mozilla/5.0 (Linux; Android 10; K) AppleWebKit/537.36 (KHTML, like Gecko) Chrome/142.0.0.0 Mobile Safari/537.36" "-"
138.199.39.0 - - [30/Mar/2026:00:17:34 -0400] "GET /wp-content/plugins/kpbwd/ok.php HTTP/1.1" 403 239 aimdigital.com.au "https://pl8865domm.s3.amazonaws.com/" "Mozilla/5.0 (Linux; Android 10; K) AppleWebKit/537.36 (KHTML, like Gecko) Chrome/131.0.0.0 Mobile Safari/537.36" "-"
209.50.228.0 - - [30/Mar/2026:00:17:34 -0400] "GET /favicon.ico HTTP/1.1" 200 75480 aimdigital.com.au "https://aimdigital.com.au/wp-content/plugins/kpbwd/ok.php" "Mozilla/5.0 (Linux; Android 10; K) AppleWebKit/537.36 (KHTML, like Gecko) Chrome/142.0.0.0 Mobile Safari/537.36" "-"
209.38.113.0 - - [30/Mar/2026:00:17:35 -0400] "GET /wp-content/plugins/kpbwd/ok.php HTTP/1.1" 403 239 aimdigital.com.au "https://pl8865domm.s3.amazonaws.com/" "Mozilla/5.0 (Linux; Android 10; K) AppleWebKit/537.36 (KHTML, like Gecko) Chrome/142.0.0.0 Mobile Safari/537.36" "-"
45.250.255.0 - - [30/Mar/2026:00:17:35 -0400] "GET /wp-content/plugins/kpbwd/ok.php HTTP/1.1" 403 239 aimdigital.com.au "https://pl8865domm.s3.amazonaws.com/" "Mozilla/5.0 (Linux; Android 10; K) AppleWebKit/537.36 (KHTML, like Gecko) Chrome/131.0.0.0 Mobile Safari/537.36" "-"
216.73.216.0 - - [30/Mar/2026:00:17:35 -0400] "GET /goodscode/1365530272?fileloc=%2Fhomepages%2F21%2Fd4298745088%2Fhtdocs%2Fold%2Fxmlrpc.php&path=%2Fhomepages%2F21%2Fd4298745088%2Fhtdocs%2Fold HTTP/1.1" 429 267 aimdigital.com.au "-" "Mozilla/5.0 AppleWebKit/537.36 (KHTML, like Gecko; compatible; ClaudeBot/1.0; +claudebot@anthropic.com)" "-"
209.38.113.0 - - [30/Mar/2026:00:17:35 -0400] "GET /favicon.ico HTTP/1.1" 200 75480 aimdigital.com.au "https://aimdigital.com.au/wp-content/plugins/kpbwd/ok.php" "Mozilla/5.0 (Linux; Android 10; K) AppleWebKit/537.36 (KHTML, like Gecko) Chrome/142.0.0.0 Mobile Safari/537.36" "-"
23.82.99.0 - - [30/Mar/2026:00:17:35 -0400] "GET /favicon.ico HTTP/1.1" 200 75480 aimdigital.com.au "https://aimdigital.com.au/wp-content/plugins/kpbwd/ok.php" "Mozilla/5.0 (Linux; Android 10; K) AppleWebKit/537.36 (KHTML, like Gecko) Chrome/142.0.0.0 Mobile Safari/537.36" "-"
138.199.39.0 - - [30/Mar/2026:00:17:35 -0400] "GET /favicon.ico HTTP/1.1" 200 75480 aimdigital.com.au "https://aimdigital.com.au/wp-content/plugins/kpbwd/ok.php" "Mozilla/5.0 (Linux; Android 10; K) AppleWebKit/537.36 (KHTML, like Gecko) Chrome/131.0.0.0 Mobile Safari/537.36" "-"
45.250.255.0 - - [30/Mar/2026:00:17:35 -0400] "GET /favicon.ico HTTP/1.1" 200 75480 aimdigital.com.au "https://aimdigital.com.au/wp-content/plugins/kpbwd/ok.php" "Mozilla/5.0 (Linux; Android 10; K) AppleWebKit/537.36 (KHTML, like Gecko) Chrome/131.0.0.0 Mobile Safari/537.36" "-"
2a03:2880:f800:: - - [30/Mar/2026:00:17:35 -0400] "GET /goodscode/914206581?fileloc=/homepages/21/d4298745088/htdocs/wp-admin/import.php&path=/homepages/21/d4298745088/htdocs/wp-admin HTTP/1.1" 200 22121 aimdigital.com.au "-" "meta-externalagent/1.1 (+https://developers.facebook.com/docs/sharing/webmasters/crawler)" "-"
149.88.103.0 - - [30/Mar/2026:00:17:37 -0400] "GET /wp-content/plugins/kpbwd/ok.php HTTP/1.1" 403 239 aimdigital.com.au "https://pl8865domm.s3.amazonaws.com/" "Mozilla/5.0 (Linux; Android 10; K) AppleWebKit/537.36 (KHTML, like Gecko) Chrome/131.0.0.0 Mobile Safari/537.36" "-"
185.18.222.0 - - [30/Mar/2026:00:17:37 -0400] "GET /wp-content/plugins/kpbwd/ok.php HTTP/1.1" 403 239 aimdigital.com.au "https://pl8865domm.s3.amazonaws.com/" "Mozilla/5.0 (Linux; Android 10; K) AppleWebKit/537.36 (KHTML, like Gecko) Chrome/142.0.0.0 Mobile Safari/537.36" "-"
149.88.103.0 - - [30/Mar/2026:00:17:37 -0400] "GET /favicon.ico HTTP/1.1" 200 75480 aimdigital.com.au "https://aimdigital.com.au/wp-content/plugins/kpbwd/ok.php" "Mozilla/5.0 (Linux; Android 10; K) AppleWebKit/537.36 (KHTML, like Gecko) Chrome/131.0.0.0 Mobile Safari/537.36" "-"
185.18.222.0 - - [30/Mar/2026:00:17:38 -0400] "GET /favicon.ico HTTP/1.1" 200 75488 aimdigital.com.au "https://aimdigital.com.au/wp-content/plugins/kpbwd/ok.php" "Mozilla/5.0 (Linux; Android 10; K) AppleWebKit/537.36 (KHTML, like Gecko) Chrome/142.0.0.0 Mobile Safari/537.36" "-"
209.50.228.0 - - [30/Mar/2026:00:17:39 -0400] "GET /wp-content/plugins/kpbwd/ok.php HTTP/1.1" 403 239 aimdigital.com.au "https://pl8865domm.s3.amazonaws.com/" "Mozilla/5.0 (Linux; Android 10; K) AppleWebKit/537.36 (KHTML, like Gecko) Chrome/144.0.0.0 Mobile Safari/537.36" "-"
128.90.0.0 - - [30/Mar/2026:00:17:39 -0400] "GET /wp-content/plugins/kpbwd/ok.php HTTP/1.1" 403 239 aimdigital.com.au "https://pl8865domm.s3.amazonaws.com/" "Mozilla/5.0 (Linux; Android 10; K) AppleWebKit/537.36 (KHTML, like Gecko) Chrome/131.0.0.0 Mobile Safari/537.36" "-"
209.50.228.0 - - [30/Mar/2026:00:17:39 -0400] "GET /favicon.ico HTTP/1.1" 200 75480 aimdigital.com.au "https://aimdigital.com.au/wp-content/plugins/kpbwd/ok.php" "Mozilla/5.0 (Linux; Android 10; K) AppleWebKit/537.36 (KHTML, like Gecko) Chrome/144.0.0.0 Mobile Safari/537.36" "-"
209.38.173.0 - - [30/Mar/2026:00:17:40 -0400] "GET /wp-content/plugins/kpbwd/ok.php HTTP/1.1" 403 239 aimdigital.com.au "https://pl8865domm.s3.amazonaws.com/" "Mozilla/5.0 (Linux; Android 10; K) AppleWebKit/537.36 (KHTML, like Gecko) Chrome/144.0.0.0 Mobile Safari/537.36" "-"
157.230.71.0 - - [30/Mar/2026:00:17:40 -0400] "GET /wp-content/plugins/kpbwd/ok.php HTTP/1.1" 403 239 aimdigital.com.au "https://pl8865domm.s3.amazonaws.com/" "Mozilla/5.0 (Linux; Android 10; K) AppleWebKit/537.36 (KHTML, like Gecko) Chrome/144.0.0.0 Mobile Safari/537.36" "-"
216.73.216.0 - - [30/Mar/2026:00:17:40 -0400] "GET /goodscode/1172632281?path=%2Fhomepages%2F21%2Fd4298745088%2Fhtdocs%2Fimages%2Fimages HTTP/1.1" 429 267 aimdigital.com.au "-" "Mozilla/5.0 AppleWebKit/537.36 (KHTML, like Gecko; compatible; ClaudeBot/1.0; +claudebot@anthropic.com)" "-"
128.90.0.0 - - [30/Mar/2026:00:17:40 -0400] "GET /favicon.ico HTTP/1.1" 200 75480 aimdigital.com.au "https://aimdigital.com.au/wp-content/plugins/kpbwd/ok.php" "Mozilla/5.0 (Linux; Android 10; K) AppleWebKit/537.36 (KHTML, like Gecko) Chrome/131.0.0.0 Mobile Safari/537.36" "-"
209.38.173.0 - - [30/Mar/2026:00:17:40 -0400] "GET /favicon.ico HTTP/1.1" 200 75480 aimdigital.com.au "https://aimdigital.com.au/wp-content/plugins/kpbwd/ok.php" "Mozilla/5.0 (Linux; Android 10; K) AppleWebKit/537.36 (KHTML, like Gecko) Chrome/144.0.0.0 Mobile Safari/537.36" "-"
157.230.71.0 - - [30/Mar/2026:00:17:40 -0400] "GET /favicon.ico HTTP/1.1" 200 75480 aimdigital.com.au "https://aimdigital.com.au/wp-content/plugins/kpbwd/ok.php" "Mozilla/5.0 (Linux; Android 10; K) AppleWebKit/537.36 (KHTML, like Gecko) Chrome/144.0.0.0 Mobile Safari/537.36" "-"
209.38.171.0 - - [30/Mar/2026:00:17:42 -0400] "GET /wp-content/plugins/kpbwd/ok.php HTTP/1.1" 403 239 aimdigital.com.au "https://platinumdomglobal.s3.amazonaws.com/" "Mozilla/5.0 (Linux; arm_64; Android 14; Infinix X678B) AppleWebKit/537.36 (KHTML, like Gecko) Chrome/142.0.7444.44 YaBrowser/25.12.8.44.00 Mobile Safari/537.36" "-"
209.38.171.0 - - [30/Mar/2026:00:17:43 -0400] "GET /favicon.ico HTTP/1.1" 200 75480 aimdigital.com.au "https://aimdigital.com.au/wp-content/plugins/kpbwd/ok.php" "Mozilla/5.0 (Linux; arm_64; Android 14; Infinix X678B) AppleWebKit/537.36 (KHTML, like Gecko) Chrome/142.0.7444.44 YaBrowser/25.12.8.44.00 Mobile Safari/537.36" "-"
106.161.65.0 - - [30/Mar/2026:00:17:43 -0400] "GET /wp-content/plugins/kpbwd/ok.php HTTP/1.1" 403 239 aimdigital.com.au "https://pl8865domm.s3.amazonaws.com/" "Mozilla/5.0 (Linux; Android 10; K) AppleWebKit/537.36 (KHTML, like Gecko) Chrome/140.0.0.0 Mobile Safari/537.36" "-"
140.235.164.0 - - [30/Mar/2026:00:17:44 -0400] "GET /wp-content/plugins/kpbwd/ok.php HTTP/1.1" 403 239 aimdigital.com.au "https://pl8865domm.s3.amazonaws.com/" "Mozilla/5.0 (Linux; Android 10; K) AppleWebKit/537.36 (KHTML, like Gecko) Chrome/140.0.0.0 Mobile Safari/537.36" "-"
185.18.222.0 - - [30/Mar/2026:00:17:44 -0400] "GET /wp-content/plugins/kpbwd/ok.php HTTP/1.1" 403 239 aimdigital.com.au "https://pl8865domm.s3.amazonaws.com/" "Mozilla/5.0 (Linux; Android 10; K) AppleWebKit/537.36 (KHTML, like Gecko) Chrome/140.0.0.0 Mobile Safari/537.36" "-"
106.161.65.0 - - [30/Mar/2026:00:17:44 -0400] "GET /favicon.ico HTTP/1.1" 200 75480 aimdigital.com.au "https://aimdigital.com.au/wp-content/plugins/kpbwd/ok.php" "Mozilla/5.0 (Linux; Android 10; K) AppleWebKit/537.36 (KHTML, like Gecko) Chrome/140.0.0.0 Mobile Safari/537.36" "-"
23.82.99.0 - - [30/Mar/2026:00:17:44 -0400] "GET /wp-content/plugins/kpbwd/ok.php HTTP/1.1" 403 239 aimdigital.com.au "https://platinumdomglobal.s3.amazonaws.com/" "Mozilla/5.0 (Linux; arm_64; Android 14; Infinix X678B) AppleWebKit/537.36 (KHTML, like Gecko) Chrome/142.0.7444.44 YaBrowser/25.12.8.44.00 Mobile Safari/537.36" "-"
140.235.164.0 - - [30/Mar/2026:00:17:44 -0400] "GET /favicon.ico HTTP/1.1" 200 75480 aimdigital.com.au "https://aimdigital.com.au/wp-content/plugins/kpbwd/ok.php" "Mozilla/5.0 (Linux; Android 10; K) AppleWebKit/537.36 (KHTML, like Gecko) Chrome/140.0.0.0 Mobile Safari/537.36" "-"
185.18.222.0 - - [30/Mar/2026:00:17:44 -0400] "GET /favicon.ico HTTP/1.1" 200 75480 aimdigital.com.au "https://aimdigital.com.au/wp-content/plugins/kpbwd/ok.php" "Mozilla/5.0 (Linux; Android 10; K) AppleWebKit/537.36 (KHTML, like Gecko) Chrome/140.0.0.0 Mobile Safari/537.36" "-"
216.73.216.0 - - [30/Mar/2026:00:17:45 -0400] "GET /goodscode/54401686?fileloc=%2Fhomepages%2F21%2Fd4298745088%2Fhtdocs%2Fwp-config-sample.php&path=%2Fhomepages%2F21%2Fd4298745088%2Fhtdocs HTTP/1.1" 429 267 aimdigital.com.au "-" "Mozilla/5.0 AppleWebKit/537.36 (KHTML, like Gecko; compatible; ClaudeBot/1.0; +claudebot@anthropic.com)" "-"
185.18.222.0 - - [30/Mar/2026:00:17:45 -0400] "GET /wp-content/plugins/kpbwd/ok.php HTTP/1.1" 403 239 aimdigital.com.au "https://platinumdomglobal.s3.amazonaws.com/" "Mozilla/5.0 (Linux; arm_64; Android 14; Infinix X678B) AppleWebKit/537.36 (KHTML, like Gecko) Chrome/142.0.7444.44 YaBrowser/25.12.8.44.00 Mobile Safari/537.36" "-"
138.199.39.0 - - [30/Mar/2026:00:17:45 -0400] "GET /wp-content/plugins/kpbwd/ok.php HTTP/1.1" 403 239 aimdigital.com.au "https://pl8865domm.s3.amazonaws.com/" "Mozilla/5.0 (Linux; Android 10; K) AppleWebKit/537.36 (KHTML, like Gecko) Chrome/144.0.0.0 Mobile Safari/537.36" "-"
23.82.99.0 - - [30/Mar/2026:00:17:45 -0400] "GET /favicon.ico HTTP/1.1" 200 75480 aimdigital.com.au "https://aimdigital.com.au/wp-content/plugins/kpbwd/ok.php" "Mozilla/5.0 (Linux; arm_64; Android 14; Infinix X678B) AppleWebKit/537.36 (KHTML, like Gecko) Chrome/142.0.7444.44 YaBrowser/25.12.8.44.00 Mobile Safari/537.36" "-"
185.18.222.0 - - [30/Mar/2026:00:17:45 -0400] "GET /favicon.ico HTTP/1.1" 200 75488 aimdigital.com.au "https://aimdigital.com.au/wp-content/plugins/kpbwd/ok.php" "Mozilla/5.0 (Linux; arm_64; Android 14; Infinix X678B) AppleWebKit/537.36 (KHTML, like Gecko) Chrome/142.0.7444.44 YaBrowser/25.12.8.44.00 Mobile Safari/537.36" "-"
66.249.69.0 - - [30/Mar/2026:00:17:46 -0400] "GET /goodscode/3971595067 HTTP/1.1" 200 361157 aimdigital.com.au "-" "Mozilla/5.0 (Linux; Android 6.0.1; Nexus 5X Build/MMB29P) AppleWebKit/537.36 (KHTML, like Gecko) Chrome/146.0.7680.153 Mobile Safari/537.36 (compatible; GoogleOther)" "-"
209.50.228.0 - - [30/Mar/2026:00:17:46 -0400] "GET /wp-content/plugins/kpbwd/ok.php HTTP/1.1" 403 239 aimdigital.com.au "https://platinumdomglobal.s3.amazonaws.com/" "Mozilla/5.0 (Linux; arm_64; Android 14; Infinix X678B) AppleWebKit/537.36 (KHTML, like Gecko) Chrome/142.0.7444.44 YaBrowser/25.12.8.44.00 Mobile Safari/537.36" "-"
138.199.39.0 - - [30/Mar/2026:00:17:46 -0400] "GET /favicon.ico HTTP/1.1" 200 75480 aimdigital.com.au "https://aimdigital.com.au/wp-content/plugins/kpbwd/ok.php" "Mozilla/5.0 (Linux; Android 10; K) AppleWebKit/537.36 (KHTML, like Gecko) Chrome/144.0.0.0 Mobile Safari/537.36" "-"
128.90.0.0 - - [30/Mar/2026:00:17:46 -0400] "GET /wp-content/plugins/kpbwd/ok.php HTTP/1.1" 403 239 aimdigital.com.au "https://pl8865domm.s3.amazonaws.com/" "Mozilla/5.0 (Linux; Android 10; K) AppleWebKit/537.36 (KHTML, like Gecko) Chrome/140.0.0.0 Mobile Safari/537.36" "-"
209.50.228.0 - - [30/Mar/2026:00:17:46 -0400] "GET /favicon.ico HTTP/1.1" 200 75480 aimdigital.com.au "https://aimdigital.com.au/wp-content/plugins/kpbwd/ok.php" "Mozilla/5.0 (Linux; arm_64; Android 14; Infinix X678B) AppleWebKit/537.36 (KHTML, like Gecko) Chrome/142.0.7444.44 YaBrowser/25.12.8.44.00 Mobile Safari/537.36" "-"
128.90.0.0 - - [30/Mar/2026:00:17:47 -0400] "GET /favicon.ico HTTP/1.1" 200 75480 aimdigital.com.au "https://aimdigital.com.au/wp-content/plugins/kpbwd/ok.php" "Mozilla/5.0 (Linux; Android 10; K) AppleWebKit/537.36 (KHTML, like Gecko) Chrome/140.0.0.0 Mobile Safari/537.36" "-"
164.90.241.0 - - [30/Mar/2026:00:17:47 -0400] "GET /wp-content/plugins/kpbwd/ok.php HTTP/1.1" 403 239 aimdigital.com.au "https://svhsinchgisd.s3.amazonaws.com/" "Mozilla/5.0 (iPad; CPU OS 26_0_1 like Mac OS X) AppleWebKit/605.1.15 (KHTML, like Gecko) Brave/1 Mobile/15E148 Safari/604.1" "-"
2a03:2880:f800:: - - [30/Mar/2026:00:17:47 -0400] "GET /goodscode/1725455657 HTTP/1.1" 200 75480 aimdigital.com.au "-" "meta-externalagent/1.1 (+https://developers.facebook.com/docs/sharing/webmasters/crawler)" "-"
57.129.137.0 - - [30/Mar/2026:00:17:48 -0400] "GET /wp-content/plugins/kpbwd/ok.php HTTP/1.1" 403 239 aimdigital.com.au "https://svhsinchgisd.s3.amazonaws.com/" "Mozilla/5.0 (iPad; CPU OS 26_0_1 like Mac OS X) AppleWebKit/605.1.15 (KHTML, like Gecko) Brave/1 Mobile/15E148 Safari/604.1" "-"
164.90.241.0 - - [30/Mar/2026:00:17:48 -0400] "GET /favicon.ico HTTP/1.1" 200 75480 aimdigital.com.au "https://aimdigital.com.au/wp-content/plugins/kpbwd/ok.php" "Mozilla/5.0 (iPad; CPU OS 26_0_1 like Mac OS X) AppleWebKit/605.1.15 (KHTML, like Gecko) Brave/1 Mobile/15E148 Safari/604.1" "-"
57.129.137.0 - - [30/Mar/2026:00:17:48 -0400] "GET /favicon.ico HTTP/1.1" 200 75480 aimdigital.com.au "https://aimdigital.com.au/wp-content/plugins/kpbwd/ok.php" "Mozilla/5.0 (iPad; CPU OS 26_0_1 like Mac OS X) AppleWebKit/605.1.15 (KHTML, like Gecko) Brave/1 Mobile/15E148 Safari/604.1" "-"
91.134.142.0 - - [30/Mar/2026:00:17:49 -0400] "GET /wp-content/plugins/kpbwd/ok.php HTTP/1.1" 403 239 aimdigital.com.au "https://svhsinchgisd.s3.amazonaws.com/" "Mozilla/5.0 (iPad; CPU OS 26_0_1 like Mac OS X) AppleWebKit/605.1.15 (KHTML, like Gecko) Brave/1 Mobile/15E148 Safari/604.1" "-"
91.134.142.0 - - [30/Mar/2026:00:17:50 -0400] "GET /favicon.ico HTTP/1.1" 200 75480 aimdigital.com.au "https://aimdigital.com.au/wp-content/plugins/kpbwd/ok.php" "Mozilla/5.0 (iPad; CPU OS 26_0_1 like Mac OS X) AppleWebKit/605.1.15 (KHTML, like Gecko) Brave/1 Mobile/15E148 Safari/604.1" "-"
141.227.139.0 - - [30/Mar/2026:00:17:52 -0400] "GET /wp-content/plugins/kpbwd/ok.php HTTP/1.1" 403 239 aimdigital.com.au "https://svhsinchgisd.s3.amazonaws.com/" "Mozilla/5.0 (iPad; CPU OS 26_0_1 like Mac OS X) AppleWebKit/605.1.15 (KHTML, like Gecko) Brave/1 Mobile/15E148 Safari/604.1" "-"
141.227.139.0 - - [30/Mar/2026:00:17:52 -0400] "GET /favicon.ico HTTP/1.1" 200 75480 aimdigital.com.au "https://aimdigital.com.au/wp-content/plugins/kpbwd/ok.php" "Mozilla/5.0 (iPad; CPU OS 26_0_1 like Mac OS X) AppleWebKit/605.1.15 (KHTML, like Gecko) Brave/1 Mobile/15E148 Safari/604.1" "-"
57.131.13.0 - - [30/Mar/2026:00:17:53 -0400] "GET /wp-content/plugins/kpbwd/ok.php HTTP/1.1" 403 239 aimdigital.com.au "https://pl8865domm.s3.amazonaws.com/" "Mozilla/5.0 (Linux; Android 10; K) AppleWebKit/537.36 (KHTML, like Gecko) Chrome/141.0.0.0 Mobile Safari/537.36" "-"
209.50.228.0 - - [30/Mar/2026:00:17:53 -0400] "GET /wp-content/plugins/kpbwd/ok.php HTTP/1.1" 403 239 aimdigital.com.au "https://pl8865domm.s3.amazonaws.com/" "Mozilla/5.0 (Linux; Android 10; K) AppleWebKit/537.36 (KHTML, like Gecko) Chrome/141.0.0.0 Mobile Safari/537.36" "-"
57.131.13.0 - - [30/Mar/2026:00:17:53 -0400] "GET /favicon.ico HTTP/1.1" 200 75480 aimdigital.com.au "https://aimdigital.com.au/wp-content/plugins/kpbwd/ok.php" "Mozilla/5.0 (Linux; Android 10; K) AppleWebKit/537.36 (KHTML, like Gecko) Chrome/141.0.0.0 Mobile Safari/537.36" "-"
209.50.228.0 - - [30/Mar/2026:00:17:54 -0400] "GET /favicon.ico HTTP/1.1" 200 75480 aimdigital.com.au "https://aimdigital.com.au/wp-content/plugins/kpbwd/ok.php" "Mozilla/5.0 (Linux; Android 10; K) AppleWebKit/537.36 (KHTML, like Gecko) Chrome/141.0.0.0 Mobile Safari/537.36" "-"
140.235.164.0 - - [30/Mar/2026:00:17:56 -0400] "GET /wp-content/plugins/kpbwd/ok.php HTTP/1.1" 403 239 aimdigital.com.au "https://pl8865domm.s3.amazonaws.com/" "Mozilla/5.0 (Linux; Android 10; K) AppleWebKit/537.36 (KHTML, like Gecko) Chrome/141.0.0.0 Mobile Safari/537.36" "-"
23.82.99.0 - - [30/Mar/2026:00:17:56 -0400] "GET /wp-content/plugins/kpbwd/ok.php HTTP/1.1" 403 239 aimdigital.com.au "https://pl8865domm.s3.amazonaws.com/" "Mozilla/5.0 (Linux; Android 10; K) AppleWebKit/537.36 (KHTML, like Gecko) Chrome/141.0.0.0 Mobile Safari/537.36" "-"
140.235.164.0 - - [30/Mar/2026:00:17:56 -0400] "GET /favicon.ico HTTP/1.1" 200 75480 aimdigital.com.au "https://aimdigital.com.au/wp-content/plugins/kpbwd/ok.php" "Mozilla/5.0 (Linux; Android 10; K) AppleWebKit/537.36 (KHTML, like Gecko) Chrome/141.0.0.0 Mobile Safari/537.36" "-"
23.82.99.0 - - [30/Mar/2026:00:17:56 -0400] "GET /favicon.ico HTTP/1.1" 200 75480 aimdigital.com.au "https://aimdigital.com.au/wp-content/plugins/kpbwd/ok.php" "Mozilla/5.0 (Linux; Android 10; K) AppleWebKit/537.36 (KHTML, like Gecko) Chrome/141.0.0.0 Mobile Safari/537.36" "-"
2a03:2880:f800:: - - [30/Mar/2026:00:17:57 -0400] "GET /goodscode/914206581?fileloc=/homepages/21/d4298745088/htdocs/wp-admin/setup-config.php&path=/homepages/21/d4298745088/htdocs/wp-admin HTTP/1.1" 200 35154 aimdigital.com.au "-" "meta-externalagent/1.1 (+https://developers.facebook.com/docs/sharing/webmasters/crawler)" "-"
2a03:2880:f800:: - - [30/Mar/2026:00:18:06 -0400] "GET /goodscode/914206581?fileloc=/homepages/21/d4298745088/htdocs/wp-includes/theme-i18n.json&path=/homepages/21/d4298745088/htdocs/wp-includes HTTP/1.1" 200 14973 aimdigital.com.au "-" "meta-externalagent/1.1 (+https://developers.facebook.com/docs/sharing/webmasters/crawler)" "-"
66.249.69.0 - - [30/Mar/2026:00:18:12 -0400] "GET /goodscode/1234328694 HTTP/1.1" 200 383274 aimdigital.com.au "-" "Mozilla/5.0 (Linux; Android 6.0.1; Nexus 5X Build/MMB29P) AppleWebKit/537.36 (KHTML, like Gecko) Chrome/146.0.7680.153 Mobile Safari/537.36 (compatible; GoogleOther)" "-"
2a03:2880:f800:: - - [30/Mar/2026:00:18:14 -0400] "GET /goodscode/914206581?fileloc=/homepages/21/d4298745088/htdocs/wp-includes/ms-default-filters.php&path=/homepages/21/d4298745088/htdocs/wp-includes HTTP/1.1" 200 20714 aimdigital.com.au "-" "meta-externalagent/1.1 (+https://developers.facebook.com/docs/sharing/webmasters/crawler)" "-"
57.129.137.0 - - [30/Mar/2026:00:18:19 -0400] "GET /wp-content/plugins/kpbwd/ok.php HTTP/1.1" 403 239 aimdigital.com.au "https://pl8865domm.s3.amazonaws.com/" "Mozilla/5.0 (Linux; Android 10; K) AppleWebKit/537.36 (KHTML, like Gecko) Chrome/140.0.0.0 Mobile Safari/537.36" "-"
57.129.137.0 - - [30/Mar/2026:00:18:19 -0400] "GET /favicon.ico HTTP/1.1" 200 75480 aimdigital.com.au "https://aimdigital.com.au/wp-content/plugins/kpbwd/ok.php" "Mozilla/5.0 (Linux; Android 10; K) AppleWebKit/537.36 (KHTML, like Gecko) Chrome/140.0.0.0 Mobile Safari/537.36" "-"
145.239.81.0 - - [30/Mar/2026:00:18:20 -0400] "GET /wp-content/plugins/kpbwd/ok.php HTTP/1.1" 403 239 aimdigital.com.au "https://pl8865domm.s3.amazonaws.com/" "Mozilla/5.0 (Linux; Android 10; K) AppleWebKit/537.36 (KHTML, like Gecko) Chrome/140.0.0.0 Mobile Safari/537.36" "-"
145.239.81.0 - - [30/Mar/2026:00:18:20 -0400] "GET /favicon.ico HTTP/1.1" 200 75480 aimdigital.com.au "https://aimdigital.com.au/wp-content/plugins/kpbwd/ok.php" "Mozilla/5.0 (Linux; Android 10; K) AppleWebKit/537.36 (KHTML, like Gecko) Chrome/140.0.0.0 Mobile Safari/537.36" "-"
140.235.164.0 - - [30/Mar/2026:00:18:22 -0400] "GET /wp-content/plugins/kpbwd/ok.php HTTP/1.1" 403 239 aimdigital.com.au "https://pl8865domm.s3.amazonaws.com/" "Mozilla/5.0 (iPhone; CPU iPhone OS 17_0 like Mac OS X) AppleWebKit/605.1.15 (KHTML, like Gecko) Version/17.0 Mobile/15E148 Safari/604.1" "-"
138.68.120.0 - - [30/Mar/2026:00:18:22 -0400] "GET /wp-content/plugins/kpbwd/ok.php HTTP/1.1" 403 239 aimdigital.com.au "https://pl8865domm.s3.amazonaws.com/" "Mozilla/5.0 (Linux; Android 10; K) AppleWebKit/537.36 (KHTML, like Gecko) Chrome/140.0.0.0 Mobile Safari/537.36" "-"
128.90.0.0 - - [30/Mar/2026:00:18:22 -0400] "GET /wp-content/plugins/kpbwd/ok.php HTTP/1.1" 403 239 aimdigital.com.au "https://pl8865domm.s3.amazonaws.com/" "Mozilla/5.0 (iPhone; CPU iPhone OS 17_0 like Mac OS X) AppleWebKit/605.1.15 (KHTML, like Gecko) Version/17.0 Mobile/15E148 Safari/604.1" "-"
2a03:2880:f800:: - - [30/Mar/2026:00:18:22 -0400] "GET /goodscode/914206581?fileloc=/homepages/21/d4298745088/htdocs/wp-includes/capabilities.php&path=/homepages/21/d4298745088/htdocs/wp-includes HTTP/1.1" 200 60822 aimdigital.com.au "-" "meta-externalagent/1.1 (+https://developers.facebook.com/docs/sharing/webmasters/crawler)" "-"
138.68.120.0 - - [30/Mar/2026:00:18:22 -0400] "GET /favicon.ico HTTP/1.1" 200 75480 aimdigital.com.au "https://aimdigital.com.au/wp-content/plugins/kpbwd/ok.php" "Mozilla/5.0 (Linux; Android 10; K) AppleWebKit/537.36 (KHTML, like Gecko) Chrome/140.0.0.0 Mobile Safari/537.36" "-"
138.199.39.0 - - [30/Mar/2026:00:18:23 -0400] "GET /wp-content/plugins/kpbwd/ok.php HTTP/1.1" 403 239 aimdigital.com.au "https://pl8865domm.s3.amazonaws.com/" "Mozilla/5.0 (iPhone; CPU iPhone OS 17_0 like Mac OS X) AppleWebKit/605.1.15 (KHTML, like Gecko) Version/17.0 Mobile/15E148 Safari/604.1" "-"
140.235.164.0 - - [30/Mar/2026:00:18:23 -0400] "GET /favicon.ico HTTP/1.1" 200 75480 aimdigital.com.au "https://aimdigital.com.au/wp-content/plugins/kpbwd/ok.php" "Mozilla/5.0 (iPhone; CPU iPhone OS 17_0 like Mac OS X) AppleWebKit/605.1.15 (KHTML, like Gecko) Version/17.0 Mobile/15E148 Safari/604.1" "-"
128.90.0.0 - - [30/Mar/2026:00:18:23 -0400] "GET /favicon.ico HTTP/1.1" 200 75480 aimdigital.com.au "https://aimdigital.com.au/wp-content/plugins/kpbwd/ok.php" "Mozilla/5.0 (iPhone; CPU iPhone OS 17_0 like Mac OS X) AppleWebKit/605.1.15 (KHTML, like Gecko) Version/17.0 Mobile/15E148 Safari/604.1" "-"
138.199.39.0 - - [30/Mar/2026:00:18:23 -0400] "GET /favicon.ico HTTP/1.1" 200 75480 aimdigital.com.au "https://aimdigital.com.au/wp-content/plugins/kpbwd/ok.php" "Mozilla/5.0 (iPhone; CPU iPhone OS 17_0 like Mac OS X) AppleWebKit/605.1.15 (KHTML, like Gecko) Version/17.0 Mobile/15E148 Safari/604.1" "-"
128.90.0.0 - - [30/Mar/2026:00:18:25 -0400] "GET /wp-content/plugins/kpbwd/ok.php HTTP/1.1" 403 239 aimdigital.com.au "https://pl8865domm.s3.amazonaws.com/" "Mozilla/5.0 (Linux; Android 10; K) AppleWebKit/537.36 (KHTML, like Gecko) Chrome/140.0.0.0 Mobile Safari/537.36" "-"
128.90.0.0 - - [30/Mar/2026:00:18:26 -0400] "GET /favicon.ico HTTP/1.1" 200 75480 aimdigital.com.au "https://aimdigital.com.au/wp-content/plugins/kpbwd/ok.php" "Mozilla/5.0 (Linux; Android 10; K) AppleWebKit/537.36 (KHTML, like Gecko) Chrome/140.0.0.0 Mobile Safari/537.36" "-"
2a03:2880:f800:: - - [30/Mar/2026:00:18:29 -0400] "GET /goodscode/914206581?fileloc=/homepages/21/d4298745088/htdocs/wp-includes/class-wp-http-requests-hooks.php&path=/homepages/21/d4298745088/htdocs/wp-includes HTTP/1.1" 200 14587 aimdigital.com.au "-" "meta-externalagent/1.1 (+https://developers.facebook.com/docs/sharing/webmasters/crawler)" "-"
74.7.227.0 - - [30/Mar/2026:00:18:29 -0400] "GET /goodscode/5110304?path=//var/lib/logrotate HTTP/1.1" 200 12703 aimdigital.com.au "https://aimdigital.com.au/goodscode/5110304?path=//var/lib" "Mozilla/5.0 AppleWebKit/537.36 (KHTML, like Gecko; compatible; GPTBot/1.3; +https://openai.com/gptbot)" "-"
185.18.222.0 - - [30/Mar/2026:00:18:31 -0400] "GET /wp-content/plugins/kpbwd/ok.php HTTP/1.1" 403 239 aimdigital.com.au "https://pl8865domm.s3.amazonaws.com/" "Mozilla/5.0 (iPhone; CPU iPhone OS 17_0 like Mac OS X) AppleWebKit/605.1.15 (KHTML, like Gecko) Version/17.0 Mobile/15E148 Safari/604.1" "-"
185.18.222.0 - - [30/Mar/2026:00:18:32 -0400] "GET /favicon.ico HTTP/1.1" 200 75480 aimdigital.com.au "https://aimdigital.com.au/wp-content/plugins/kpbwd/ok.php" "Mozilla/5.0 (iPhone; CPU iPhone OS 17_0 like Mac OS X) AppleWebKit/605.1.15 (KHTML, like Gecko) Version/17.0 Mobile/15E148 Safari/604.1" "-"
14.191.140.0 - - [30/Mar/2026:00:18:33 -0400] "GET /embed/ HTTP/1.1" 200 75480 aimdigital.com.au "-" "Mozilla/5.0 (Windows NT 6.1) AppleWebKit/537.36 (KHTML, like Gecko) Chrome/87.0.4280.107 Safari/537.36" "-"
77.42.64.0 - - [30/Mar/2026:00:18:34 -0400] "GET /wp-content/plugins/kpbwd/ok.php HTTP/1.1" 403 239 aimdigital.com.au "https://platinumdomglobal.s3.amazonaws.com/" "Mozilla/5.0 (iPhone; CPU iPhone OS 16_0 like Mac OS X) AppleWebKit/605.1.15 (KHTML, like Gecko) Version/16.0 Mobile/15E148 Safari/604.1" "-"
77.42.64.0 - - [30/Mar/2026:00:18:34 -0400] "GET /favicon.ico HTTP/1.1" 200 75480 aimdigital.com.au "https://aimdigital.com.au/wp-content/plugins/kpbwd/ok.php" "Mozilla/5.0 (iPhone; CPU iPhone OS 16_0 like Mac OS X) AppleWebKit/605.1.15 (KHTML, like Gecko) Version/16.0 Mobile/15E148 Safari/604.1" "-"
2a03:2880:f800:: - - [30/Mar/2026:00:18:35 -0400] "GET /goodscode/914206581?fileloc=/homepages/21/d4298745088/htdocs/wp-includes/class-wp-classic-to-block-menu-converter.php&path=/homepages/21/d4298745088/htdocs/wp-includes HTTP/1.1" 200 17014 aimdigital.com.au "-" "meta-externalagent/1.1 (+https://developers.facebook.com/docs/sharing/webmasters/crawler)" "-"
149.88.103.0 - - [30/Mar/2026:00:18:35 -0400] "GET /wp-content/plugins/kpbwd/ok.php HTTP/1.1" 403 239 aimdigital.com.au "https://platinumdomglobal.s3.amazonaws.com/" "Mozilla/5.0 (iPhone; CPU iPhone OS 16_0 like Mac OS X) AppleWebKit/605.1.15 (KHTML, like Gecko) Version/16.0 Mobile/15E148 Safari/604.1" "-"
149.88.103.0 - - [30/Mar/2026:00:18:36 -0400] "GET /favicon.ico HTTP/1.1" 200 75480 aimdigital.com.au "https://aimdigital.com.au/wp-content/plugins/kpbwd/ok.php" "Mozilla/5.0 (iPhone; CPU iPhone OS 16_0 like Mac OS X) AppleWebKit/605.1.15 (KHTML, like Gecko) Version/16.0 Mobile/15E148 Safari/604.1" "-"
209.38.113.0 - - [30/Mar/2026:00:18:37 -0400] "GET /wp-content/plugins/kpbwd/ok.php HTTP/1.1" 403 239 aimdigital.com.au "https://platinumdomglobal.s3.amazonaws.com/" "Mozilla/5.0 (iPhone; CPU iPhone OS 16_0 like Mac OS X) AppleWebKit/605.1.15 (KHTML, like Gecko) Version/16.0 Mobile/15E148 Safari/604.1" "-"
23.80.89.0 - - [30/Mar/2026:00:18:37 -0400] "GET /wp-content/plugins/kpbwd/ok.php HTTP/1.1" 403 239 aimdigital.com.au "https://platinumdomglobal.s3.amazonaws.com/" "Mozilla/5.0 (iPhone; CPU iPhone OS 16_0 like Mac OS X) AppleWebKit/605.1.15 (KHTML, like Gecko) Version/16.0 Mobile/15E148 Safari/604.1" "-"
209.38.113.0 - - [30/Mar/2026:00:18:37 -0400] "GET /favicon.ico HTTP/1.1" 200 75480 aimdigital.com.au "https://aimdigital.com.au/wp-content/plugins/kpbwd/ok.php" "Mozilla/5.0 (iPhone; CPU iPhone OS 16_0 like Mac OS X) AppleWebKit/605.1.15 (KHTML, like Gecko) Version/16.0 Mobile/15E148 Safari/604.1" "-"
23.80.89.0 - - [30/Mar/2026:00:18:37 -0400] "GET /favicon.ico HTTP/1.1" 200 75488 aimdigital.com.au "https://aimdigital.com.au/wp-content/plugins/kpbwd/ok.php" "Mozilla/5.0 (iPhone; CPU iPhone OS 16_0 like Mac OS X) AppleWebKit/605.1.15 (KHTML, like Gecko) Version/16.0 Mobile/15E148 Safari/604.1" "-"
66.249.69.0 - - [30/Mar/2026:00:18:38 -0400] "GET /goodscode/3846293092 HTTP/1.1" 200 382221 aimdigital.com.au "-" "Mozilla/5.0 (Linux; Android 6.0.1; Nexus 5X Build/MMB29P) AppleWebKit/537.36 (KHTML, like Gecko) Chrome/146.0.7680.153 Mobile Safari/537.36 (compatible; GoogleOther)" "-"
2a03:2880:f800:: - - [30/Mar/2026:00:18:41 -0400] "GET /goodscode/914206581?fileloc=/homepages/21/d4298745088/htdocs/wp-includes/style-engine.php&path=/homepages/21/d4298745088/htdocs/wp-includes HTTP/1.1" 200 20734 aimdigital.com.au "-" "meta-externalagent/1.1 (+https://developers.facebook.com/docs/sharing/webmasters/crawler)" "-"
113.168.26.0 - - [30/Mar/2026:00:18:44 -0400] "GET /google-marketing/ HTTP/1.1" 200 75480 aimdigital.com.au "-" "Mozilla/5.0 (Windows NT 10.0; Win64; x64) AppleWebKit/537.36 (KHTML, like Gecko) Chrome/83.0.4103.61 Safari/537.36" "-"
2a03:2880:f800:: - - [30/Mar/2026:00:18:48 -0400] "GET /goodscode/914206581?fileloc=/homepages/21/d4298745088/htdocs/wp-includes/functions.wp-scripts.php&path=/homepages/21/d4298745088/htdocs/wp-includes HTTP/1.1" 200 29105 aimdigital.com.au "-" "meta-externalagent/1.1 (+https://developers.facebook.com/docs/sharing/webmasters/crawler)" "-"
2a03:2880:f800:: - - [30/Mar/2026:00:18:55 -0400] "GET /goodscode/914206581?fileloc=/homepages/21/d4298745088/htdocs/wp-includes/theme.json&path=/homepages/21/d4298745088/htdocs/wp-includes HTTP/1.1" 200 26029 aimdigital.com.au "-" "meta-externalagent/1.1 (+https://developers.facebook.com/docs/sharing/webmasters/crawler)" "-"
57.131.13.0 - - [30/Mar/2026:00:18:58 -0400] "GET /wp-content/plugins/kpbwd/ok.php HTTP/1.1" 403 239 aimdigital.com.au "https://pl8865domm.s3.amazonaws.com/" "Mozilla/5.0 (Linux; Android 10; K) AppleWebKit/537.36 (KHTML, like Gecko) Chrome/143.0.0.0 Mobile Safari/537.36" "-"
57.131.13.0 - - [30/Mar/2026:00:18:58 -0400] "GET /favicon.ico HTTP/1.1" 200 75480 aimdigital.com.au "https://aimdigital.com.au/wp-content/plugins/kpbwd/ok.php" "Mozilla/5.0 (Linux; Android 10; K) AppleWebKit/537.36 (KHTML, like Gecko) Chrome/143.0.0.0 Mobile Safari/537.36" "-"
2a03:2880:f800:: - - [30/Mar/2026:00:18:59 -0400] "GET /goodscode/432659151 HTTP/1.1" 200 75480 aimdigital.com.au "-" "meta-externalagent/1.1 (+https://developers.facebook.com/docs/sharing/webmasters/crawler)" "-"
138.199.39.0 - - [30/Mar/2026:00:19:00 -0400] "GET /wp-content/plugins/kpbwd/ok.php HTTP/1.1" 403 239 aimdigital.com.au "https://pl8865domm.s3.amazonaws.com/" "Mozilla/5.0 (Linux; Android 10; K) AppleWebKit/537.36 (KHTML, like Gecko) Chrome/143.0.0.0 Mobile Safari/537.36" "-"
146.190.203.0 - - [30/Mar/2026:00:19:00 -0400] "GET /wp-content/plugins/kpbwd/ok.php HTTP/1.1" 403 239 aimdigital.com.au "https://pl8865domm.s3.amazonaws.com/" "Mozilla/5.0 (Linux; Android 10; K) AppleWebKit/537.36 (KHTML, like Gecko) Chrome/143.0.0.0 Mobile Safari/537.36" "-"
57.129.137.0 - - [30/Mar/2026:00:19:01 -0400] "GET /wp-content/plugins/kpbwd/ok.php HTTP/1.1" 403 239 aimdigital.com.au "https://pl8865domm.s3.amazonaws.com/" "Mozilla/5.0 (Linux; Android 10; K) AppleWebKit/537.36 (KHTML, like Gecko) Chrome/143.0.0.0 Mobile Safari/537.36" "-"
138.199.39.0 - - [30/Mar/2026:00:19:01 -0400] "GET /favicon.ico HTTP/1.1" 200 75480 aimdigital.com.au "https://aimdigital.com.au/wp-content/plugins/kpbwd/ok.php" "Mozilla/5.0 (Linux; Android 10; K) AppleWebKit/537.36 (KHTML, like Gecko) Chrome/143.0.0.0 Mobile Safari/537.36" "-"
146.190.203.0 - - [30/Mar/2026:00:19:01 -0400] "GET /favicon.ico HTTP/1.1" 200 75480 aimdigital.com.au "https://aimdigital.com.au/wp-content/plugins/kpbwd/ok.php" "Mozilla/5.0 (Linux; Android 10; K) AppleWebKit/537.36 (KHTML, like Gecko) Chrome/143.0.0.0 Mobile Safari/537.36" "-"
57.129.137.0 - - [30/Mar/2026:00:19:01 -0400] "GET /favicon.ico HTTP/1.1" 200 75480 aimdigital.com.au "https://aimdigital.com.au/wp-content/plugins/kpbwd/ok.php" "Mozilla/5.0 (Linux; Android 10; K) AppleWebKit/537.36 (KHTML, like Gecko) Chrome/143.0.0.0 Mobile Safari/537.36" "-"
2a03:2880:f800:: - - [30/Mar/2026:00:19:04 -0400] "GET /goodscode/914206581?fileloc=/homepages/21/d4298745088/htdocs/wp-includes/class-wp-customize-manager.php&path=/homepages/21/d4298745088/htdocs/wp-includes HTTP/1.1" 200 242897 aimdigital.com.au "-" "meta-externalagent/1.1 (+https://developers.facebook.com/docs/sharing/webmasters/crawler)" "-"
66.249.69.0 - - [30/Mar/2026:00:19:04 -0400] "GET /goodscode/92960615 HTTP/1.1" 200 388106 aimdigital.com.au "-" "Mozilla/5.0 (Linux; Android 6.0.1; Nexus 5X Build/MMB29P) AppleWebKit/537.36 (KHTML, like Gecko) Chrome/146.0.7680.153 Mobile Safari/537.36 (compatible; GoogleOther)" "-"
159.223.242.0 - - [30/Mar/2026:00:19:05 -0400] "GET /wp-content/plugins/kpbwd/ok.php HTTP/1.1" 403 239 aimdigital.com.au "https://pl8865domm.s3.amazonaws.com/" "Mozilla/5.0 (Linux; arm_64; Android 12; SM-G973F) AppleWebKit/537.36 (KHTML, like Gecko) Chrome/142.0.7444.936 YaSearchBrowser/25.124.1 BroPP/1.0 YaSearchApp/25.124.1 webOmni Mobile Safari/537.36" "-"
159.223.242.0 - - [30/Mar/2026:00:19:05 -0400] "GET /favicon.ico HTTP/1.1" 200 75480 aimdigital.com.au "https://aimdigital.com.au/wp-content/plugins/kpbwd/ok.php" "Mozilla/5.0 (Linux; arm_64; Android 12; SM-G973F) AppleWebKit/537.36 (KHTML, like Gecko) Chrome/142.0.7444.936 YaSearchBrowser/25.124.1 BroPP/1.0 YaSearchApp/25.124.1 webOmni Mobile Safari/537.36" "-"
2a03:2880:f800:: - - [30/Mar/2026:00:19:08 -0400] "GET /goodscode/914206581?fileloc=/homepages/21/d4298745088/htdocs/wp-includes/index.php&path=/homepages/21/d4298745088/htdocs/wp-includes HTTP/1.1" 200 12487 aimdigital.com.au "-" "meta-externalagent/1.1 (+https://developers.facebook.com/docs/sharing/webmasters/crawler)" "-"
128.90.0.0 - - [30/Mar/2026:00:19:09 -0400] "GET /wp-content/plugins/kpbwd/ok.php HTTP/1.1" 403 239 aimdigital.com.au "https://pl8865domm.s3.amazonaws.com/" "Mozilla/5.0 (Linux; arm_64; Android 12; SM-G973F) AppleWebKit/537.36 (KHTML, like Gecko) Chrome/142.0.7444.936 YaSearchBrowser/25.124.1 BroPP/1.0 YaSearchApp/25.124.1 webOmni Mobile Safari/537.36" "-"
