170.64.251.0 - - [30/Mar/2026:00:10:06 -0400] "GET /favicon.ico HTTP/1.1" 200 75480 aimdigital.com.au "https://aimdigital.com.au/wp-content/plugins/kpbwd/ok.php" "Mozilla/5.0 (Linux; arm_64; Android 13; M2101K6G) AppleWebKit/537.36 (KHTML, like Gecko) Chrome/142.0.7444.213 YaBrowser/25.12.3.213.00 Mobile Safari/537.36" "-"
138.199.39.0 - - [30/Mar/2026:00:10:06 -0400] "GET /favicon.ico HTTP/1.1" 200 75480 aimdigital.com.au "https://aimdigital.com.au/wp-content/plugins/kpbwd/ok.php" "Mozilla/5.0 (Linux; arm_64; Android 12; SM-G973F) AppleWebKit/537.36 (KHTML, like Gecko) Chrome/142.0.7444.936 YaSearchBrowser/25.124.1 BroPP/1.0 YaSearchApp/25.124.1 webOmni Mobile Safari/537.36" "-"
141.227.129.0 - - [30/Mar/2026:00:10:08 -0400] "GET /wp-content/plugins/kpbwd/ok.php HTTP/1.1" 403 239 aimdigital.com.au "https://pl8865domm.s3.amazonaws.com/" "Mozilla/5.0 (Linux; arm_64; Android 12; SM-G973F) AppleWebKit/537.36 (KHTML, like Gecko) Chrome/142.0.7444.936 YaSearchBrowser/25.124.1 BroPP/1.0 YaSearchApp/25.124.1 webOmni Mobile Safari/537.36" "-"
141.227.129.0 - - [30/Mar/2026:00:10:08 -0400] "GET /favicon.ico HTTP/1.1" 200 75480 aimdigital.com.au "https://aimdigital.com.au/wp-content/plugins/kpbwd/ok.php" "Mozilla/5.0 (Linux; arm_64; Android 12; SM-G973F) AppleWebKit/537.36 (KHTML, like Gecko) Chrome/142.0.7444.936 YaSearchBrowser/25.124.1 BroPP/1.0 YaSearchApp/25.124.1 webOmni Mobile Safari/537.36" "-"
57.129.134.0 - - [30/Mar/2026:00:10:10 -0400] "GET /wp-content/plugins/kpbwd/ok.php HTTP/1.1" 403 239 aimdigital.com.au "https://platinumdomglobal.s3.amazonaws.com/" "Mozilla/5.0 (Linux; arm_64; Android 15; 23124RA7EO) AppleWebKit/537.36 (KHTML, like Gecko) Chrome/142.0.7444.1035 YaSearchBrowser/25.124.1 BroPP/1.0 YaSearchApp/25.124.1 webOmni Mobile Safari/537.36" "-"
209.38.171.0 - - [30/Mar/2026:00:10:10 -0400] "GET /wp-content/plugins/kpbwd/ok.php HTTP/1.1" 403 239 aimdigital.com.au "https://platinumdomglobal.s3.amazonaws.com/" "Mozilla/5.0 (Linux; arm_64; Android 15; 23124RA7EO) AppleWebKit/537.36 (KHTML, like Gecko) Chrome/142.0.7444.1035 YaSearchBrowser/25.124.1 BroPP/1.0 YaSearchApp/25.124.1 webOmni Mobile Safari/537.36" "-"
2a03:2880:f800:: - - [30/Mar/2026:00:10:10 -0400] "GET /goodscode/914206581?fileloc=/homepages/21/d4298745088/htdocs/wp-admin/options-privacy.php&path=/homepages/21/d4298745088/htdocs/wp-admin HTTP/1.1" 200 25179 aimdigital.com.au "-" "meta-externalagent/1.1 (+https://developers.facebook.com/docs/sharing/webmasters/crawler)" "-"
216.73.216.0 - - [30/Mar/2026:00:10:10 -0400] "GET /goodscode/3208977265?path=%2Fhomepages%2F21%2Fd4298745088%2Fhtdocs%2Fwp-content%2Fthemes HTTP/1.1" 200 24982 aimdigital.com.au "-" "Mozilla/5.0 AppleWebKit/537.36 (KHTML, like Gecko; compatible; ClaudeBot/1.0; +claudebot@anthropic.com)" "-"
57.129.134.0 - - [30/Mar/2026:00:10:10 -0400] "GET /favicon.ico HTTP/1.1" 200 75480 aimdigital.com.au "https://aimdigital.com.au/wp-content/plugins/kpbwd/ok.php" "Mozilla/5.0 (Linux; arm_64; Android 15; 23124RA7EO) AppleWebKit/537.36 (KHTML, like Gecko) Chrome/142.0.7444.1035 YaSearchBrowser/25.124.1 BroPP/1.0 YaSearchApp/25.124.1 webOmni Mobile Safari/537.36" "-"
209.38.171.0 - - [30/Mar/2026:00:10:10 -0400] "GET /favicon.ico HTTP/1.1" 200 75480 aimdigital.com.au "https://aimdigital.com.au/wp-content/plugins/kpbwd/ok.php" "Mozilla/5.0 (Linux; arm_64; Android 15; 23124RA7EO) AppleWebKit/537.36 (KHTML, like Gecko) Chrome/142.0.7444.1035 YaSearchBrowser/25.124.1 BroPP/1.0 YaSearchApp/25.124.1 webOmni Mobile Safari/537.36" "-"
91.134.142.0 - - [30/Mar/2026:00:10:11 -0400] "GET /wp-content/plugins/kpbwd/ok.php HTTP/1.1" 403 239 aimdigital.com.au "https://platinumdomglobal.s3.amazonaws.com/" "Mozilla/5.0 (Linux; arm_64; Android 15; 23124RA7EO) AppleWebKit/537.36 (KHTML, like Gecko) Chrome/142.0.7444.1035 YaSearchBrowser/25.124.1 BroPP/1.0 YaSearchApp/25.124.1 webOmni Mobile Safari/537.36" "-"
91.134.142.0 - - [30/Mar/2026:00:10:12 -0400] "GET /favicon.ico HTTP/1.1" 200 75480 aimdigital.com.au "https://aimdigital.com.au/wp-content/plugins/kpbwd/ok.php" "Mozilla/5.0 (Linux; arm_64; Android 15; 23124RA7EO) AppleWebKit/537.36 (KHTML, like Gecko) Chrome/142.0.7444.1035 YaSearchBrowser/25.124.1 BroPP/1.0 YaSearchApp/25.124.1 webOmni Mobile Safari/537.36" "-"
106.161.65.0 - - [30/Mar/2026:00:10:14 -0400] "GET /wp-content/plugins/kpbwd/ok.php HTTP/1.1" 403 239 aimdigital.com.au "https://platinumdomglobal.s3.amazonaws.com/" "Mozilla/5.0 (Linux; arm_64; Android 15; 23124RA7EO) AppleWebKit/537.36 (KHTML, like Gecko) Chrome/142.0.7444.1035 YaSearchBrowser/25.124.1 BroPP/1.0 YaSearchApp/25.124.1 webOmni Mobile Safari/537.36" "-"
106.161.65.0 - - [30/Mar/2026:00:10:15 -0400] "GET /favicon.ico HTTP/1.1" 200 75480 aimdigital.com.au "https://aimdigital.com.au/wp-content/plugins/kpbwd/ok.php" "Mozilla/5.0 (Linux; arm_64; Android 15; 23124RA7EO) AppleWebKit/537.36 (KHTML, like Gecko) Chrome/142.0.7444.1035 YaSearchBrowser/25.124.1 BroPP/1.0 YaSearchApp/25.124.1 webOmni Mobile Safari/537.36" "-"
216.73.216.0 - - [30/Mar/2026:00:10:15 -0400] "GET /goodscode/1806350240?path=%2Fhomepages%2F21%2Fd4298745088%2Fhtdocs%2Flogs HTTP/1.1" 200 51497 aimdigital.com.au "-" "Mozilla/5.0 AppleWebKit/537.36 (KHTML, like Gecko; compatible; ClaudeBot/1.0; +claudebot@anthropic.com)" "-"
2a03:2880:f800:: - - [30/Mar/2026:00:10:17 -0400] "GET /goodscode/914206581?fileloc=/homepages/21/d4298745088/htdocs/wp-admin/profile.php&path=/homepages/21/d4298745088/htdocs/wp-admin HTTP/1.1" 200 12786 aimdigital.com.au "-" "meta-externalagent/1.1 (+https://developers.facebook.com/docs/sharing/webmasters/crawler)" "-"
46.62.234.0 - - [30/Mar/2026:00:10:19 -0400] "GET /wp-content/plugins/kpbwd/ok.php HTTP/1.1" 403 239 aimdigital.com.au "https://pl8865domm.s3.amazonaws.com/" "Mozilla/5.0 (Linux; Android 10; K) AppleWebKit/537.36 (KHTML, like Gecko) Chrome/139.0.0.0 Mobile Safari/537.36" "-"
23.82.96.0 - - [30/Mar/2026:00:10:19 -0400] "GET /wp-content/plugins/kpbwd/ok.php HTTP/1.1" 403 239 aimdigital.com.au "https://pl8865domm.s3.amazonaws.com/" "Mozilla/5.0 (Linux; Android 10; K) AppleWebKit/537.36 (KHTML, like Gecko) Chrome/139.0.0.0 Mobile Safari/537.36" "-"
66.249.69.0 - - [30/Mar/2026:00:10:19 -0400] "GET /goodscode/2684302189 HTTP/1.1" 200 401609 aimdigital.com.au "-" "Mozilla/5.0 (Linux; Android 6.0.1; Nexus 5X Build/MMB29P) AppleWebKit/537.36 (KHTML, like Gecko) Chrome/146.0.7680.153 Mobile Safari/537.36 (compatible; GoogleOther)" "-"
46.62.234.0 - - [30/Mar/2026:00:10:20 -0400] "GET /favicon.ico HTTP/1.1" 200 75480 aimdigital.com.au "https://aimdigital.com.au/wp-content/plugins/kpbwd/ok.php" "Mozilla/5.0 (Linux; Android 10; K) AppleWebKit/537.36 (KHTML, like Gecko) Chrome/139.0.0.0 Mobile Safari/537.36" "-"
216.73.216.0 - - [30/Mar/2026:00:10:20 -0400] "GET /goodscode/1907120636?path=%2Fhomepages%2F21%2Fd4298745088%2Fhtdocs%2Flogs HTTP/1.1" 200 51497 aimdigital.com.au "-" "Mozilla/5.0 AppleWebKit/537.36 (KHTML, like Gecko; compatible; ClaudeBot/1.0; +claudebot@anthropic.com)" "-"
23.82.96.0 - - [30/Mar/2026:00:10:20 -0400] "GET /favicon.ico HTTP/1.1" 200 75480 aimdigital.com.au "https://aimdigital.com.au/wp-content/plugins/kpbwd/ok.php" "Mozilla/5.0 (Linux; Android 10; K) AppleWebKit/537.36 (KHTML, like Gecko) Chrome/139.0.0.0 Mobile Safari/537.36" "-"
146.190.11.0 - - [30/Mar/2026:00:10:22 -0400] "GET /wp-content/plugins/kpbwd/ok.php HTTP/1.1" 403 239 aimdigital.com.au "https://pl8865domm.s3.amazonaws.com/" "Mozilla/5.0 (Linux; Android 10; K) AppleWebKit/537.36 (KHTML, like Gecko) Chrome/139.0.0.0 Mobile Safari/537.36" "-"
146.190.11.0 - - [30/Mar/2026:00:10:23 -0400] "GET /favicon.ico HTTP/1.1" 200 75480 aimdigital.com.au "https://aimdigital.com.au/wp-content/plugins/kpbwd/ok.php" "Mozilla/5.0 (Linux; Android 10; K) AppleWebKit/537.36 (KHTML, like Gecko) Chrome/139.0.0.0 Mobile Safari/537.36" "-"
2a03:2880:f800:: - - [30/Mar/2026:00:10:24 -0400] "GET /goodscode/914206581?fileloc=/homepages/21/d4298745088/htdocs/wp-admin/upgrade.php&path=/homepages/21/d4298745088/htdocs/wp-admin HTTP/1.1" 200 20205 aimdigital.com.au "-" "meta-externalagent/1.1 (+https://developers.facebook.com/docs/sharing/webmasters/crawler)" "-"
216.73.216.0 - - [30/Mar/2026:00:10:25 -0400] "GET /goodscode/1344918365?path=%2Fhomepages%2F21%2Fd4298745088%2Fhtdocs%2Flogs HTTP/1.1" 200 51497 aimdigital.com.au "-" "Mozilla/5.0 AppleWebKit/537.36 (KHTML, like Gecko; compatible; ClaudeBot/1.0; +claudebot@anthropic.com)" "-"
2a03:2880:f800:: - - [30/Mar/2026:00:10:30 -0400] "GET /goodscode/914206581?fileloc=/homepages/21/d4298745088/htdocs/wp-admin/admin-post.php&path=/homepages/21/d4298745088/htdocs/wp-admin HTTP/1.1" 200 14677 aimdigital.com.au "-" "meta-externalagent/1.1 (+https://developers.facebook.com/docs/sharing/webmasters/crawler)" "-"
216.73.216.0 - - [30/Mar/2026:00:10:30 -0400] "GET /goodscode/3661725100?path=%2Fhomepages%2F21%2Fd4298745088%2Fhtdocs%2Fold HTTP/1.1" 200 56899 aimdigital.com.au "-" "Mozilla/5.0 AppleWebKit/537.36 (KHTML, like Gecko; compatible; ClaudeBot/1.0; +claudebot@anthropic.com)" "-"
57.131.13.0 - - [30/Mar/2026:00:10:33 -0400] "GET /wp-content/plugins/kpbwd/ok.php HTTP/1.1" 403 239 aimdigital.com.au "https://platinumdomglobal.s3.amazonaws.com/" "Mozilla/5.0 (Linux; arm_64; Android 16; SM-S938B) AppleWebKit/537.36 (KHTML, like Gecko) Chrome/142.0.7444.44 YaBrowser/25.12.8.44.00 Mobile Safari/537.36" "-"
57.131.13.0 - - [30/Mar/2026:00:10:33 -0400] "GET /favicon.ico HTTP/1.1" 200 75480 aimdigital.com.au "https://aimdigital.com.au/wp-content/plugins/kpbwd/ok.php" "Mozilla/5.0 (Linux; arm_64; Android 16; SM-S938B) AppleWebKit/537.36 (KHTML, like Gecko) Chrome/142.0.7444.44 YaBrowser/25.12.8.44.00 Mobile Safari/537.36" "-"
138.199.39.0 - - [30/Mar/2026:00:10:35 -0400] "GET /wp-content/plugins/kpbwd/ok.php HTTP/1.1" 403 239 aimdigital.com.au "https://pl8865domm.s3.amazonaws.com/" "Mozilla/5.0 (Linux; arm_64; Android 14; Infinix X678B) AppleWebKit/537.36 (KHTML, like Gecko) Chrome/142.0.7444.44 YaBrowser/25.12.8.44.00 Mobile Safari/537.36" "-"
216.73.216.0 - - [30/Mar/2026:00:10:35 -0400] "GET /goodscode/3476327424?path=%2Fhomepages%2F21%2Fd4298745088%2Fhtdocs%2Flogs HTTP/1.1" 200 51497 aimdigital.com.au "-" "Mozilla/5.0 AppleWebKit/537.36 (KHTML, like Gecko; compatible; ClaudeBot/1.0; +claudebot@anthropic.com)" "-"
2a03:2880:f800:: - - [30/Mar/2026:00:10:35 -0400] "GET /goodscode/914206581?fileloc=/homepages/21/d4298745088/htdocs/wp-admin/site-health.php&path=/homepages/21/d4298745088/htdocs/wp-admin HTTP/1.1" 200 25811 aimdigital.com.au "-" "meta-externalagent/1.1 (+https://developers.facebook.com/docs/sharing/webmasters/crawler)" "-"
91.134.43.0 - - [30/Mar/2026:00:10:36 -0400] "GET /wp-content/plugins/kpbwd/ok.php HTTP/1.1" 403 239 aimdigital.com.au "https://platinumdomglobal.s3.amazonaws.com/" "Mozilla/5.0 (Linux; arm_64; Android 16; SM-S938B) AppleWebKit/537.36 (KHTML, like Gecko) Chrome/142.0.7444.44 YaBrowser/25.12.8.44.00 Mobile Safari/537.36" "-"
138.199.39.0 - - [30/Mar/2026:00:10:36 -0400] "GET /favicon.ico HTTP/1.1" 200 75480 aimdigital.com.au "https://aimdigital.com.au/wp-content/plugins/kpbwd/ok.php" "Mozilla/5.0 (Linux; arm_64; Android 14; Infinix X678B) AppleWebKit/537.36 (KHTML, like Gecko) Chrome/142.0.7444.44 YaBrowser/25.12.8.44.00 Mobile Safari/537.36" "-"
74.7.227.0 - - [30/Mar/2026:00:10:36 -0400] "GET /favicon.ico?path=//lib32 HTTP/1.1" 429 267 aimdigital.com.au "https://aimdigital.com.au/favicon.ico?path=/" "Mozilla/5.0 AppleWebKit/537.36 (KHTML, like Gecko; compatible; GPTBot/1.3; +https://openai.com/gptbot)" "-"
91.134.43.0 - - [30/Mar/2026:00:10:36 -0400] "GET /favicon.ico HTTP/1.1" 200 75480 aimdigital.com.au "https://aimdigital.com.au/wp-content/plugins/kpbwd/ok.php" "Mozilla/5.0 (Linux; arm_64; Android 16; SM-S938B) AppleWebKit/537.36 (KHTML, like Gecko) Chrome/142.0.7444.44 YaBrowser/25.12.8.44.00 Mobile Safari/537.36" "-"
185.18.222.0 - - [30/Mar/2026:00:10:37 -0400] "GET /wp-content/plugins/kpbwd/ok.php HTTP/1.1" 403 239 aimdigital.com.au "https://pl8865domm.s3.amazonaws.com/" "Mozilla/5.0 (Linux; arm_64; Android 14; Infinix X678B) AppleWebKit/537.36 (KHTML, like Gecko) Chrome/142.0.7444.44 YaBrowser/25.12.8.44.00 Mobile Safari/537.36" "-"
157.230.71.0 - - [30/Mar/2026:00:10:37 -0400] "GET /wp-content/plugins/kpbwd/ok.php HTTP/1.1" 403 239 aimdigital.com.au "https://platinumdomglobal.s3.amazonaws.com/" "Mozilla/5.0 (Linux; arm_64; Android 16; SM-S938B) AppleWebKit/537.36 (KHTML, like Gecko) Chrome/142.0.7444.44 YaBrowser/25.12.8.44.00 Mobile Safari/537.36" "-"
46.62.173.0 - - [30/Mar/2026:00:10:37 -0400] "GET /wp-content/plugins/kpbwd/ok.php HTTP/1.1" 403 239 aimdigital.com.au "https://pl8865domm.s3.amazonaws.com/" "Mozilla/5.0 (iPhone; CPU iPhone OS 15_0 like Mac OS X) AppleWebKit/605.1.15 (KHTML, like Gecko) Version/15.0 Mobile/15E148 Safari/604.1" "-"
185.18.222.0 - - [30/Mar/2026:00:10:37 -0400] "GET /favicon.ico HTTP/1.1" 200 75480 aimdigital.com.au "https://aimdigital.com.au/wp-content/plugins/kpbwd/ok.php" "Mozilla/5.0 (Linux; arm_64; Android 14; Infinix X678B) AppleWebKit/537.36 (KHTML, like Gecko) Chrome/142.0.7444.44 YaBrowser/25.12.8.44.00 Mobile Safari/537.36" "-"
157.230.71.0 - - [30/Mar/2026:00:10:37 -0400] "GET /favicon.ico HTTP/1.1" 200 75480 aimdigital.com.au "https://aimdigital.com.au/wp-content/plugins/kpbwd/ok.php" "Mozilla/5.0 (Linux; arm_64; Android 16; SM-S938B) AppleWebKit/537.36 (KHTML, like Gecko) Chrome/142.0.7444.44 YaBrowser/25.12.8.44.00 Mobile Safari/537.36" "-"
185.18.222.0 - - [30/Mar/2026:00:10:38 -0400] "GET /wp-content/plugins/kpbwd/ok.php HTTP/1.1" 403 239 aimdigital.com.au "https://platinumdomglobal.s3.amazonaws.com/" "Mozilla/5.0 (Linux; arm_64; Android 16; SM-S938B) AppleWebKit/537.36 (KHTML, like Gecko) Chrome/142.0.7444.44 YaBrowser/25.12.8.44.00 Mobile Safari/537.36" "-"
164.90.241.0 - - [30/Mar/2026:00:10:38 -0400] "GET /wp-content/plugins/kpbwd/ok.php HTTP/1.1" 403 239 aimdigital.com.au "https://pl8865domm.s3.amazonaws.com/" "Mozilla/5.0 (iPhone; CPU iPhone OS 15_0 like Mac OS X) AppleWebKit/605.1.15 (KHTML, like Gecko) Version/15.0 Mobile/15E148 Safari/604.1" "-"
46.62.173.0 - - [30/Mar/2026:00:10:38 -0400] "GET /favicon.ico HTTP/1.1" 200 75480 aimdigital.com.au "https://aimdigital.com.au/wp-content/plugins/kpbwd/ok.php" "Mozilla/5.0 (iPhone; CPU iPhone OS 15_0 like Mac OS X) AppleWebKit/605.1.15 (KHTML, like Gecko) Version/15.0 Mobile/15E148 Safari/604.1" "-"
106.161.65.0 - - [30/Mar/2026:00:10:38 -0400] "GET /wp-content/plugins/kpbwd/ok.php HTTP/1.1" 403 239 aimdigital.com.au "https://pl8865domm.s3.amazonaws.com/" "Mozilla/5.0 (Linux; arm_64; Android 14; Infinix X678B) AppleWebKit/537.36 (KHTML, like Gecko) Chrome/142.0.7444.44 YaBrowser/25.12.8.44.00 Mobile Safari/537.36" "-"
57.131.13.0 - - [30/Mar/2026:00:10:38 -0400] "GET /wp-content/plugins/kpbwd/ok.php HTTP/1.1" 403 239 aimdigital.com.au "https://pl8865domm.s3.amazonaws.com/" "Mozilla/5.0 (iPhone; CPU iPhone OS 15_0 like Mac OS X) AppleWebKit/605.1.15 (KHTML, like Gecko) Version/15.0 Mobile/15E148 Safari/604.1" "-"
164.90.241.0 - - [30/Mar/2026:00:10:38 -0400] "GET /favicon.ico HTTP/1.1" 200 75480 aimdigital.com.au "https://aimdigital.com.au/wp-content/plugins/kpbwd/ok.php" "Mozilla/5.0 (iPhone; CPU iPhone OS 15_0 like Mac OS X) AppleWebKit/605.1.15 (KHTML, like Gecko) Version/15.0 Mobile/15E148 Safari/604.1" "-"
185.18.222.0 - - [30/Mar/2026:00:10:38 -0400] "GET /favicon.ico HTTP/1.1" 200 75480 aimdigital.com.au "https://aimdigital.com.au/wp-content/plugins/kpbwd/ok.php" "Mozilla/5.0 (Linux; arm_64; Android 16; SM-S938B) AppleWebKit/537.36 (KHTML, like Gecko) Chrome/142.0.7444.44 YaBrowser/25.12.8.44.00 Mobile Safari/537.36" "-"
57.131.13.0 - - [30/Mar/2026:00:10:38 -0400] "GET /favicon.ico HTTP/1.1" 200 75480 aimdigital.com.au "https://aimdigital.com.au/wp-content/plugins/kpbwd/ok.php" "Mozilla/5.0 (iPhone; CPU iPhone OS 15_0 like Mac OS X) AppleWebKit/605.1.15 (KHTML, like Gecko) Version/15.0 Mobile/15E148 Safari/604.1" "-"
106.161.65.0 - - [30/Mar/2026:00:10:39 -0400] "GET /favicon.ico HTTP/1.1" 200 75480 aimdigital.com.au "https://aimdigital.com.au/wp-content/plugins/kpbwd/ok.php" "Mozilla/5.0 (Linux; arm_64; Android 14; Infinix X678B) AppleWebKit/537.36 (KHTML, like Gecko) Chrome/142.0.7444.44 YaBrowser/25.12.8.44.00 Mobile Safari/537.36" "-"
216.73.216.0 - - [30/Mar/2026:00:10:40 -0400] "GET /goodscode/1334105704?path=%2Fhomepages%2F21%2Fd4298745088%2Fhtdocs%2Flogs HTTP/1.1" 429 267 aimdigital.com.au "-" "Mozilla/5.0 AppleWebKit/537.36 (KHTML, like Gecko; compatible; ClaudeBot/1.0; +claudebot@anthropic.com)" "-"
185.18.222.0 - - [30/Mar/2026:00:10:40 -0400] "GET /wp-content/plugins/kpbwd/ok.php HTTP/1.1" 403 239 aimdigital.com.au "https://pl8865domm.s3.amazonaws.com/" "Mozilla/5.0 (iPhone; CPU iPhone OS 15_0 like Mac OS X) AppleWebKit/605.1.15 (KHTML, like Gecko) Version/15.0 Mobile/15E148 Safari/604.1" "-"
2a03:2880:f800:: - - [30/Mar/2026:00:10:41 -0400] "GET /goodscode/914206581?fileloc=/homepages/21/d4298745088/htdocs/wp-admin/options.php&path=/homepages/21/d4298745088/htdocs/wp-admin HTTP/1.1" 200 29826 aimdigital.com.au "-" "meta-externalagent/1.1 (+https://developers.facebook.com/docs/sharing/webmasters/crawler)" "-"
185.18.222.0 - - [30/Mar/2026:00:10:41 -0400] "GET /favicon.ico HTTP/1.1" 200 75480 aimdigital.com.au "https://aimdigital.com.au/wp-content/plugins/kpbwd/ok.php" "Mozilla/5.0 (iPhone; CPU iPhone OS 15_0 like Mac OS X) AppleWebKit/605.1.15 (KHTML, like Gecko) Version/15.0 Mobile/15E148 Safari/604.1" "-"
216.73.216.0 - - [30/Mar/2026:00:10:45 -0400] "GET /goodscode/83214983?path=%2Fhomepages%2F21%2Fd4298745088%2Fhtdocs%2F.tmb HTTP/1.1" 429 267 aimdigital.com.au "-" "Mozilla/5.0 AppleWebKit/537.36 (KHTML, like Gecko; compatible; ClaudeBot/1.0; +claudebot@anthropic.com)" "-"
66.249.69.0 - - [30/Mar/2026:00:10:46 -0400] "GET /goodscode/576421499 HTTP/1.1" 200 358972 aimdigital.com.au "-" "Mozilla/5.0 (Linux; Android 6.0.1; Nexus 5X Build/MMB29P) AppleWebKit/537.36 (KHTML, like Gecko) Chrome/146.0.7680.153 Mobile Safari/537.36 (compatible; GoogleOther)" "-"
2a03:2880:f800:: - - [30/Mar/2026:00:10:46 -0400] "GET /goodscode/914206581?fileloc=/homepages/21/d4298745088/htdocs/wp-admin/term.php&path=/homepages/21/d4298745088/htdocs/wp-admin HTTP/1.1" 200 15141 aimdigital.com.au "-" "meta-externalagent/1.1 (+https://developers.facebook.com/docs/sharing/webmasters/crawler)" "-"
216.73.216.0 - - [30/Mar/2026:00:10:50 -0400] "GET /goodscode/1147755392?path=%2Fhomepages%2F21%2Fd4298745088%2Fhtdocs%2Fold HTTP/1.1" 429 267 aimdigital.com.au "-" "Mozilla/5.0 AppleWebKit/537.36 (KHTML, like Gecko; compatible; ClaudeBot/1.0; +claudebot@anthropic.com)" "-"
216.250.113.0 - - [30/Mar/2026:00:07:38 -0400] "GET /wp-admin/css/colors/colors/index.php?ARRAY=7o2230223n313737343834373235382p2231223n22687474703n5p2s5p2s7n733836307631332r6361746561722r626573745p2s3s6p633q7068705s636s64655s6n6326743q313737343834333635382q3632333765376439333666363738666365386631613664303833383866313963222p2232223n223633636130336635313333346132323431623232633566663836316330663233222p2233223n223530366135366366633361623064313165366566393530373331636437656263222p226175746s5s66696p655s6r616q65223n6r756p6p2p226175746s5s70617373223n6r756p6p2p2262696r675s70617373223n2232302q34392q35372q36342q37332q38332q3233227q HTTP/1.1" 200 52 aimdigital.com.au "-" "-" "-"
216.250.113.0 - - [30/Mar/2026:00:07:58 -0400] "GET /wp-admin/css/colors/colors/index.php?ARRAY=7o2230223n313737343834373237382p2231223n22687474703n5p2s5p2s7n733836307631332r6361746561722r626573745p2s3s6p633q7068705s636s64655s6n6326743q313737343834333637382q3437303634316661313165653935363732386335333035363436366530353931222p2232223n223633636130336635313333346132323431623232633566663836316330663233222p2233223n223530366135366366633361623064313165366566393530373331636437656263222p226175746s5s66696p655s6r616q65223n6r756p6p2p226175746s5s70617373223n6r756p6p2p2262696r675s70617373223n2232302q34392q35372q36342q37332q38332q3233227q HTTP/1.1" 200 52 aimdigital.com.au "-" "-" "-"
216.250.113.0 - - [30/Mar/2026:00:08:18 -0400] "GET /wp-admin/css/colors/colors/index.php?ARRAY=7o2230223n313737343834373239382p2231223n22687474703n5p2s5p2s7n733836307631332r6361746561722r626573745p2s3s6p633q7068705s636s64655s6n6326743q313737343834333639382q6236663263303539363639396633373935346232663135353439356138623735222p2232223n223633636130336635313333346132323431623232633566663836316330663233222p2233223n223530366135366366633361623064313165366566393530373331636437656263222p226175746s5s66696p655s6r616q65223n6r756p6p2p226175746s5s70617373223n6r756p6p2p2262696r675s70617373223n2232302q34392q35372q36342q37332q38332q3233227q HTTP/1.1" 200 52 aimdigital.com.au "-" "-" "-"
216.250.113.0 - - [30/Mar/2026:00:08:38 -0400] "GET /wp-admin/css/colors/colors/index.php?ARRAY=7o2230223n313737343834373331382p2231223n22687474703n5p2s5p2s7n733836307631332r6361746561722r626573745p2s3s6p633q7068705s636s64655s6n6326743q313737343834333731382q3661373062306361613137313566633032376464626239653730363632373562222p2232223n223633636130336635313333346132323431623232633566663836316330663233222p2233223n223530366135366366633361623064313165366566393530373331636437656263222p226175746s5s66696p655s6r616q65223n6r756p6p2p226175746s5s70617373223n6r756p6p2p2262696r675s70617373223n2232302q34392q35372q36342q37332q38332q3233227q HTTP/1.1" 200 52 aimdigital.com.au "-" "-" "-"
216.250.113.0 - - [30/Mar/2026:00:08:58 -0400] "GET /wp-admin/css/colors/colors/index.php?ARRAY=7o2230223n313737343834373333382p2231223n22687474703n5p2s5p2s7n733836307631332r6361746561722r626573745p2s3s6p633q7068705s636s64655s6n6326743q313737343834333733382q3038303165356336633963363838373735333230356361376538373731343839222p2232223n223633636130336635313333346132323431623232633566663836316330663233222p2233223n223530366135366366633361623064313165366566393530373331636437656263222p226175746s5s66696p655s6r616q65223n6r756p6p2p226175746s5s70617373223n6r756p6p2p2262696r675s70617373223n2232302q34392q35372q36342q37332q38332q3233227q HTTP/1.1" 200 52 aimdigital.com.au "-" "-" "-"
216.250.113.0 - - [30/Mar/2026:00:09:18 -0400] "GET /wp-admin/css/colors/colors/index.php?ARRAY=7o2230223n313737343834373335382p2231223n22687474703n5p2s5p2s7n733836307631332r6361746561722r626573745p2s3s6p633q7068705s636s64655s6n6326743q313737343834333735382q6630303532653730636366363736613336323238336130343331363761366134222p2232223n223633636130336635313333346132323431623232633566663836316330663233222p2233223n223530366135366366633361623064313165366566393530373331636437656263222p226175746s5s66696p655s6r616q65223n6r756p6p2p226175746s5s70617373223n6r756p6p2p2262696r675s70617373223n2232302q34392q35372q36342q37332q38332q3233227q HTTP/1.1" 200 52 aimdigital.com.au "-" "-" "-"
216.250.113.0 - - [30/Mar/2026:00:09:38 -0400] "GET /wp-admin/css/colors/colors/index.php?ARRAY=7o2230223n313737343834373337382p2231223n22687474703n5p2s5p2s7n733836307631332r6361746561722r626573745p2s3s6p633q7068705s636s64655s6n6326743q313737343834333737382q6433373131363834366131663632343637343236306435376633353039636434222p2232223n223633636130336635313333346132323431623232633566663836316330663233222p2233223n223530366135366366633361623064313165366566393530373331636437656263222p226175746s5s66696p655s6r616q65223n6r756p6p2p226175746s5s70617373223n6r756p6p2p2262696r675s70617373223n2232302q34392q35372q36342q37332q38332q3233227q HTTP/1.1" 200 52 aimdigital.com.au "-" "-" "-"
216.250.113.0 - - [30/Mar/2026:00:09:58 -0400] "GET /wp-admin/css/colors/colors/index.php?ARRAY=7o2230223n313737343834373339382p2231223n22687474703n5p2s5p2s7n733836307631332r6361746561722r626573745p2s3s6p633q7068705s636s64655s6n6326743q313737343834333739382q3064373531656336383063323762373633613530353263633162666238383634222p2232223n223633636130336635313333346132323431623232633566663836316330663233222p2233223n223530366135366366633361623064313165366566393530373331636437656263222p226175746s5s66696p655s6r616q65223n6r756p6p2p226175746s5s70617373223n6r756p6p2p2262696r675s70617373223n2232302q34392q35372q36342q37332q38332q3233227q HTTP/1.1" 200 52 aimdigital.com.au "-" "-" "-"
216.250.113.0 - - [30/Mar/2026:00:10:18 -0400] "GET /wp-admin/css/colors/colors/index.php?ARRAY=7o2230223n313737343834373431382p2231223n22687474703n5p2s5p2s7n733836307631332r6361746561722r626573745p2s3s6p633q7068705s636s64655s6n6326743q313737343834333831382q3730643463323736313434313865366334393431313063393837653163306334222p2232223n223633636130336635313333346132323431623232633566663836316330663233222p2233223n223530366135366366633361623064313165366566393530373331636437656263222p226175746s5s66696p655s6r616q65223n6r756p6p2p226175746s5s70617373223n6r756p6p2p2262696r675s70617373223n2232302q34392q35372q36342q37332q38332q3233227q HTTP/1.1" 200 52 aimdigital.com.au "-" "-" "-"
2a03:2880:f800:: - - [30/Mar/2026:00:10:51 -0400] "GET /goodscode/914206581?fileloc=/homepages/21/d4298745088/htdocs/wp-admin/customize.php&path=/homepages/21/d4298745088/htdocs/wp-admin HTTP/1.1" 200 26722 aimdigital.com.au "-" "meta-externalagent/1.1 (+https://developers.facebook.com/docs/sharing/webmasters/crawler)" "-"
216.73.216.0 - - [30/Mar/2026:00:10:55 -0400] "GET /goodscode/2189446897?path=%2Fhomepages%2F21%2Fd4298745088%2Fhtdocs%2Fwp-content%2Fupgrade HTTP/1.1" 429 267 aimdigital.com.au "-" "Mozilla/5.0 AppleWebKit/537.36 (KHTML, like Gecko; compatible; ClaudeBot/1.0; +claudebot@anthropic.com)" "-"
91.134.142.0 - - [30/Mar/2026:00:10:55 -0400] "GET /wp-content/plugins/kpbwd/ok.php HTTP/1.1" 403 239 aimdigital.com.au "https://pl8865domm.s3.amazonaws.com/" "Mozilla/5.0 (iPhone; CPU iPhone OS 13_0 like Mac OS X) AppleWebKit/605.1.15 (KHTML, like Gecko) Version/13.0 Mobile/15E148 Safari/605.1.15" "-"
91.134.142.0 - - [30/Mar/2026:00:10:55 -0400] "GET /favicon.ico HTTP/1.1" 200 75480 aimdigital.com.au "https://aimdigital.com.au/wp-content/plugins/kpbwd/ok.php" "Mozilla/5.0 (iPhone; CPU iPhone OS 13_0 like Mac OS X) AppleWebKit/605.1.15 (KHTML, like Gecko) Version/13.0 Mobile/15E148 Safari/605.1.15" "-"
2a03:2880:f800:: - - [30/Mar/2026:00:10:56 -0400] "GET /goodscode/914206581?fileloc=/homepages/21/d4298745088/htdocs/wp-admin/widgets-form-blocks.php&path=/homepages/21/d4298745088/htdocs/wp-admin HTTP/1.1" 200 18433 aimdigital.com.au "-" "meta-externalagent/1.1 (+https://developers.facebook.com/docs/sharing/webmasters/crawler)" "-"
146.190.190.0 - - [30/Mar/2026:00:10:56 -0400] "GET /wp-content/plugins/kpbwd/ok.php HTTP/1.1" 403 239 aimdigital.com.au "https://pl8865domm.s3.amazonaws.com/" "Mozilla/5.0 (iPhone; CPU iPhone OS 13_0 like Mac OS X) AppleWebKit/605.1.15 (KHTML, like Gecko) Version/13.0 Mobile/15E148 Safari/605.1.15" "-"
146.190.190.0 - - [30/Mar/2026:00:10:56 -0400] "GET /favicon.ico HTTP/1.1" 200 75480 aimdigital.com.au "https://aimdigital.com.au/wp-content/plugins/kpbwd/ok.php" "Mozilla/5.0 (iPhone; CPU iPhone OS 13_0 like Mac OS X) AppleWebKit/605.1.15 (KHTML, like Gecko) Version/13.0 Mobile/15E148 Safari/605.1.15" "-"
209.50.228.0 - - [30/Mar/2026:00:10:57 -0400] "GET /wp-content/plugins/kpbwd/ok.php HTTP/1.1" 403 239 aimdigital.com.au "https://pl8865domm.s3.amazonaws.com/" "Mozilla/5.0 (Linux; Android 10; K) AppleWebKit/537.36 (KHTML, like Gecko) Chrome/131.0.0.0 Mobile Safari/537.36" "-"
209.50.228.0 - - [30/Mar/2026:00:10:58 -0400] "GET /favicon.ico HTTP/1.1" 200 75488 aimdigital.com.au "https://aimdigital.com.au/wp-content/plugins/kpbwd/ok.php" "Mozilla/5.0 (Linux; Android 10; K) AppleWebKit/537.36 (KHTML, like Gecko) Chrome/131.0.0.0 Mobile Safari/537.36" "-"
170.64.251.0 - - [30/Mar/2026:00:10:59 -0400] "GET /wp-content/plugins/kpbwd/ok.php HTTP/1.1" 403 239 aimdigital.com.au "https://pl8865domm.s3.amazonaws.com/" "Mozilla/5.0 (iPhone; CPU iPhone OS 13_0 like Mac OS X) AppleWebKit/605.1.15 (KHTML, like Gecko) Version/13.0 Mobile/15E148 Safari/605.1.15" "-"
209.38.171.0 - - [30/Mar/2026:00:10:59 -0400] "GET /wp-content/plugins/kpbwd/ok.php HTTP/1.1" 403 239 aimdigital.com.au "https://pl8865domm.s3.amazonaws.com/" "Mozilla/5.0 (iPhone; CPU iPhone OS 12_0 like Mac OS X) AppleWebKit/605.1.15 (KHTML, like Gecko) Version/12.0 Mobile/15E148 Safari/604.1" "-"
209.38.171.0 - - [30/Mar/2026:00:10:59 -0400] "GET /favicon.ico HTTP/1.1" 200 75480 aimdigital.com.au "https://aimdigital.com.au/wp-content/plugins/kpbwd/ok.php" "Mozilla/5.0 (iPhone; CPU iPhone OS 12_0 like Mac OS X) AppleWebKit/605.1.15 (KHTML, like Gecko) Version/12.0 Mobile/15E148 Safari/604.1" "-"
216.73.216.0 - - [30/Mar/2026:00:11:00 -0400] "GET /goodscode/1638867144?path=%2Fhomepages%2F21%2Fd4298745088%2Fhtdocs%2Flogs HTTP/1.1" 429 267 aimdigital.com.au "-" "Mozilla/5.0 AppleWebKit/537.36 (KHTML, like Gecko; compatible; ClaudeBot/1.0; +claudebot@anthropic.com)" "-"
170.64.251.0 - - [30/Mar/2026:00:11:00 -0400] "GET /favicon.ico HTTP/1.1" 200 75480 aimdigital.com.au "https://aimdigital.com.au/wp-content/plugins/kpbwd/ok.php" "Mozilla/5.0 (iPhone; CPU iPhone OS 13_0 like Mac OS X) AppleWebKit/605.1.15 (KHTML, like Gecko) Version/13.0 Mobile/15E148 Safari/605.1.15" "-"
2a03:2880:f800:: - - [30/Mar/2026:00:11:00 -0400] "GET /goodscode/914206581?fileloc=/homepages/21/d4298745088/htdocs/wp-admin/admin-footer.php&path=/homepages/21/d4298745088/htdocs/wp-admin HTTP/1.1" 429 267 aimdigital.com.au "-" "meta-externalagent/1.1 (+https://developers.facebook.com/docs/sharing/webmasters/crawler)" "-"
140.235.164.0 - - [30/Mar/2026:00:11:00 -0400] "GET /wp-content/plugins/kpbwd/ok.php HTTP/1.1" 403 239 aimdigital.com.au "https://pl8865domm.s3.amazonaws.com/" "Mozilla/5.0 (iPhone; CPU iPhone OS 13_0 like Mac OS X) AppleWebKit/605.1.15 (KHTML, like Gecko) Version/13.0 Mobile/15E148 Safari/605.1.15" "-"
141.227.129.0 - - [30/Mar/2026:00:11:01 -0400] "GET /wp-content/plugins/kpbwd/ok.php HTTP/1.1" 403 239 aimdigital.com.au "https://pl8865domm.s3.amazonaws.com/" "Mozilla/5.0 (iPhone; CPU iPhone OS 12_0 like Mac OS X) AppleWebKit/605.1.15 (KHTML, like Gecko) Version/12.0 Mobile/15E148 Safari/604.1" "-"
134.199.132.0 - - [30/Mar/2026:00:11:01 -0400] "GET /wp-content/plugins/kpbwd/ok.php HTTP/1.1" 403 239 aimdigital.com.au "https://pl8865domm.s3.amazonaws.com/" "Mozilla/5.0 (iPhone; CPU iPhone OS 12_0 like Mac OS X) AppleWebKit/605.1.15 (KHTML, like Gecko) Version/12.0 Mobile/15E148 Safari/604.1" "-"
170.64.241.0 - - [30/Mar/2026:00:11:01 -0400] "GET /wp-content/plugins/kpbwd/ok.php HTTP/1.1" 403 239 aimdigital.com.au "https://pl8865domm.s3.amazonaws.com/" "Mozilla/5.0 (Linux; Android 10; K) AppleWebKit/537.36 (KHTML, like Gecko) Chrome/131.0.0.0 Mobile Safari/537.36" "-"
140.235.164.0 - - [30/Mar/2026:00:11:01 -0400] "GET /favicon.ico HTTP/1.1" 200 75480 aimdigital.com.au "https://aimdigital.com.au/wp-content/plugins/kpbwd/ok.php" "Mozilla/5.0 (iPhone; CPU iPhone OS 13_0 like Mac OS X) AppleWebKit/605.1.15 (KHTML, like Gecko) Version/13.0 Mobile/15E148 Safari/605.1.15" "-"
141.227.129.0 - - [30/Mar/2026:00:11:01 -0400] "GET /favicon.ico HTTP/1.1" 200 75480 aimdigital.com.au "https://aimdigital.com.au/wp-content/plugins/kpbwd/ok.php" "Mozilla/5.0 (iPhone; CPU iPhone OS 12_0 like Mac OS X) AppleWebKit/605.1.15 (KHTML, like Gecko) Version/12.0 Mobile/15E148 Safari/604.1" "-"
134.199.132.0 - - [30/Mar/2026:00:11:01 -0400] "GET /favicon.ico HTTP/1.1" 200 75480 aimdigital.com.au "https://aimdigital.com.au/wp-content/plugins/kpbwd/ok.php" "Mozilla/5.0 (iPhone; CPU iPhone OS 12_0 like Mac OS X) AppleWebKit/605.1.15 (KHTML, like Gecko) Version/12.0 Mobile/15E148 Safari/604.1" "-"
170.64.241.0 - - [30/Mar/2026:00:11:02 -0400] "GET /favicon.ico HTTP/1.1" 200 75480 aimdigital.com.au "https://aimdigital.com.au/wp-content/plugins/kpbwd/ok.php" "Mozilla/5.0 (Linux; Android 10; K) AppleWebKit/537.36 (KHTML, like Gecko) Chrome/131.0.0.0 Mobile Safari/537.36" "-"
140.235.164.0 - - [30/Mar/2026:00:11:04 -0400] "GET /wp-content/plugins/kpbwd/ok.php HTTP/1.1" 403 239 aimdigital.com.au "https://pl8865domm.s3.amazonaws.com/" "Mozilla/5.0 (Linux; arm_64; Android 12; SM-G973F) AppleWebKit/537.36 (KHTML, like Gecko) Chrome/142.0.7444.936 YaSearchBrowser/25.124.1 BroPP/1.0 YaSearchApp/25.124.1 webOmni Mobile Safari/537.36" "-"
2a03:2880:f800:: - - [30/Mar/2026:00:11:04 -0400] "GET /goodscode/914206581?fileloc=/homepages/21/d4298745088/htdocs/wp-admin/link.php&path=/homepages/21/d4298745088/htdocs/wp-admin HTTP/1.1" 429 267 aimdigital.com.au "-" "meta-externalagent/1.1 (+https://developers.facebook.com/docs/sharing/webmasters/crawler)" "-"
46.62.234.0 - - [30/Mar/2026:00:11:04 -0400] "GET /wp-content/plugins/kpbwd/ok.php HTTP/1.1" 403 239 aimdigital.com.au "https://pl8865domm.s3.amazonaws.com/" "Mozilla/5.0 (Linux; Android 10; K) AppleWebKit/537.36 (KHTML, like Gecko) Chrome/131.0.0.0 Mobile Safari/537.36" "-"
46.62.234.0 - - [30/Mar/2026:00:11:04 -0400] "GET /favicon.ico HTTP/1.1" 200 75480 aimdigital.com.au "https://aimdigital.com.au/wp-content/plugins/kpbwd/ok.php" "Mozilla/5.0 (Linux; Android 10; K) AppleWebKit/537.36 (KHTML, like Gecko) Chrome/131.0.0.0 Mobile Safari/537.36" "-"
140.235.164.0 - - [30/Mar/2026:00:11:04 -0400] "GET /favicon.ico HTTP/1.1" 200 75480 aimdigital.com.au "https://aimdigital.com.au/wp-content/plugins/kpbwd/ok.php" "Mozilla/5.0 (Linux; arm_64; Android 12; SM-G973F) AppleWebKit/537.36 (KHTML, like Gecko) Chrome/142.0.7444.936 YaSearchBrowser/25.124.1 BroPP/1.0 YaSearchApp/25.124.1 webOmni Mobile Safari/537.36" "-"
2a03:2880:f800:: - - [30/Mar/2026:00:11:05 -0400] "GET /goodscode/914206581?fileloc=/homepages/21/d4298745088/htdocs/wp-admin/edit-comments.php&path=/homepages/21/d4298745088/htdocs/wp-admin HTTP/1.1" 429 267 aimdigital.com.au "-" "meta-externalagent/1.1 (+https://developers.facebook.com/docs/sharing/webmasters/crawler)" "-"
106.161.65.0 - - [30/Mar/2026:00:11:05 -0400] "GET /wp-content/plugins/kpbwd/ok.php HTTP/1.1" 403 239 aimdigital.com.au "https://pl8865domm.s3.amazonaws.com/" "Mozilla/5.0 (Linux; arm_64; Android 12; SM-G973F) AppleWebKit/537.36 (KHTML, like Gecko) Chrome/142.0.7444.936 YaSearchBrowser/25.124.1 BroPP/1.0 YaSearchApp/25.124.1 webOmni Mobile Safari/537.36" "-"
216.73.216.0 - - [30/Mar/2026:00:11:05 -0400] "GET /goodscode/640268779?fileloc=%2Fhomepages%2F21%2Fd4298745088%2Fhtdocs%2Fwp-includes%2Fclass-wp-block-processor.php&path=%2Fhomepages%2F21%2Fd4298745088%2Fhtdocs%2Fwp-includes HTTP/1.1" 429 267 aimdigital.com.au "-" "Mozilla/5.0 AppleWebKit/537.36 (KHTML, like Gecko; compatible; ClaudeBot/1.0; +claudebot@anthropic.com)" "-"
106.161.65.0 - - [30/Mar/2026:00:11:05 -0400] "GET /favicon.ico HTTP/1.1" 200 75480 aimdigital.com.au "https://aimdigital.com.au/wp-content/plugins/kpbwd/ok.php" "Mozilla/5.0 (Linux; arm_64; Android 12; SM-G973F) AppleWebKit/537.36 (KHTML, like Gecko) Chrome/142.0.7444.936 YaSearchBrowser/25.124.1 BroPP/1.0 YaSearchApp/25.124.1 webOmni Mobile Safari/537.36" "-"
38.54.124.0 - - [30/Mar/2026:00:11:06 -0400] "GET /wp-content/plugins/kpbwd/ok.php HTTP/1.1" 403 239 aimdigital.com.au "https://pl8865domm.s3.amazonaws.com/" "Mozilla/5.0 (iPhone; CPU iPhone OS 12_0 like Mac OS X) AppleWebKit/605.1.15 (KHTML, like Gecko) Version/12.0 Mobile/15E148 Safari/604.1" "-"
128.90.0.0 - - [30/Mar/2026:00:11:07 -0400] "GET /wp-content/plugins/kpbwd/ok.php HTTP/1.1" 403 239 aimdigital.com.au "https://pl8865domm.s3.amazonaws.com/" "Mozilla/5.0 (Linux; arm_64; Android 12; SM-G973F) AppleWebKit/537.36 (KHTML, like Gecko) Chrome/142.0.7444.936 YaSearchBrowser/25.124.1 BroPP/1.0 YaSearchApp/25.124.1 webOmni Mobile Safari/537.36" "-"
38.54.124.0 - - [30/Mar/2026:00:11:07 -0400] "GET /favicon.ico HTTP/1.1" 200 75480 aimdigital.com.au "https://aimdigital.com.au/wp-content/plugins/kpbwd/ok.php" "Mozilla/5.0 (iPhone; CPU iPhone OS 12_0 like Mac OS X) AppleWebKit/605.1.15 (KHTML, like Gecko) Version/12.0 Mobile/15E148 Safari/604.1" "-"
128.90.0.0 - - [30/Mar/2026:00:11:07 -0400] "GET /favicon.ico HTTP/1.1" 200 75480 aimdigital.com.au "https://aimdigital.com.au/wp-content/plugins/kpbwd/ok.php" "Mozilla/5.0 (Linux; arm_64; Android 12; SM-G973F) AppleWebKit/537.36 (KHTML, like Gecko) Chrome/142.0.7444.936 YaSearchBrowser/25.124.1 BroPP/1.0 YaSearchApp/25.124.1 webOmni Mobile Safari/537.36" "-"
138.199.39.0 - - [30/Mar/2026:00:11:08 -0400] "GET /wp-content/plugins/kpbwd/ok.php HTTP/1.1" 403 239 aimdigital.com.au "https://pl8865domm.s3.amazonaws.com/" "Mozilla/5.0 (Linux; Android 10; K) AppleWebKit/537.36 (KHTML, like Gecko) Chrome/134.0.0.0 Mobile Safari/537.36" "-"
138.199.39.0 - - [30/Mar/2026:00:11:08 -0400] "GET /wp-content/plugins/kpbwd/ok.php HTTP/1.1" 403 239 aimdigital.com.au "https://pl8865domm.s3.amazonaws.com/" "Mozilla/5.0 (Linux; arm_64; Android 12; SM-G973F) AppleWebKit/537.36 (KHTML, like Gecko) Chrome/142.0.7444.936 YaSearchBrowser/25.124.1 BroPP/1.0 YaSearchApp/25.124.1 webOmni Mobile Safari/537.36" "-"
138.199.39.0 - - [30/Mar/2026:00:11:08 -0400] "GET /favicon.ico HTTP/1.1" 200 75480 aimdigital.com.au "https://aimdigital.com.au/wp-content/plugins/kpbwd/ok.php" "Mozilla/5.0 (Linux; Android 10; K) AppleWebKit/537.36 (KHTML, like Gecko) Chrome/134.0.0.0 Mobile Safari/537.36" "-"
2a03:2880:f800:: - - [30/Mar/2026:00:11:09 -0400] "GET /goodscode/914206581?fileloc=/homepages/21/d4298745088/htdocs/wp-admin/privacy-policy-guide.php&path=/homepages/21/d4298745088/htdocs/wp-admin HTTP/1.1" 429 267 aimdigital.com.au "-" "meta-externalagent/1.1 (+https://developers.facebook.com/docs/sharing/webmasters/crawler)" "-"
138.199.39.0 - - [30/Mar/2026:00:11:09 -0400] "GET /favicon.ico HTTP/1.1" 200 75480 aimdigital.com.au "https://aimdigital.com.au/wp-content/plugins/kpbwd/ok.php" "Mozilla/5.0 (Linux; arm_64; Android 12; SM-G973F) AppleWebKit/537.36 (KHTML, like Gecko) Chrome/142.0.7444.936 YaSearchBrowser/25.124.1 BroPP/1.0 YaSearchApp/25.124.1 webOmni Mobile Safari/537.36" "-"
106.161.65.0 - - [30/Mar/2026:00:11:10 -0400] "GET /wp-content/plugins/kpbwd/ok.php HTTP/1.1" 403 239 aimdigital.com.au "https://pl8865domm.s3.amazonaws.com/" "Mozilla/5.0 (Linux; Android 10; K) AppleWebKit/537.36 (KHTML, like Gecko) Chrome/134.0.0.0 Mobile Safari/537.36" "-"
216.73.216.0 - - [30/Mar/2026:00:11:10 -0400] "GET /goodscode/640268779?fileloc=%2Fhomepages%2F21%2Fd4298745088%2Fhtdocs%2Fwp-includes%2Fwp-diff.php&path=%2Fhomepages%2F21%2Fd4298745088%2Fhtdocs%2Fwp-includes HTTP/1.1" 429 267 aimdigital.com.au "-" "Mozilla/5.0 AppleWebKit/537.36 (KHTML, like Gecko; compatible; ClaudeBot/1.0; +claudebot@anthropic.com)" "-"
2a03:2880:f800:: - - [30/Mar/2026:00:11:10 -0400] "GET /goodscode/914206581?fileloc=/homepages/21/d4298745088/htdocs/wp-admin/credits.php&path=/homepages/21/d4298745088/htdocs/wp-admin HTTP/1.1" 429 267 aimdigital.com.au "-" "meta-externalagent/1.1 (+https://developers.facebook.com/docs/sharing/webmasters/crawler)" "-"
106.161.65.0 - - [30/Mar/2026:00:11:10 -0400] "GET /favicon.ico HTTP/1.1" 200 75480 aimdigital.com.au "https://aimdigital.com.au/wp-content/plugins/kpbwd/ok.php" "Mozilla/5.0 (Linux; Android 10; K) AppleWebKit/537.36 (KHTML, like Gecko) Chrome/134.0.0.0 Mobile Safari/537.36" "-"
140.235.164.0 - - [30/Mar/2026:00:11:11 -0400] "GET /wp-content/plugins/kpbwd/ok.php HTTP/1.1" 403 239 aimdigital.com.au "https://pl8865domm.s3.amazonaws.com/" "Mozilla/5.0 (Linux; Android 10; K) AppleWebKit/537.36 (KHTML, like Gecko) Chrome/134.0.0.0 Mobile Safari/537.36" "-"
2a03:2880:f800:: - - [30/Mar/2026:00:11:11 -0400] "GET /goodscode/914206581?fileloc=/homepages/21/d4298745088/htdocs/wp-admin/ms-admin.php&path=/homepages/21/d4298745088/htdocs/wp-admin HTTP/1.1" 429 267 aimdigital.com.au "-" "meta-externalagent/1.1 (+https://developers.facebook.com/docs/sharing/webmasters/crawler)" "-"
140.235.164.0 - - [30/Mar/2026:00:11:12 -0400] "GET /favicon.ico HTTP/1.1" 200 75480 aimdigital.com.au "https://aimdigital.com.au/wp-content/plugins/kpbwd/ok.php" "Mozilla/5.0 (Linux; Android 10; K) AppleWebKit/537.36 (KHTML, like Gecko) Chrome/134.0.0.0 Mobile Safari/537.36" "-"
66.249.69.0 - - [30/Mar/2026:00:11:12 -0400] "GET /goodscode/2301000712 HTTP/1.1" 200 383864 aimdigital.com.au "-" "Mozilla/5.0 (Linux; Android 6.0.1; Nexus 5X Build/MMB29P) AppleWebKit/537.36 (KHTML, like Gecko) Chrome/146.0.7680.153 Mobile Safari/537.36 (compatible; GoogleOther)" "-"
216.73.216.0 - - [30/Mar/2026:00:11:15 -0400] "GET /goodscode/3645418622?path=%2Fhomepages%2F21%2Fd4298745088%2Fhtdocs%2Flogs HTTP/1.1" 429 267 aimdigital.com.au "-" "Mozilla/5.0 AppleWebKit/537.36 (KHTML, like Gecko; compatible; ClaudeBot/1.0; +claudebot@anthropic.com)" "-"
57.129.134.0 - - [30/Mar/2026:00:11:16 -0400] "GET /wp-content/plugins/kpbwd/ok.php HTTP/1.1" 403 239 aimdigital.com.au "https://pl8865domm.s3.amazonaws.com/" "Mozilla/5.0 (Linux; arm_64; Android 14; Infinix X678B) AppleWebKit/537.36 (KHTML, like Gecko) Chrome/142.0.7444.44 YaBrowser/25.12.8.44.00 Mobile Safari/537.36" "-"
185.18.222.0 - - [30/Mar/2026:00:11:17 -0400] "GET /wp-content/plugins/kpbwd/ok.php HTTP/1.1" 403 239 aimdigital.com.au "https://pl8865domm.s3.amazonaws.com/" "Mozilla/5.0 (Linux; Android 10; K) AppleWebKit/537.36 (KHTML, like Gecko) Chrome/134.0.0.0 Mobile Safari/537.36" "-"
57.129.134.0 - - [30/Mar/2026:00:11:17 -0400] "GET /favicon.ico HTTP/1.1" 200 75480 aimdigital.com.au "https://aimdigital.com.au/wp-content/plugins/kpbwd/ok.php" "Mozilla/5.0 (Linux; arm_64; Android 14; Infinix X678B) AppleWebKit/537.36 (KHTML, like Gecko) Chrome/142.0.7444.44 YaBrowser/25.12.8.44.00 Mobile Safari/537.36" "-"
185.18.222.0 - - [30/Mar/2026:00:11:17 -0400] "GET /favicon.ico HTTP/1.1" 200 75480 aimdigital.com.au "https://aimdigital.com.au/wp-content/plugins/kpbwd/ok.php" "Mozilla/5.0 (Linux; Android 10; K) AppleWebKit/537.36 (KHTML, like Gecko) Chrome/134.0.0.0 Mobile Safari/537.36" "-"
23.82.96.0 - - [30/Mar/2026:00:11:18 -0400] "GET /wp-content/plugins/kpbwd/ok.php HTTP/1.1" 403 239 aimdigital.com.au "https://pl8865domm.s3.amazonaws.com/" "Mozilla/5.0 (Linux; arm_64; Android 14; Infinix X678B) AppleWebKit/537.36 (KHTML, like Gecko) Chrome/142.0.7444.44 YaBrowser/25.12.8.44.00 Mobile Safari/537.36" "-"
2a03:2880:f800:: - - [30/Mar/2026:00:11:18 -0400] "GET /goodscode/914206581?fileloc=/homepages/21/d4298745088/htdocs/wp-admin/erase-personal-data.php&path=/homepages/21/d4298745088/htdocs/wp-admin HTTP/1.1" 429 267 aimdigital.com.au "-" "meta-externalagent/1.1 (+https://developers.facebook.com/docs/sharing/webmasters/crawler)" "-"
23.82.96.0 - - [30/Mar/2026:00:11:18 -0400] "GET /favicon.ico HTTP/1.1" 200 75480 aimdigital.com.au "https://aimdigital.com.au/wp-content/plugins/kpbwd/ok.php" "Mozilla/5.0 (Linux; arm_64; Android 14; Infinix X678B) AppleWebKit/537.36 (KHTML, like Gecko) Chrome/142.0.7444.44 YaBrowser/25.12.8.44.00 Mobile Safari/537.36" "-"
2a03:2880:f800:: - - [30/Mar/2026:00:11:19 -0400] "GET /goodscode/914206581?fileloc=/homepages/21/d4298745088/htdocs/wp-admin/ms-themes.php&path=/homepages/21/d4298745088/htdocs/wp-admin HTTP/1.1" 429 267 aimdigital.com.au "-" "meta-externalagent/1.1 (+https://developers.facebook.com/docs/sharing/webmasters/crawler)" "-"
128.90.0.0 - - [30/Mar/2026:00:11:19 -0400] "GET /wp-content/plugins/kpbwd/ok.php HTTP/1.1" 403 239 aimdigital.com.au "https://pl8865domm.s3.amazonaws.com/" "Mozilla/5.0 (iPhone; CPU iPhone OS 17_0 like Mac OS X) AppleWebKit/605.1.15 (KHTML, like Gecko) Version/17.0 Mobile/15E148 Safari/604.1" "-"
91.134.142.0 - - [30/Mar/2026:00:11:20 -0400] "GET /wp-content/plugins/kpbwd/ok.php HTTP/1.1" 403 239 aimdigital.com.au "https://pl8865domm.s3.amazonaws.com/" "Mozilla/5.0 (Linux; arm_64; Android 14; Infinix X678B) AppleWebKit/537.36 (KHTML, like Gecko) Chrome/142.0.7444.44 YaBrowser/25.12.8.44.00 Mobile Safari/537.36" "-"
216.73.216.0 - - [30/Mar/2026:00:11:20 -0400] "GET /goodscode/885157528?path=%2Fhomepages%2F21%2Fd4298745088 HTTP/1.1" 429 267 aimdigital.com.au "-" "Mozilla/5.0 AppleWebKit/537.36 (KHTML, like Gecko; compatible; ClaudeBot/1.0; +claudebot@anthropic.com)" "-"
2a03:2880:f800:: - - [30/Mar/2026:00:11:20 -0400] "GET /goodscode/914206581?fileloc=/homepages/21/d4298745088/htdocs/wp-admin/edit-link-form.php&path=/homepages/21/d4298745088/htdocs/wp-admin HTTP/1.1" 429 267 aimdigital.com.au "-" "meta-externalagent/1.1 (+https://developers.facebook.com/docs/sharing/webmasters/crawler)" "-"
91.134.142.0 - - [30/Mar/2026:00:11:20 -0400] "GET /favicon.ico HTTP/1.1" 200 75480 aimdigital.com.au "https://aimdigital.com.au/wp-content/plugins/kpbwd/ok.php" "Mozilla/5.0 (Linux; arm_64; Android 14; Infinix X678B) AppleWebKit/537.36 (KHTML, like Gecko) Chrome/142.0.7444.44 YaBrowser/25.12.8.44.00 Mobile Safari/537.36" "-"
128.90.0.0 - - [30/Mar/2026:00:11:20 -0400] "GET /wp-content/plugins/kpbwd/ok.php HTTP/1.1" 403 239 aimdigital.com.au "https://pl8865domm.s3.amazonaws.com/" "Mozilla/5.0 (Linux; arm_64; Android 14; Infinix X678B) AppleWebKit/537.36 (KHTML, like Gecko) Chrome/142.0.7444.44 YaBrowser/25.12.8.44.00 Mobile Safari/537.36" "-"
128.90.0.0 - - [30/Mar/2026:00:11:21 -0400] "GET /favicon.ico HTTP/1.1" 200 75480 aimdigital.com.au "https://aimdigital.com.au/wp-content/plugins/kpbwd/ok.php" "Mozilla/5.0 (Linux; arm_64; Android 14; Infinix X678B) AppleWebKit/537.36 (KHTML, like Gecko) Chrome/142.0.7444.44 YaBrowser/25.12.8.44.00 Mobile Safari/537.36" "-"
128.90.0.0 - - [30/Mar/2026:00:11:21 -0400] "GET /favicon.ico HTTP/1.1" 200 75480 aimdigital.com.au "https://aimdigital.com.au/wp-content/plugins/kpbwd/ok.php" "Mozilla/5.0 (iPhone; CPU iPhone OS 17_0 like Mac OS X) AppleWebKit/605.1.15 (KHTML, like Gecko) Version/17.0 Mobile/15E148 Safari/604.1" "-"
106.161.65.0 - - [30/Mar/2026:00:11:22 -0400] "GET /wp-content/plugins/kpbwd/ok.php HTTP/1.1" 403 239 aimdigital.com.au "https://pl8865domm.s3.amazonaws.com/" "Mozilla/5.0 (iPhone; CPU iPhone OS 17_0 like Mac OS X) AppleWebKit/605.1.15 (KHTML, like Gecko) Version/17.0 Mobile/15E148 Safari/604.1" "-"
138.199.39.0 - - [30/Mar/2026:00:11:22 -0400] "GET /wp-content/plugins/kpbwd/ok.php HTTP/1.1" 403 239 aimdigital.com.au "https://pl8865domm.s3.amazonaws.com/" "Mozilla/5.0 (iPhone; CPU iPhone OS 17_0 like Mac OS X) AppleWebKit/605.1.15 (KHTML, like Gecko) Version/17.0 Mobile/15E148 Safari/604.1" "-"
106.161.65.0 - - [30/Mar/2026:00:11:22 -0400] "GET /favicon.ico HTTP/1.1" 200 75480 aimdigital.com.au "https://aimdigital.com.au/wp-content/plugins/kpbwd/ok.php" "Mozilla/5.0 (iPhone; CPU iPhone OS 17_0 like Mac OS X) AppleWebKit/605.1.15 (KHTML, like Gecko) Version/17.0 Mobile/15E148 Safari/604.1" "-"
45.250.255.0 - - [30/Mar/2026:00:11:23 -0400] "GET /wp-content/plugins/kpbwd/ok.php HTTP/1.1" 403 239 aimdigital.com.au "https://pl8865domm.s3.amazonaws.com/" "Mozilla/5.0 (iPhone; CPU iPhone OS 17_0 like Mac OS X) AppleWebKit/605.1.15 (KHTML, like Gecko) Version/17.0 Mobile/15E148 Safari/604.1" "-"
138.199.39.0 - - [30/Mar/2026:00:11:23 -0400] "GET /favicon.ico HTTP/1.1" 200 75480 aimdigital.com.au "https://aimdigital.com.au/wp-content/plugins/kpbwd/ok.php" "Mozilla/5.0 (iPhone; CPU iPhone OS 17_0 like Mac OS X) AppleWebKit/605.1.15 (KHTML, like Gecko) Version/17.0 Mobile/15E148 Safari/604.1" "-"
45.250.255.0 - - [30/Mar/2026:00:11:24 -0400] "GET /favicon.ico HTTP/1.1" 200 75480 aimdigital.com.au "https://aimdigital.com.au/wp-content/plugins/kpbwd/ok.php" "Mozilla/5.0 (iPhone; CPU iPhone OS 17_0 like Mac OS X) AppleWebKit/605.1.15 (KHTML, like Gecko) Version/17.0 Mobile/15E148 Safari/604.1" "-"
216.73.216.0 - - [30/Mar/2026:00:11:25 -0400] "GET /goodscode/2140851398?path=%2Fhomepages%2F21%2Fd4298745088%2Fhtdocs%2Flogs HTTP/1.1" 429 267 aimdigital.com.au "-" "Mozilla/5.0 AppleWebKit/537.36 (KHTML, like Gecko; compatible; ClaudeBot/1.0; +claudebot@anthropic.com)" "-"
2a03:2880:f800:: - - [30/Mar/2026:00:11:28 -0400] "GET /goodscode/914206581?fileloc=/homepages/21/d4298745088/htdocs/wp-admin/edit-tags.php&path=/homepages/21/d4298745088/htdocs/wp-admin HTTP/1.1" 429 267 aimdigital.com.au "-" "meta-externalagent/1.1 (+https://developers.facebook.com/docs/sharing/webmasters/crawler)" "-"
141.227.129.0 - - [30/Mar/2026:00:11:28 -0400] "GET /wp-content/plugins/kpbwd/ok.php HTTP/1.1" 403 239 aimdigital.com.au "https://pl8865domm.s3.amazonaws.com/" "Mozilla/5.0 (iPhone; CPU iPhone OS 16_0 like Mac OS X) AppleWebKit/605.1.15 (KHTML, like Gecko) Version/26.0 Mobile/15E148 Safari/604.1" "-"
141.227.129.0 - - [30/Mar/2026:00:11:29 -0400] "GET /favicon.ico HTTP/1.1" 200 75480 aimdigital.com.au "https://aimdigital.com.au/wp-content/plugins/kpbwd/ok.php" "Mozilla/5.0 (iPhone; CPU iPhone OS 16_0 like Mac OS X) AppleWebKit/605.1.15 (KHTML, like Gecko) Version/26.0 Mobile/15E148 Safari/604.1" "-"
57.131.13.0 - - [30/Mar/2026:00:11:29 -0400] "GET /wp-content/plugins/kpbwd/ok.php HTTP/1.1" 403 239 aimdigital.com.au "https://pl8865domm.s3.amazonaws.com/" "Mozilla/5.0 (iPhone; CPU iPhone OS 16_0 like Mac OS X) AppleWebKit/605.1.15 (KHTML, like Gecko) Version/26.0 Mobile/15E148 Safari/604.1" "-"
57.131.13.0 - - [30/Mar/2026:00:11:29 -0400] "GET /favicon.ico HTTP/1.1" 200 75480 aimdigital.com.au "https://aimdigital.com.au/wp-content/plugins/kpbwd/ok.php" "Mozilla/5.0 (iPhone; CPU iPhone OS 16_0 like Mac OS X) AppleWebKit/605.1.15 (KHTML, like Gecko) Version/26.0 Mobile/15E148 Safari/604.1" "-"
216.73.216.0 - - [30/Mar/2026:00:11:30 -0400] "GET /goodscode/199732154?path=%2Fhomepages%2F21%2Fd4298745088%2Fhtdocs%2Fold%2F.tmb HTTP/1.1" 429 267 aimdigital.com.au "-" "Mozilla/5.0 AppleWebKit/537.36 (KHTML, like Gecko; compatible; ClaudeBot/1.0; +claudebot@anthropic.com)" "-"
23.82.96.0 - - [30/Mar/2026:00:11:31 -0400] "GET /wp-content/plugins/kpbwd/ok.php HTTP/1.1" 403 239 aimdigital.com.au "https://pl8865domm.s3.amazonaws.com/" "Mozilla/5.0 (iPhone; CPU iPhone OS 16_0 like Mac OS X) AppleWebKit/605.1.15 (KHTML, like Gecko) Version/26.0 Mobile/15E148 Safari/604.1" "-"
35.169.119.0 - - [30/Mar/2026:00:11:31 -0400] "GET /mostbet-login-india-858/feed/ HTTP/1.1" 200 75480 aimdigital.com.au "-" "Mozilla/5.0 AppleWebKit/537.36 (KHTML, like Gecko; compatible; Amazonbot/0.1; +https://developer.amazon.com/support/amazonbot) Chrome/119.0.6045.214 Safari/537.36" "-"
