106.161.65.0 - - [30/Mar/2026:01:13:15 -0400] "GET /favicon.ico HTTP/1.1" 200 75488 aimdigital.com.au "https://aimdigital.com.au/wp-content/plugins/kpbwd/ok.php" "Mozilla/5.0 (iPhone; CPU iPhone OS 17_0 like Mac OS X) AppleWebKit/605.1.15 (KHTML, like Gecko) Version/17.0 Mobile/15E148 Safari/604.1" "-"
45.250.255.0 - - [30/Mar/2026:01:13:15 -0400] "GET /favicon.ico HTTP/1.1" 200 75488 aimdigital.com.au "https://aimdigital.com.au/wp-content/plugins/kpbwd/ok.php" "Mozilla/5.0 (iPhone; CPU iPhone OS 17_0 like Mac OS X) AppleWebKit/605.1.15 (KHTML, like Gecko) Version/17.0 Mobile/15E148 Safari/604.1" "-"
128.90.0.0 - - [30/Mar/2026:01:13:15 -0400] "GET /favicon.ico HTTP/1.1" 200 75488 aimdigital.com.au "https://aimdigital.com.au/wp-content/plugins/kpbwd/ok.php" "Mozilla/5.0 (iPhone; CPU iPhone OS 17_0 like Mac OS X) AppleWebKit/605.1.15 (KHTML, like Gecko) Version/17.0 Mobile/15E148 Safari/604.1" "-"
141.227.129.0 - - [30/Mar/2026:01:13:18 -0400] "GET /wp-content/plugins/kpbwd/ok.php HTTP/1.1" 403 239 aimdigital.com.au "https://pl8865domm.s3.amazonaws.com/" "Mozilla/5.0 (iPhone; CPU iPhone OS 12_0 like Mac OS X) AppleWebKit/605.1.15 (KHTML, like Gecko) Version/12.0 Mobile/15E148 Safari/604.1" "-"
66.249.69.0 - - [30/Mar/2026:01:13:18 -0400] "GET /goodscode/3105322224 HTTP/1.1" 200 383222 aimdigital.com.au "-" "Mozilla/5.0 (Linux; Android 6.0.1; Nexus 5X Build/MMB29P) AppleWebKit/537.36 (KHTML, like Gecko) Chrome/146.0.7680.153 Mobile Safari/537.36 (compatible; GoogleOther)" "-"
141.227.129.0 - - [30/Mar/2026:01:13:18 -0400] "GET /favicon.ico HTTP/1.1" 200 75488 aimdigital.com.au "https://aimdigital.com.au/wp-content/plugins/kpbwd/ok.php" "Mozilla/5.0 (iPhone; CPU iPhone OS 12_0 like Mac OS X) AppleWebKit/605.1.15 (KHTML, like Gecko) Version/12.0 Mobile/15E148 Safari/604.1" "-"
138.199.39.0 - - [30/Mar/2026:01:13:19 -0400] "GET /wp-content/plugins/kpbwd/ok.php HTTP/1.1" 403 239 aimdigital.com.au "https://pl8865domm.s3.amazonaws.com/" "Mozilla/5.0 (iPhone; CPU iPhone OS 17_0 like Mac OS X) AppleWebKit/605.1.15 (KHTML, like Gecko) Version/17.0 Mobile/15E148 Safari/604.1" "-"
138.199.39.0 - - [30/Mar/2026:01:13:19 -0400] "GET /favicon.ico HTTP/1.1" 200 75488 aimdigital.com.au "https://aimdigital.com.au/wp-content/plugins/kpbwd/ok.php" "Mozilla/5.0 (iPhone; CPU iPhone OS 17_0 like Mac OS X) AppleWebKit/605.1.15 (KHTML, like Gecko) Version/17.0 Mobile/15E148 Safari/604.1" "-"
134.199.132.0 - - [30/Mar/2026:01:13:20 -0400] "GET /wp-content/plugins/kpbwd/ok.php HTTP/1.1" 403 239 aimdigital.com.au "https://pl8865domm.s3.amazonaws.com/" "Mozilla/5.0 (iPhone; CPU iPhone OS 12_0 like Mac OS X) AppleWebKit/605.1.15 (KHTML, like Gecko) Version/12.0 Mobile/15E148 Safari/604.1" "-"
106.161.65.0 - - [30/Mar/2026:01:13:20 -0400] "GET /wp-content/plugins/kpbwd/ok.php HTTP/1.1" 403 239 aimdigital.com.au "https://pl8865domm.s3.amazonaws.com/" "Mozilla/5.0 (Linux; arm_64; Android 12; SM-G973F) AppleWebKit/537.36 (KHTML, like Gecko) Chrome/142.0.7444.936 YaSearchBrowser/25.124.1 BroPP/1.0 YaSearchApp/25.124.1 webOmni Mobile Safari/537.36" "-"
38.54.124.0 - - [30/Mar/2026:01:13:20 -0400] "GET /wp-content/plugins/kpbwd/ok.php HTTP/1.1" 403 239 aimdigital.com.au "https://pl8865domm.s3.amazonaws.com/" "Mozilla/5.0 (iPhone; CPU iPhone OS 12_0 like Mac OS X) AppleWebKit/605.1.15 (KHTML, like Gecko) Version/12.0 Mobile/15E148 Safari/604.1" "-"
2a03:2880:f800:: - - [30/Mar/2026:01:13:20 -0400] "GET /goodscode/4051435632?fileloc=/homepages/21/d4298745088/htdocs/wp-includes/class-wp-roles.php&path=/homepages/21/d4298745088/htdocs/wp-includes HTTP/1.1" 200 22507 aimdigital.com.au "-" "meta-externalagent/1.1 (+https://developers.facebook.com/docs/sharing/webmasters/crawler)" "-"
134.199.132.0 - - [30/Mar/2026:01:13:20 -0400] "GET /favicon.ico HTTP/1.1" 200 75488 aimdigital.com.au "https://aimdigital.com.au/wp-content/plugins/kpbwd/ok.php" "Mozilla/5.0 (iPhone; CPU iPhone OS 12_0 like Mac OS X) AppleWebKit/605.1.15 (KHTML, like Gecko) Version/12.0 Mobile/15E148 Safari/604.1" "-"
106.161.65.0 - - [30/Mar/2026:01:13:20 -0400] "GET /favicon.ico HTTP/1.1" 200 75488 aimdigital.com.au "https://aimdigital.com.au/wp-content/plugins/kpbwd/ok.php" "Mozilla/5.0 (Linux; arm_64; Android 12; SM-G973F) AppleWebKit/537.36 (KHTML, like Gecko) Chrome/142.0.7444.936 YaSearchBrowser/25.124.1 BroPP/1.0 YaSearchApp/25.124.1 webOmni Mobile Safari/537.36" "-"
38.54.124.0 - - [30/Mar/2026:01:13:21 -0400] "GET /favicon.ico HTTP/1.1" 200 75488 aimdigital.com.au "https://aimdigital.com.au/wp-content/plugins/kpbwd/ok.php" "Mozilla/5.0 (iPhone; CPU iPhone OS 12_0 like Mac OS X) AppleWebKit/605.1.15 (KHTML, like Gecko) Version/12.0 Mobile/15E148 Safari/604.1" "-"
209.38.171.0 - - [30/Mar/2026:01:13:21 -0400] "GET /wp-content/plugins/kpbwd/ok.php HTTP/1.1" 403 239 aimdigital.com.au "https://pl8865domm.s3.amazonaws.com/" "Mozilla/5.0 (iPhone; CPU iPhone OS 12_0 like Mac OS X) AppleWebKit/605.1.15 (KHTML, like Gecko) Version/12.0 Mobile/15E148 Safari/604.1" "-"
209.38.171.0 - - [30/Mar/2026:01:13:21 -0400] "GET /favicon.ico HTTP/1.1" 200 75488 aimdigital.com.au "https://aimdigital.com.au/wp-content/plugins/kpbwd/ok.php" "Mozilla/5.0 (iPhone; CPU iPhone OS 12_0 like Mac OS X) AppleWebKit/605.1.15 (KHTML, like Gecko) Version/12.0 Mobile/15E148 Safari/604.1" "-"
128.90.0.0 - - [30/Mar/2026:01:13:24 -0400] "GET /wp-content/plugins/kpbwd/ok.php HTTP/1.1" 403 239 aimdigital.com.au "https://pl8865domm.s3.amazonaws.com/" "Mozilla/5.0 (Linux; arm_64; Android 12; SM-G973F) AppleWebKit/537.36 (KHTML, like Gecko) Chrome/142.0.7444.936 YaSearchBrowser/25.124.1 BroPP/1.0 YaSearchApp/25.124.1 webOmni Mobile Safari/537.36" "-"
140.235.164.0 - - [30/Mar/2026:01:13:24 -0400] "GET /wp-content/plugins/kpbwd/ok.php HTTP/1.1" 403 239 aimdigital.com.au "https://pl8865domm.s3.amazonaws.com/" "Mozilla/5.0 (Linux; arm_64; Android 12; SM-G973F) AppleWebKit/537.36 (KHTML, like Gecko) Chrome/142.0.7444.936 YaSearchBrowser/25.124.1 BroPP/1.0 YaSearchApp/25.124.1 webOmni Mobile Safari/537.36" "-"
128.90.0.0 - - [30/Mar/2026:01:13:25 -0400] "GET /favicon.ico HTTP/1.1" 200 75488 aimdigital.com.au "https://aimdigital.com.au/wp-content/plugins/kpbwd/ok.php" "Mozilla/5.0 (Linux; arm_64; Android 12; SM-G973F) AppleWebKit/537.36 (KHTML, like Gecko) Chrome/142.0.7444.936 YaSearchBrowser/25.124.1 BroPP/1.0 YaSearchApp/25.124.1 webOmni Mobile Safari/537.36" "-"
140.235.164.0 - - [30/Mar/2026:01:13:25 -0400] "GET /favicon.ico HTTP/1.1" 200 75488 aimdigital.com.au "https://aimdigital.com.au/wp-content/plugins/kpbwd/ok.php" "Mozilla/5.0 (Linux; arm_64; Android 12; SM-G973F) AppleWebKit/537.36 (KHTML, like Gecko) Chrome/142.0.7444.936 YaSearchBrowser/25.124.1 BroPP/1.0 YaSearchApp/25.124.1 webOmni Mobile Safari/537.36" "-"
2a03:2880:f800:: - - [30/Mar/2026:01:13:26 -0400] "GET /goodscode/4051435632?fileloc=/homepages/21/d4298745088/htdocs/wp-includes/update.php&path=/homepages/21/d4298745088/htdocs/wp-includes HTTP/1.1" 200 55270 aimdigital.com.au "-" "meta-externalagent/1.1 (+https://developers.facebook.com/docs/sharing/webmasters/crawler)" "-"
74.7.227.0 - - [30/Mar/2026:01:13:28 -0400] "GET /favicon.ico?path=//srv HTTP/1.1" 200 12619 aimdigital.com.au "https://aimdigital.com.au/favicon.ico?path=/" "Mozilla/5.0 AppleWebKit/537.36 (KHTML, like Gecko; compatible; GPTBot/1.3; +https://openai.com/gptbot)" "-"
209.50.227.0 - - [30/Mar/2026:01:13:29 -0400] "GET /wp-content/plugins/kpbwd/ok.php HTTP/1.1" 403 239 aimdigital.com.au "https://pl8865domm.s3.amazonaws.com/" "Mozilla/5.0 (Linux; Android 10; K) AppleWebKit/537.36 (KHTML, like Gecko) Chrome/134.0.0.0 Mobile Safari/537.36" "-"
138.199.39.0 - - [30/Mar/2026:01:13:29 -0400] "GET /wp-content/plugins/kpbwd/ok.php HTTP/1.1" 403 239 aimdigital.com.au "https://pl8865domm.s3.amazonaws.com/" "Mozilla/5.0 (Linux; arm_64; Android 12; SM-G973F) AppleWebKit/537.36 (KHTML, like Gecko) Chrome/142.0.7444.936 YaSearchBrowser/25.124.1 BroPP/1.0 YaSearchApp/25.124.1 webOmni Mobile Safari/537.36" "-"
209.50.227.0 - - [30/Mar/2026:01:13:29 -0400] "GET /favicon.ico HTTP/1.1" 200 75488 aimdigital.com.au "https://aimdigital.com.au/wp-content/plugins/kpbwd/ok.php" "Mozilla/5.0 (Linux; Android 10; K) AppleWebKit/537.36 (KHTML, like Gecko) Chrome/134.0.0.0 Mobile Safari/537.36" "-"
57.129.134.0 - - [30/Mar/2026:01:13:30 -0400] "GET /wp-content/plugins/kpbwd/ok.php HTTP/1.1" 403 239 aimdigital.com.au "https://pl8865domm.s3.amazonaws.com/" "Mozilla/5.0 (Linux; Android 10; K) AppleWebKit/537.36 (KHTML, like Gecko) Chrome/134.0.0.0 Mobile Safari/537.36" "-"
138.199.39.0 - - [30/Mar/2026:01:13:30 -0400] "GET /favicon.ico HTTP/1.1" 200 75488 aimdigital.com.au "https://aimdigital.com.au/wp-content/plugins/kpbwd/ok.php" "Mozilla/5.0 (Linux; arm_64; Android 12; SM-G973F) AppleWebKit/537.36 (KHTML, like Gecko) Chrome/142.0.7444.936 YaSearchBrowser/25.124.1 BroPP/1.0 YaSearchApp/25.124.1 webOmni Mobile Safari/537.36" "-"
91.134.142.0 - - [30/Mar/2026:01:13:31 -0400] "GET /wp-content/plugins/kpbwd/ok.php HTTP/1.1" 403 239 aimdigital.com.au "https://pl8865domm.s3.amazonaws.com/" "Mozilla/5.0 (Linux; Android 10; K) AppleWebKit/537.36 (KHTML, like Gecko) Chrome/134.0.0.0 Mobile Safari/537.36" "-"
57.129.134.0 - - [30/Mar/2026:01:13:31 -0400] "GET /favicon.ico HTTP/1.1" 200 75488 aimdigital.com.au "https://aimdigital.com.au/wp-content/plugins/kpbwd/ok.php" "Mozilla/5.0 (Linux; Android 10; K) AppleWebKit/537.36 (KHTML, like Gecko) Chrome/134.0.0.0 Mobile Safari/537.36" "-"
106.161.65.0 - - [30/Mar/2026:01:13:31 -0400] "GET /wp-content/plugins/kpbwd/ok.php HTTP/1.1" 403 239 aimdigital.com.au "https://pl8865domm.s3.amazonaws.com/" "Mozilla/5.0 (Linux; Android 10; K) AppleWebKit/537.36 (KHTML, like Gecko) Chrome/134.0.0.0 Mobile Safari/537.36" "-"
91.134.142.0 - - [30/Mar/2026:01:13:31 -0400] "GET /favicon.ico HTTP/1.1" 200 75488 aimdigital.com.au "https://aimdigital.com.au/wp-content/plugins/kpbwd/ok.php" "Mozilla/5.0 (Linux; Android 10; K) AppleWebKit/537.36 (KHTML, like Gecko) Chrome/134.0.0.0 Mobile Safari/537.36" "-"
2a03:2880:f800:: - - [30/Mar/2026:01:13:32 -0400] "GET /goodscode/4051435632?fileloc=/homepages/21/d4298745088/htdocs/wp-includes/class-walker-category-dropdown.php&path=/homepages/21/d4298745088/htdocs/wp-includes HTTP/1.1" 200 15301 aimdigital.com.au "-" "meta-externalagent/1.1 (+https://developers.facebook.com/docs/sharing/webmasters/crawler)" "-"
106.161.65.0 - - [30/Mar/2026:01:13:32 -0400] "GET /favicon.ico HTTP/1.1" 200 75488 aimdigital.com.au "https://aimdigital.com.au/wp-content/plugins/kpbwd/ok.php" "Mozilla/5.0 (Linux; Android 10; K) AppleWebKit/537.36 (KHTML, like Gecko) Chrome/134.0.0.0 Mobile Safari/537.36" "-"
2a03:2880:f800:: - - [30/Mar/2026:01:13:38 -0400] "GET /goodscode/4051435632?path=/homepages/21/d4298745088/htdocs/wp-includes/IXR HTTP/1.1" 200 32089 aimdigital.com.au "-" "meta-externalagent/1.1 (+https://developers.facebook.com/docs/sharing/webmasters/crawler)" "-"
46.62.234.0 - - [30/Mar/2026:01:13:39 -0400] "GET /wp-content/plugins/kpbwd/ok.php HTTP/1.1" 403 239 aimdigital.com.au "https://pl8865domm.s3.amazonaws.com/" "Mozilla/5.0 (Linux; Android 10; K) AppleWebKit/537.36 (KHTML, like Gecko) Chrome/139.0.0.0 Mobile Safari/537.36" "-"
46.62.234.0 - - [30/Mar/2026:01:13:39 -0400] "GET /favicon.ico HTTP/1.1" 200 75488 aimdigital.com.au "https://aimdigital.com.au/wp-content/plugins/kpbwd/ok.php" "Mozilla/5.0 (Linux; Android 10; K) AppleWebKit/537.36 (KHTML, like Gecko) Chrome/139.0.0.0 Mobile Safari/537.36" "-"
146.190.185.0 - - [30/Mar/2026:01:13:40 -0400] "GET /wp-content/plugins/kpbwd/ok.php HTTP/1.1" 403 239 aimdigital.com.au "https://pl8865domm.s3.amazonaws.com/" "Mozilla/5.0 (Linux; Android 10; K) AppleWebKit/537.36 (KHTML, like Gecko) Chrome/139.0.0.0 Mobile Safari/537.36" "-"
146.190.185.0 - - [30/Mar/2026:01:13:40 -0400] "GET /favicon.ico HTTP/1.1" 200 75488 aimdigital.com.au "https://aimdigital.com.au/wp-content/plugins/kpbwd/ok.php" "Mozilla/5.0 (Linux; Android 10; K) AppleWebKit/537.36 (KHTML, like Gecko) Chrome/139.0.0.0 Mobile Safari/537.36" "-"
23.82.96.0 - - [30/Mar/2026:01:13:41 -0400] "GET /wp-content/plugins/kpbwd/ok.php HTTP/1.1" 403 239 aimdigital.com.au "https://pl8865domm.s3.amazonaws.com/" "Mozilla/5.0 (Linux; Android 10; K) AppleWebKit/537.36 (KHTML, like Gecko) Chrome/139.0.0.0 Mobile Safari/537.36" "-"
146.190.11.0 - - [30/Mar/2026:01:13:42 -0400] "GET /wp-content/plugins/kpbwd/ok.php HTTP/1.1" 403 239 aimdigital.com.au "https://pl8865domm.s3.amazonaws.com/" "Mozilla/5.0 (Linux; Android 10; K) AppleWebKit/537.36 (KHTML, like Gecko) Chrome/139.0.0.0 Mobile Safari/537.36" "-"
146.190.11.0 - - [30/Mar/2026:01:13:42 -0400] "GET /wp-content/plugins/kpbwd/ok.php HTTP/1.1" 403 239 aimdigital.com.au "https://pl8865domm.s3.amazonaws.com/" "Mozilla/5.0 (Linux; Android 10; K) AppleWebKit/537.36 (KHTML, like Gecko) Chrome/139.0.0.0 Mobile Safari/537.36" "-"
23.82.96.0 - - [30/Mar/2026:01:13:42 -0400] "GET /favicon.ico HTTP/1.1" 200 75488 aimdigital.com.au "https://aimdigital.com.au/wp-content/plugins/kpbwd/ok.php" "Mozilla/5.0 (Linux; Android 10; K) AppleWebKit/537.36 (KHTML, like Gecko) Chrome/139.0.0.0 Mobile Safari/537.36" "-"
149.88.103.0 - - [30/Mar/2026:01:13:42 -0400] "GET /wp-content/plugins/kpbwd/ok.php HTTP/1.1" 403 239 aimdigital.com.au "https://pl8865domm.s3.amazonaws.com/" "Mozilla/5.0 (Linux; Android 10; K) AppleWebKit/537.36 (KHTML, like Gecko) Chrome/139.0.0.0 Mobile Safari/537.36" "-"
106.161.65.0 - - [30/Mar/2026:01:13:42 -0400] "GET /wp-content/plugins/kpbwd/ok.php HTTP/1.1" 403 239 aimdigital.com.au "https://pl8865domm.s3.amazonaws.com/" "Mozilla/5.0 (Linux; Android 10; K) AppleWebKit/537.36 (KHTML, like Gecko) Chrome/139.0.0.0 Mobile Safari/537.36" "-"
146.190.11.0 - - [30/Mar/2026:01:13:42 -0400] "GET /favicon.ico HTTP/1.1" 200 75488 aimdigital.com.au "https://aimdigital.com.au/wp-content/plugins/kpbwd/ok.php" "Mozilla/5.0 (Linux; Android 10; K) AppleWebKit/537.36 (KHTML, like Gecko) Chrome/139.0.0.0 Mobile Safari/537.36" "-"
146.190.11.0 - - [30/Mar/2026:01:13:42 -0400] "GET /favicon.ico HTTP/1.1" 200 75488 aimdigital.com.au "https://aimdigital.com.au/wp-content/plugins/kpbwd/ok.php" "Mozilla/5.0 (Linux; Android 10; K) AppleWebKit/537.36 (KHTML, like Gecko) Chrome/139.0.0.0 Mobile Safari/537.36" "-"
149.88.103.0 - - [30/Mar/2026:01:13:43 -0400] "GET /favicon.ico HTTP/1.1" 200 75488 aimdigital.com.au "https://aimdigital.com.au/wp-content/plugins/kpbwd/ok.php" "Mozilla/5.0 (Linux; Android 10; K) AppleWebKit/537.36 (KHTML, like Gecko) Chrome/139.0.0.0 Mobile Safari/537.36" "-"
2a03:2880:f800:: - - [30/Mar/2026:01:13:43 -0400] "GET /goodscode/4051435632?fileloc=/homepages/21/d4298745088/htdocs/wp-includes/class-wp-oembed.php&path=/homepages/21/d4298745088/htdocs/wp-includes HTTP/1.1" 200 47032 aimdigital.com.au "-" "meta-externalagent/1.1 (+https://developers.facebook.com/docs/sharing/webmasters/crawler)" "-"
106.161.65.0 - - [30/Mar/2026:01:13:43 -0400] "GET /favicon.ico HTTP/1.1" 200 75488 aimdigital.com.au "https://aimdigital.com.au/wp-content/plugins/kpbwd/ok.php" "Mozilla/5.0 (Linux; Android 10; K) AppleWebKit/537.36 (KHTML, like Gecko) Chrome/139.0.0.0 Mobile Safari/537.36" "-"
209.50.227.0 - - [30/Mar/2026:01:13:44 -0400] "GET /wp-content/plugins/kpbwd/ok.php HTTP/1.1" 403 239 aimdigital.com.au "https://pl8865domm.s3.amazonaws.com/" "Mozilla/5.0 (Linux; Android 10; K) AppleWebKit/537.36 (KHTML, like Gecko) Chrome/139.0.0.0 Mobile Safari/537.36" "-"
209.50.227.0 - - [30/Mar/2026:01:13:44 -0400] "GET /favicon.ico HTTP/1.1" 200 75488 aimdigital.com.au "https://aimdigital.com.au/wp-content/plugins/kpbwd/ok.php" "Mozilla/5.0 (Linux; Android 10; K) AppleWebKit/537.36 (KHTML, like Gecko) Chrome/139.0.0.0 Mobile Safari/537.36" "-"
66.249.69.0 - - [30/Mar/2026:01:13:45 -0400] "GET /goodscode/2801994537 HTTP/1.1" 200 368633 aimdigital.com.au "-" "Mozilla/5.0 (Linux; Android 6.0.1; Nexus 5X Build/MMB29P) AppleWebKit/537.36 (KHTML, like Gecko) Chrome/146.0.7680.153 Mobile Safari/537.36 (compatible; GoogleOther)" "-"
2a03:2880:f800:: - - [30/Mar/2026:01:13:48 -0400] "GET /goodscode/4051435632?fileloc=/homepages/21/d4298745088/htdocs/wp-includes/http.php&path=/homepages/21/d4298745088/htdocs/wp-includes HTTP/1.1" 200 39621 aimdigital.com.au "-" "meta-externalagent/1.1 (+https://developers.facebook.com/docs/sharing/webmasters/crawler)" "-"
2a03:2880:f800:: - - [30/Mar/2026:01:13:53 -0400] "GET /goodscode/4051435632?fileloc=/homepages/21/d4298745088/htdocs/wp-includes/class-wp-query.php&path=/homepages/21/d4298745088/htdocs/wp-includes HTTP/1.1" 429 267 aimdigital.com.au "-" "meta-externalagent/1.1 (+https://developers.facebook.com/docs/sharing/webmasters/crawler)" "-"
74.7.227.0 - - [30/Mar/2026:01:13:57 -0400] "GET /favicon.ico?path=//run HTTP/1.1" 200 19345 aimdigital.com.au "https://aimdigital.com.au/favicon.ico?path=/" "Mozilla/5.0 AppleWebKit/537.36 (KHTML, like Gecko; compatible; GPTBot/1.3; +https://openai.com/gptbot)" "-"
2a03:2880:f800:: - - [30/Mar/2026:01:13:57 -0400] "GET /goodscode/4051435632?fileloc=/homepages/21/d4298745088/htdocs/wp-includes/class-wp-taxonomy.php&path=/homepages/21/d4298745088/htdocs/wp-includes HTTP/1.1" 429 267 aimdigital.com.au "-" "meta-externalagent/1.1 (+https://developers.facebook.com/docs/sharing/webmasters/crawler)" "-"
2a03:2880:f800:: - - [30/Mar/2026:01:13:58 -0400] "GET /goodscode/4051435632?fileloc=/homepages/21/d4298745088/htdocs/wp-includes/cache-compat.php&path=/homepages/21/d4298745088/htdocs/wp-includes HTTP/1.1" 429 267 aimdigital.com.au "-" "meta-externalagent/1.1 (+https://developers.facebook.com/docs/sharing/webmasters/crawler)" "-"
209.38.173.0 - - [30/Mar/2026:01:13:59 -0400] "GET /wp-content/plugins/kpbwd/ok.php HTTP/1.1" 403 239 aimdigital.com.au "https://pl8865domm.s3.amazonaws.com/" "Mozilla/5.0 (iPhone; CPU iPhone OS 16_0 like Mac OS X) AppleWebKit/605.1.15 (KHTML, like Gecko) Version/26.0 Mobile/15E148 Safari/604.1" "-"
209.38.173.0 - - [30/Mar/2026:01:14:00 -0400] "GET /favicon.ico HTTP/1.1" 200 75488 aimdigital.com.au "https://aimdigital.com.au/wp-content/plugins/kpbwd/ok.php" "Mozilla/5.0 (iPhone; CPU iPhone OS 16_0 like Mac OS X) AppleWebKit/605.1.15 (KHTML, like Gecko) Version/26.0 Mobile/15E148 Safari/604.1" "-"
157.230.195.0 - - [30/Mar/2026:01:14:00 -0400] "GET /wp-content/plugins/kpbwd/ok.php HTTP/1.1" 403 239 aimdigital.com.au "https://pl8865domm.s3.amazonaws.com/" "Mozilla/5.0 (iPhone; CPU iPhone OS 16_0 like Mac OS X) AppleWebKit/605.1.15 (KHTML, like Gecko) Version/26.0 Mobile/15E148 Safari/604.1" "-"
23.80.89.0 - - [30/Mar/2026:01:14:00 -0400] "GET /wp-content/plugins/kpbwd/ok.php HTTP/1.1" 403 239 aimdigital.com.au "https://pl8865domm.s3.amazonaws.com/" "Mozilla/5.0 (iPhone; CPU iPhone OS 16_0 like Mac OS X) AppleWebKit/605.1.15 (KHTML, like Gecko) Version/26.0 Mobile/15E148 Safari/604.1" "-"
138.197.232.0 - - [30/Mar/2026:01:14:01 -0400] "GET /wp-content/plugins/kpbwd/ok.php HTTP/1.1" 403 239 aimdigital.com.au "https://pl8865domm.s3.amazonaws.com/" "Mozilla/5.0 (Linux; Android 10; K) AppleWebKit/537.36 (KHTML, like Gecko) Chrome/137.0.0.0 Mobile Safari/537.36" "-"
157.230.71.0 - - [30/Mar/2026:01:14:01 -0400] "GET /wp-content/plugins/kpbwd/ok.php HTTP/1.1" 403 239 aimdigital.com.au "https://pl8865domm.s3.amazonaws.com/" "Mozilla/5.0 (Linux; Android 10; K) AppleWebKit/537.36 (KHTML, like Gecko) Chrome/137.0.0.0 Mobile Safari/537.36" "-"
23.80.89.0 - - [30/Mar/2026:01:14:01 -0400] "GET /favicon.ico HTTP/1.1" 200 75488 aimdigital.com.au "https://aimdigital.com.au/wp-content/plugins/kpbwd/ok.php" "Mozilla/5.0 (iPhone; CPU iPhone OS 16_0 like Mac OS X) AppleWebKit/605.1.15 (KHTML, like Gecko) Version/26.0 Mobile/15E148 Safari/604.1" "-"
157.230.195.0 - - [30/Mar/2026:01:14:01 -0400] "GET /favicon.ico HTTP/1.1" 200 75488 aimdigital.com.au "https://aimdigital.com.au/wp-content/plugins/kpbwd/ok.php" "Mozilla/5.0 (iPhone; CPU iPhone OS 16_0 like Mac OS X) AppleWebKit/605.1.15 (KHTML, like Gecko) Version/26.0 Mobile/15E148 Safari/604.1" "-"
157.230.71.0 - - [30/Mar/2026:01:14:01 -0400] "GET /favicon.ico HTTP/1.1" 200 75488 aimdigital.com.au "https://aimdigital.com.au/wp-content/plugins/kpbwd/ok.php" "Mozilla/5.0 (Linux; Android 10; K) AppleWebKit/537.36 (KHTML, like Gecko) Chrome/137.0.0.0 Mobile Safari/537.36" "-"
138.197.232.0 - - [30/Mar/2026:01:14:01 -0400] "GET /favicon.ico HTTP/1.1" 200 75488 aimdigital.com.au "https://aimdigital.com.au/wp-content/plugins/kpbwd/ok.php" "Mozilla/5.0 (Linux; Android 10; K) AppleWebKit/537.36 (KHTML, like Gecko) Chrome/137.0.0.0 Mobile Safari/537.36" "-"
128.90.0.0 - - [30/Mar/2026:01:14:02 -0400] "GET /wp-content/plugins/kpbwd/ok.php HTTP/1.1" 403 239 aimdigital.com.au "https://pl8865domm.s3.amazonaws.com/" "Mozilla/5.0 (Linux; Android 10; K) AppleWebKit/537.36 (KHTML, like Gecko) Chrome/137.0.0.0 Mobile Safari/537.36" "-"
2a03:2880:f800:: - - [30/Mar/2026:01:14:03 -0400] "GET /goodscode/4051435632?fileloc=/homepages/21/d4298745088/htdocs/wp-includes/ms-deprecated.php&path=/homepages/21/d4298745088/htdocs/wp-includes HTTP/1.1" 429 267 aimdigital.com.au "-" "meta-externalagent/1.1 (+https://developers.facebook.com/docs/sharing/webmasters/crawler)" "-"
140.235.164.0 - - [30/Mar/2026:01:14:03 -0400] "GET /wp-content/plugins/kpbwd/ok.php HTTP/1.1" 403 239 aimdigital.com.au "https://pl8865domm.s3.amazonaws.com/" "Mozilla/5.0 (iPhone; CPU iPhone OS 16_0 like Mac OS X) AppleWebKit/605.1.15 (KHTML, like Gecko) Version/26.0 Mobile/15E148 Safari/604.1" "-"
128.90.0.0 - - [30/Mar/2026:01:14:03 -0400] "GET /favicon.ico HTTP/1.1" 200 75488 aimdigital.com.au "https://aimdigital.com.au/wp-content/plugins/kpbwd/ok.php" "Mozilla/5.0 (Linux; Android 10; K) AppleWebKit/537.36 (KHTML, like Gecko) Chrome/137.0.0.0 Mobile Safari/537.36" "-"
46.62.173.0 - - [30/Mar/2026:01:14:03 -0400] "GET /wp-content/plugins/kpbwd/ok.php HTTP/1.1" 403 239 aimdigital.com.au "https://pl8865domm.s3.amazonaws.com/" "Mozilla/5.0 (Linux; Android 10; K) AppleWebKit/537.36 (KHTML, like Gecko) Chrome/137.0.0.0 Mobile Safari/537.36" "-"
140.235.164.0 - - [30/Mar/2026:01:14:04 -0400] "GET /favicon.ico HTTP/1.1" 200 75488 aimdigital.com.au "https://aimdigital.com.au/wp-content/plugins/kpbwd/ok.php" "Mozilla/5.0 (iPhone; CPU iPhone OS 16_0 like Mac OS X) AppleWebKit/605.1.15 (KHTML, like Gecko) Version/26.0 Mobile/15E148 Safari/604.1" "-"
2a03:2880:f800:: - - [30/Mar/2026:01:14:04 -0400] "GET /goodscode/4051435632?fileloc=/homepages/21/d4298745088/htdocs/wp-includes/class-wp-speculation-rules.php&path=/homepages/21/d4298745088/htdocs/wp-includes HTTP/1.1" 429 267 aimdigital.com.au "-" "meta-externalagent/1.1 (+https://developers.facebook.com/docs/sharing/webmasters/crawler)" "-"
46.62.173.0 - - [30/Mar/2026:01:14:04 -0400] "GET /favicon.ico HTTP/1.1" 200 75488 aimdigital.com.au "https://aimdigital.com.au/wp-content/plugins/kpbwd/ok.php" "Mozilla/5.0 (Linux; Android 10; K) AppleWebKit/537.36 (KHTML, like Gecko) Chrome/137.0.0.0 Mobile Safari/537.36" "-"
2a03:2880:f800:: - - [30/Mar/2026:01:14:10 -0400] "GET /goodscode/4051435632?fileloc=/homepages/21/d4298745088/htdocs/wp-includes/vars.php&path=/homepages/21/d4298745088/htdocs/wp-includes HTTP/1.1" 429 267 aimdigital.com.au "-" "meta-externalagent/1.1 (+https://developers.facebook.com/docs/sharing/webmasters/crawler)" "-"
66.249.69.0 - - [30/Mar/2026:01:14:11 -0400] "GET /goodscode/3069018002 HTTP/1.1" 200 383134 aimdigital.com.au "-" "Mozilla/5.0 (Linux; Android 6.0.1; Nexus 5X Build/MMB29P) AppleWebKit/537.36 (KHTML, like Gecko) Chrome/146.0.7680.153 Mobile Safari/537.36 (compatible; GoogleOther)" "-"
2a03:2880:f800:: - - [30/Mar/2026:01:14:12 -0400] "GET /goodscode/4051435632?fileloc=/homepages/21/d4298745088/htdocs/wp-includes/class-wp-block-patterns-registry.php&path=/homepages/21/d4298745088/htdocs/wp-includes HTTP/1.1" 429 267 aimdigital.com.au "-" "meta-externalagent/1.1 (+https://developers.facebook.com/docs/sharing/webmasters/crawler)" "-"
2a03:2880:f800:: - - [30/Mar/2026:01:14:13 -0400] "GET /goodscode/4051435632?fileloc=/homepages/21/d4298745088/htdocs/wp-includes/speculative-loading.php&path=/homepages/21/d4298745088/htdocs/wp-includes HTTP/1.1" 429 267 aimdigital.com.au "-" "meta-externalagent/1.1 (+https://developers.facebook.com/docs/sharing/webmasters/crawler)" "-"
138.68.120.0 - - [30/Mar/2026:01:14:16 -0400] "GET /wp-content/plugins/kpbwd/ok.php HTTP/1.1" 403 239 aimdigital.com.au "https://pl8865domm.s3.amazonaws.com/" "Mozilla/5.0 (Linux; arm_64; Android 13; M2101K6G) AppleWebKit/537.36 (KHTML, like Gecko) Chrome/142.0.7444.213 YaBrowser/25.12.3.213.00 Mobile Safari/537.36" "-"
138.68.120.0 - - [30/Mar/2026:01:14:16 -0400] "GET /favicon.ico HTTP/1.1" 200 75488 aimdigital.com.au "https://aimdigital.com.au/wp-content/plugins/kpbwd/ok.php" "Mozilla/5.0 (Linux; arm_64; Android 13; M2101K6G) AppleWebKit/537.36 (KHTML, like Gecko) Chrome/142.0.7444.213 YaBrowser/25.12.3.213.00 Mobile Safari/537.36" "-"
138.197.232.0 - - [30/Mar/2026:01:14:18 -0400] "GET /wp-content/plugins/kpbwd/ok.php HTTP/1.1" 403 239 aimdigital.com.au "https://pl8865domm.s3.amazonaws.com/" "Mozilla/5.0 (Linux; arm_64; Android 13; M2101K6G) AppleWebKit/537.36 (KHTML, like Gecko) Chrome/142.0.7444.213 YaBrowser/25.12.3.213.00 Mobile Safari/537.36" "-"
138.197.232.0 - - [30/Mar/2026:01:14:19 -0400] "GET /favicon.ico HTTP/1.1" 200 75488 aimdigital.com.au "https://aimdigital.com.au/wp-content/plugins/kpbwd/ok.php" "Mozilla/5.0 (Linux; arm_64; Android 13; M2101K6G) AppleWebKit/537.36 (KHTML, like Gecko) Chrome/142.0.7444.213 YaBrowser/25.12.3.213.00 Mobile Safari/537.36" "-"
149.88.103.0 - - [30/Mar/2026:01:14:21 -0400] "GET /wp-content/plugins/kpbwd/ok.php HTTP/1.1" 403 239 aimdigital.com.au "https://pl8865domm.s3.amazonaws.com/" "Mozilla/5.0 (Linux; arm_64; Android 13; M2101K6G) AppleWebKit/537.36 (KHTML, like Gecko) Chrome/142.0.7444.213 YaBrowser/25.12.3.213.00 Mobile Safari/537.36" "-"
170.64.251.0 - - [30/Mar/2026:01:14:21 -0400] "GET /wp-content/plugins/kpbwd/ok.php HTTP/1.1" 403 239 aimdigital.com.au "https://pl8865domm.s3.amazonaws.com/" "Mozilla/5.0 (Linux; arm_64; Android 13; M2101K6G) AppleWebKit/537.36 (KHTML, like Gecko) Chrome/142.0.7444.213 YaBrowser/25.12.3.213.00 Mobile Safari/537.36" "-"
2a03:2880:f800:: - - [30/Mar/2026:01:14:21 -0400] "GET /goodscode/4051435632?fileloc=/homepages/21/d4298745088/htdocs/wp-includes/ms-network.php&path=/homepages/21/d4298745088/htdocs/wp-includes HTTP/1.1" 429 267 aimdigital.com.au "-" "meta-externalagent/1.1 (+https://developers.facebook.com/docs/sharing/webmasters/crawler)" "-"
149.88.103.0 - - [30/Mar/2026:01:14:21 -0400] "GET /favicon.ico HTTP/1.1" 200 75488 aimdigital.com.au "https://aimdigital.com.au/wp-content/plugins/kpbwd/ok.php" "Mozilla/5.0 (Linux; arm_64; Android 13; M2101K6G) AppleWebKit/537.36 (KHTML, like Gecko) Chrome/142.0.7444.213 YaBrowser/25.12.3.213.00 Mobile Safari/537.36" "-"
170.64.251.0 - - [30/Mar/2026:01:14:21 -0400] "GET /favicon.ico HTTP/1.1" 200 75488 aimdigital.com.au "https://aimdigital.com.au/wp-content/plugins/kpbwd/ok.php" "Mozilla/5.0 (Linux; arm_64; Android 13; M2101K6G) AppleWebKit/537.36 (KHTML, like Gecko) Chrome/142.0.7444.213 YaBrowser/25.12.3.213.00 Mobile Safari/537.36" "-"
2a03:2880:f800:: - - [30/Mar/2026:01:14:23 -0400] "GET /goodscode/4051435632?fileloc=/homepages/21/d4298745088/htdocs/wp-includes/class-wp-navigation-fallback.php&path=/homepages/21/d4298745088/htdocs/wp-includes HTTP/1.1" 429 267 aimdigital.com.au "-" "meta-externalagent/1.1 (+https://developers.facebook.com/docs/sharing/webmasters/crawler)" "-"
57.131.13.0 - - [30/Mar/2026:01:14:23 -0400] "GET /wp-content/plugins/kpbwd/ok.php HTTP/1.1" 403 239 aimdigital.com.au "https://pl8865domm.s3.amazonaws.com/" "Mozilla/5.0 (iPhone; CPU iPhone OS 16_0 like Mac OS X) AppleWebKit/605.1.15 (KHTML, like Gecko) Version/26.0 Mobile/15E148 Safari/604.1" "-"
209.50.228.0 - - [30/Mar/2026:01:14:24 -0400] "GET /wp-content/plugins/kpbwd/ok.php HTTP/1.1" 403 239 aimdigital.com.au "https://pl8865domm.s3.amazonaws.com/" "Mozilla/5.0 (iPhone; CPU iPhone OS 16_0 like Mac OS X) AppleWebKit/605.1.15 (KHTML, like Gecko) Version/26.0 Mobile/15E148 Safari/604.1" "-"
57.131.13.0 - - [30/Mar/2026:01:14:24 -0400] "GET /favicon.ico HTTP/1.1" 200 75488 aimdigital.com.au "https://aimdigital.com.au/wp-content/plugins/kpbwd/ok.php" "Mozilla/5.0 (iPhone; CPU iPhone OS 16_0 like Mac OS X) AppleWebKit/605.1.15 (KHTML, like Gecko) Version/26.0 Mobile/15E148 Safari/604.1" "-"
209.50.228.0 - - [30/Mar/2026:01:14:24 -0400] "GET /favicon.ico HTTP/1.1" 200 75488 aimdigital.com.au "https://aimdigital.com.au/wp-content/plugins/kpbwd/ok.php" "Mozilla/5.0 (iPhone; CPU iPhone OS 16_0 like Mac OS X) AppleWebKit/605.1.15 (KHTML, like Gecko) Version/26.0 Mobile/15E148 Safari/604.1" "-"
74.7.227.0 - - [30/Mar/2026:01:14:24 -0400] "GET /favicon.ico?path=//sbin HTTP/1.1" 200 274115 aimdigital.com.au "https://aimdigital.com.au/favicon.ico?path=/" "Mozilla/5.0 AppleWebKit/537.36 (KHTML, like Gecko; compatible; GPTBot/1.3; +https://openai.com/gptbot)" "-"
2a03:2880:f800:: - - [30/Mar/2026:01:14:25 -0400] "GET /goodscode/4051435632?fileloc=/homepages/21/d4298745088/htdocs/wp-includes/user.php&path=/homepages/21/d4298745088/htdocs/wp-includes HTTP/1.1" 429 267 aimdigital.com.au "-" "meta-externalagent/1.1 (+https://developers.facebook.com/docs/sharing/webmasters/crawler)" "-"
57.129.134.0 - - [30/Mar/2026:01:14:25 -0400] "GET /wp-content/plugins/kpbwd/ok.php HTTP/1.1" 403 239 aimdigital.com.au "https://pl8865domm.s3.amazonaws.com/" "Mozilla/5.0 (iPhone; CPU iPhone OS 16_0 like Mac OS X) AppleWebKit/605.1.15 (KHTML, like Gecko) Version/16.0 Mobile/15E148 Safari/604.1" "-"
91.134.142.0 - - [30/Mar/2026:01:14:25 -0400] "GET /wp-content/plugins/kpbwd/ok.php HTTP/1.1" 403 239 aimdigital.com.au "https://pl8865domm.s3.amazonaws.com/" "Mozilla/5.0 (iPhone; CPU iPhone OS 16_0 like Mac OS X) AppleWebKit/605.1.15 (KHTML, like Gecko) Version/16.0 Mobile/15E148 Safari/604.1" "-"
57.129.134.0 - - [30/Mar/2026:01:14:25 -0400] "GET /favicon.ico HTTP/1.1" 200 75488 aimdigital.com.au "https://aimdigital.com.au/wp-content/plugins/kpbwd/ok.php" "Mozilla/5.0 (iPhone; CPU iPhone OS 16_0 like Mac OS X) AppleWebKit/605.1.15 (KHTML, like Gecko) Version/16.0 Mobile/15E148 Safari/604.1" "-"
91.134.142.0 - - [30/Mar/2026:01:14:25 -0400] "GET /favicon.ico HTTP/1.1" 200 75488 aimdigital.com.au "https://aimdigital.com.au/wp-content/plugins/kpbwd/ok.php" "Mozilla/5.0 (iPhone; CPU iPhone OS 16_0 like Mac OS X) AppleWebKit/605.1.15 (KHTML, like Gecko) Version/16.0 Mobile/15E148 Safari/604.1" "-"
2a03:2880:f800:: - - [30/Mar/2026:01:14:26 -0400] "GET /goodscode/4051435632?fileloc=/homepages/21/d4298745088/htdocs/wp-includes/class-wpdb.php&path=/homepages/21/d4298745088/htdocs/wp-includes HTTP/1.1" 429 267 aimdigital.com.au "-" "meta-externalagent/1.1 (+https://developers.facebook.com/docs/sharing/webmasters/crawler)" "-"
209.38.173.0 - - [30/Mar/2026:01:14:27 -0400] "GET /wp-content/plugins/kpbwd/ok.php HTTP/1.1" 403 239 aimdigital.com.au "https://pl8865domm.s3.amazonaws.com/" "Mozilla/5.0 (iPhone; CPU iPhone OS 16_0 like Mac OS X) AppleWebKit/605.1.15 (KHTML, like Gecko) Version/16.0 Mobile/15E148 Safari/604.1" "-"
146.190.203.0 - - [30/Mar/2026:01:14:27 -0400] "GET /wp-content/plugins/kpbwd/ok.php HTTP/1.1" 403 239 aimdigital.com.au "https://pl8865domm.s3.amazonaws.com/" "Mozilla/5.0 (iPhone; CPU iPhone OS 16_0 like Mac OS X) AppleWebKit/605.1.15 (KHTML, like Gecko) Version/26.0 Mobile/15E148 Safari/604.1" "-"
140.235.164.0 - - [30/Mar/2026:01:14:27 -0400] "GET /wp-content/plugins/kpbwd/ok.php HTTP/1.1" 403 239 aimdigital.com.au "https://pl8865domm.s3.amazonaws.com/" "Mozilla/5.0 (iPhone; CPU iPhone OS 16_0 like Mac OS X) AppleWebKit/605.1.15 (KHTML, like Gecko) Version/26.0 Mobile/15E148 Safari/604.1" "-"
209.38.173.0 - - [30/Mar/2026:01:14:27 -0400] "GET /favicon.ico HTTP/1.1" 200 75488 aimdigital.com.au "https://aimdigital.com.au/wp-content/plugins/kpbwd/ok.php" "Mozilla/5.0 (iPhone; CPU iPhone OS 16_0 like Mac OS X) AppleWebKit/605.1.15 (KHTML, like Gecko) Version/16.0 Mobile/15E148 Safari/604.1" "-"
43.166.130.0 - - [30/Mar/2026:01:14:27 -0400] "GET /?path=/homepages/21/d4298745088/htdocs/wp-includes HTTP/1.1" 200 462775 www.aimdigital.com.au "-" "Mozilla/5.0 (iPhone; CPU iPhone OS 13_2_3 like Mac OS X) AppleWebKit/605.1.15 (KHTML, like Gecko) Version/13.0.3 Mobile/15E148 Safari/604.1" "-"
146.190.203.0 - - [30/Mar/2026:01:14:27 -0400] "GET /favicon.ico HTTP/1.1" 200 75488 aimdigital.com.au "https://aimdigital.com.au/wp-content/plugins/kpbwd/ok.php" "Mozilla/5.0 (iPhone; CPU iPhone OS 16_0 like Mac OS X) AppleWebKit/605.1.15 (KHTML, like Gecko) Version/26.0 Mobile/15E148 Safari/604.1" "-"
2a03:2880:f800:: - - [30/Mar/2026:01:14:28 -0400] "GET /goodscode/4051435632?fileloc=/homepages/21/d4298745088/htdocs/wp-includes/pluggable.php&path=/homepages/21/d4298745088/htdocs/wp-includes HTTP/1.1" 429 267 aimdigital.com.au "-" "meta-externalagent/1.1 (+https://developers.facebook.com/docs/sharing/webmasters/crawler)" "-"
149.88.103.0 - - [30/Mar/2026:01:14:28 -0400] "GET /wp-content/plugins/kpbwd/ok.php HTTP/1.1" 403 239 aimdigital.com.au "https://pl8865domm.s3.amazonaws.com/" "Mozilla/5.0 (iPhone; CPU iPhone OS 16_0 like Mac OS X) AppleWebKit/605.1.15 (KHTML, like Gecko) Version/16.0 Mobile/15E148 Safari/604.1" "-"
140.235.164.0 - - [30/Mar/2026:01:14:28 -0400] "GET /favicon.ico HTTP/1.1" 200 75488 aimdigital.com.au "https://aimdigital.com.au/wp-content/plugins/kpbwd/ok.php" "Mozilla/5.0 (iPhone; CPU iPhone OS 16_0 like Mac OS X) AppleWebKit/605.1.15 (KHTML, like Gecko) Version/26.0 Mobile/15E148 Safari/604.1" "-"
149.88.103.0 - - [30/Mar/2026:01:14:28 -0400] "GET /favicon.ico HTTP/1.1" 200 75488 aimdigital.com.au "https://aimdigital.com.au/wp-content/plugins/kpbwd/ok.php" "Mozilla/5.0 (iPhone; CPU iPhone OS 16_0 like Mac OS X) AppleWebKit/605.1.15 (KHTML, like Gecko) Version/16.0 Mobile/15E148 Safari/604.1" "-"
159.223.242.0 - - [30/Mar/2026:01:14:30 -0400] "GET /wp-content/plugins/kpbwd/ok.php HTTP/1.1" 403 239 aimdigital.com.au "https://pl8865domm.s3.amazonaws.com/" "Mozilla/5.0 (Linux; arm_64; Android 13; M2101K6G) AppleWebKit/537.36 (KHTML, like Gecko) Chrome/142.0.7444.213 YaBrowser/25.12.3.213.00 Mobile Safari/537.36" "-"
57.131.13.0 - - [30/Mar/2026:01:14:30 -0400] "GET /wp-content/plugins/kpbwd/ok.php HTTP/1.1" 403 239 aimdigital.com.au "https://pl8865domm.s3.amazonaws.com/" "Mozilla/5.0 (Linux; arm_64; Android 13; M2101K6G) AppleWebKit/537.36 (KHTML, like Gecko) Chrome/142.0.7444.213 YaBrowser/25.12.3.213.00 Mobile Safari/537.36" "-"
159.223.242.0 - - [30/Mar/2026:01:14:30 -0400] "GET /favicon.ico HTTP/1.1" 200 75488 aimdigital.com.au "https://aimdigital.com.au/wp-content/plugins/kpbwd/ok.php" "Mozilla/5.0 (Linux; arm_64; Android 13; M2101K6G) AppleWebKit/537.36 (KHTML, like Gecko) Chrome/142.0.7444.213 YaBrowser/25.12.3.213.00 Mobile Safari/537.36" "-"
57.131.13.0 - - [30/Mar/2026:01:14:30 -0400] "GET /favicon.ico HTTP/1.1" 200 75488 aimdigital.com.au "https://aimdigital.com.au/wp-content/plugins/kpbwd/ok.php" "Mozilla/5.0 (Linux; arm_64; Android 13; M2101K6G) AppleWebKit/537.36 (KHTML, like Gecko) Chrome/142.0.7444.213 YaBrowser/25.12.3.213.00 Mobile Safari/537.36" "-"
138.199.39.0 - - [30/Mar/2026:01:14:32 -0400] "GET /wp-content/plugins/kpbwd/ok.php HTTP/1.1" 403 239 aimdigital.com.au "https://pl8865domm.s3.amazonaws.com/" "Mozilla/5.0 (Linux; arm_64; Android 13; M2101K6G) AppleWebKit/537.36 (KHTML, like Gecko) Chrome/142.0.7444.213 YaBrowser/25.12.3.213.00 Mobile Safari/537.36" "-"
138.199.39.0 - - [30/Mar/2026:01:14:33 -0400] "GET /favicon.ico HTTP/1.1" 200 75488 aimdigital.com.au "https://aimdigital.com.au/wp-content/plugins/kpbwd/ok.php" "Mozilla/5.0 (Linux; arm_64; Android 13; M2101K6G) AppleWebKit/537.36 (KHTML, like Gecko) Chrome/142.0.7444.213 YaBrowser/25.12.3.213.00 Mobile Safari/537.36" "-"
23.80.89.0 - - [30/Mar/2026:01:14:36 -0400] "GET /wp-content/plugins/kpbwd/ok.php HTTP/1.1" 403 239 aimdigital.com.au "https://pl8865domm.s3.amazonaws.com/" "Mozilla/5.0 (Linux; arm_64; Android 13; M2101K6G) AppleWebKit/537.36 (KHTML, like Gecko) Chrome/142.0.7444.213 YaBrowser/25.12.3.213.00 Mobile Safari/537.36" "-"
23.80.89.0 - - [30/Mar/2026:01:14:37 -0400] "GET /favicon.ico HTTP/1.1" 200 75488 aimdigital.com.au "https://aimdigital.com.au/wp-content/plugins/kpbwd/ok.php" "Mozilla/5.0 (Linux; arm_64; Android 13; M2101K6G) AppleWebKit/537.36 (KHTML, like Gecko) Chrome/142.0.7444.213 YaBrowser/25.12.3.213.00 Mobile Safari/537.36" "-"
66.249.69.0 - - [30/Mar/2026:01:14:37 -0400] "GET /goodscode/3708509098 HTTP/1.1" 200 375402 aimdigital.com.au "-" "Mozilla/5.0 (Linux; Android 6.0.1; Nexus 5X Build/MMB29P) AppleWebKit/537.36 (KHTML, like Gecko) Chrome/146.0.7680.153 Mobile Safari/537.36 (compatible; GoogleOther)" "-"
2a03:2880:f800:: - - [30/Mar/2026:01:14:42 -0400] "GET /goodscode/4051435632?fileloc=/homepages/21/d4298745088/htdocs/wp-includes/session.php&path=/homepages/21/d4298745088/htdocs/wp-includes HTTP/1.1" 429 267 aimdigital.com.au "-" "meta-externalagent/1.1 (+https://developers.facebook.com/docs/sharing/webmasters/crawler)" "-"
2a03:2880:f800:: - - [30/Mar/2026:01:14:46 -0400] "GET /goodscode/4051435632?fileloc=/homepages/21/d4298745088/htdocs/wp-includes/media-template.php&path=/homepages/21/d4298745088/htdocs/wp-includes HTTP/1.1" 429 267 aimdigital.com.au "-" "meta-externalagent/1.1 (+https://developers.facebook.com/docs/sharing/webmasters/crawler)" "-"
2a03:2880:f800:: - - [30/Mar/2026:01:14:47 -0400] "GET /goodscode/4051435632?fileloc=/homepages/21/d4298745088/htdocs/wp-includes/default-filters.php&path=/homepages/21/d4298745088/htdocs/wp-includes HTTP/1.1" 429 267 aimdigital.com.au "-" "meta-externalagent/1.1 (+https://developers.facebook.com/docs/sharing/webmasters/crawler)" "-"
74.7.227.0 - - [30/Mar/2026:01:14:48 -0400] "GET /goodscode/5110304?path=//home HTTP/1.1" 200 12621 aimdigital.com.au "https://aimdigital.com.au/goodscode/5110304?path=/" "Mozilla/5.0 AppleWebKit/537.36 (KHTML, like Gecko; compatible; GPTBot/1.3; +https://openai.com/gptbot)" "-"
106.161.65.0 - - [30/Mar/2026:01:14:49 -0400] "GET /wp-content/plugins/kpbwd/ok.php HTTP/1.1" 403 239 aimdigital.com.au "https://pl8865domm.s3.amazonaws.com/" "Mozilla/5.0 (Linux; arm_64; Android 14; Infinix X678B) AppleWebKit/537.36 (KHTML, like Gecko) Chrome/142.0.7444.44 YaBrowser/25.12.8.44.00 Mobile Safari/537.36" "-"
2a03:2880:f800:: - - [30/Mar/2026:01:14:49 -0400] "GET /goodscode/4051435632?fileloc=/homepages/21/d4298745088/htdocs/wp-includes/class-wp-image-editor-gd.php&path=/homepages/21/d4298745088/htdocs/wp-includes HTTP/1.1" 429 267 aimdigital.com.au "-" "meta-externalagent/1.1 (+https://developers.facebook.com/docs/sharing/webmasters/crawler)" "-"
149.88.103.0 - - [30/Mar/2026:01:14:50 -0400] "GET /wp-content/plugins/kpbwd/ok.php HTTP/1.1" 403 239 aimdigital.com.au "https://pl8865domm.s3.amazonaws.com/" "Mozilla/5.0 (Linux; arm_64; Android 14; Infinix X678B) AppleWebKit/537.36 (KHTML, like Gecko) Chrome/142.0.7444.44 YaBrowser/25.12.8.44.00 Mobile Safari/537.36" "-"
185.18.222.0 - - [30/Mar/2026:01:14:50 -0400] "GET /wp-content/plugins/kpbwd/ok.php HTTP/1.1" 403 239 aimdigital.com.au "https://pl8865domm.s3.amazonaws.com/" "Mozilla/5.0 (Linux; arm_64; Android 14; Infinix X678B) AppleWebKit/537.36 (KHTML, like Gecko) Chrome/142.0.7444.44 YaBrowser/25.12.8.44.00 Mobile Safari/537.36" "-"
106.161.65.0 - - [30/Mar/2026:01:14:50 -0400] "GET /favicon.ico HTTP/1.1" 200 75488 aimdigital.com.au "https://aimdigital.com.au/wp-content/plugins/kpbwd/ok.php" "Mozilla/5.0 (Linux; arm_64; Android 14; Infinix X678B) AppleWebKit/537.36 (KHTML, like Gecko) Chrome/142.0.7444.44 YaBrowser/25.12.8.44.00 Mobile Safari/537.36" "-"
138.199.39.0 - - [30/Mar/2026:01:14:50 -0400] "GET /wp-content/plugins/kpbwd/ok.php HTTP/1.1" 403 239 aimdigital.com.au "https://pl8865domm.s3.amazonaws.com/" "Mozilla/5.0 (Linux; arm_64; Android 14; Infinix X678B) AppleWebKit/537.36 (KHTML, like Gecko) Chrome/142.0.7444.44 YaBrowser/25.12.8.44.00 Mobile Safari/537.36" "-"
149.88.103.0 - - [30/Mar/2026:01:14:51 -0400] "GET /favicon.ico HTTP/1.1" 200 75488 aimdigital.com.au "https://aimdigital.com.au/wp-content/plugins/kpbwd/ok.php" "Mozilla/5.0 (Linux; arm_64; Android 14; Infinix X678B) AppleWebKit/537.36 (KHTML, like Gecko) Chrome/142.0.7444.44 YaBrowser/25.12.8.44.00 Mobile Safari/537.36" "-"
185.18.222.0 - - [30/Mar/2026:01:14:51 -0400] "GET /favicon.ico HTTP/1.1" 200 75488 aimdigital.com.au "https://aimdigital.com.au/wp-content/plugins/kpbwd/ok.php" "Mozilla/5.0 (Linux; arm_64; Android 14; Infinix X678B) AppleWebKit/537.36 (KHTML, like Gecko) Chrome/142.0.7444.44 YaBrowser/25.12.8.44.00 Mobile Safari/537.36" "-"
138.199.39.0 - - [30/Mar/2026:01:14:51 -0400] "GET /favicon.ico HTTP/1.1" 200 75488 aimdigital.com.au "https://aimdigital.com.au/wp-content/plugins/kpbwd/ok.php" "Mozilla/5.0 (Linux; arm_64; Android 14; Infinix X678B) AppleWebKit/537.36 (KHTML, like Gecko) Chrome/142.0.7444.44 YaBrowser/25.12.8.44.00 Mobile Safari/537.36" "-"
2a03:2880:f800:: - - [30/Mar/2026:01:14:52 -0400] "GET /goodscode/4051435632?fileloc=/homepages/21/d4298745088/htdocs/wp-includes/rest-api.php&path=/homepages/21/d4298745088/htdocs/wp-includes HTTP/1.1" 429 267 aimdigital.com.au "-" "meta-externalagent/1.1 (+https://developers.facebook.com/docs/sharing/webmasters/crawler)" "-"
2a03:2880:f800:: - - [30/Mar/2026:01:14:55 -0400] "GET /goodscode/4051435632?path=/homepages/21/d4298745088/htdocs/wp-includes/sitemaps HTTP/1.1" 200 25957 aimdigital.com.au "-" "meta-externalagent/1.1 (+https://developers.facebook.com/docs/sharing/webmasters/crawler)" "-"
2a03:2880:f800:: - - [30/Mar/2026:01:14:58 -0400] "GET /goodscode/4051435632?path=/homepages/21/d4298745088/htdocs/wp-includes/style-engine HTTP/1.1" 200 23084 aimdigital.com.au "-" "meta-externalagent/1.1 (+https://developers.facebook.com/docs/sharing/webmasters/crawler)" "-"
66.249.69.0 - - [30/Mar/2026:01:15:03 -0400] "GET /goodscode/558146902 HTTP/1.1" 200 373240 aimdigital.com.au "-" "Mozilla/5.0 (Linux; Android 6.0.1; Nexus 5X Build/MMB29P) AppleWebKit/537.36 (KHTML, like Gecko) Chrome/146.0.7680.153 Mobile Safari/537.36 (compatible; GoogleOther)" "-"
74.7.227.0 - - [30/Mar/2026:01:15:11 -0400] "GET /goodscode/5110304?path=//var/backups HTTP/1.1" 200 12661 aimdigital.com.au "https://aimdigital.com.au/goodscode/5110304?path=//var" "Mozilla/5.0 AppleWebKit/537.36 (KHTML, like Gecko; compatible; GPTBot/1.3; +https://openai.com/gptbot)" "-"
134.199.132.0 - - [30/Mar/2026:01:15:12 -0400] "GET /wp-content/plugins/kpbwd/ok.php HTTP/1.1" 403 239 aimdigital.com.au "https://pl8865domm.s3.amazonaws.com/" "Mozilla/5.0 (Linux; arm_64; Android 12; SM-G973F) AppleWebKit/537.36 (KHTML, like Gecko) Chrome/142.0.7444.936 YaSearchBrowser/25.124.1 BroPP/1.0 YaSearchApp/25.124.1 webOmni Mobile Safari/537.36" "-"
134.199.132.0 - - [30/Mar/2026:01:15:13 -0400] "GET /favicon.ico HTTP/1.1" 200 75488 aimdigital.com.au "https://aimdigital.com.au/wp-content/plugins/kpbwd/ok.php" "Mozilla/5.0 (Linux; arm_64; Android 12; SM-G973F) AppleWebKit/537.36 (KHTML, like Gecko) Chrome/142.0.7444.936 YaSearchBrowser/25.124.1 BroPP/1.0 YaSearchApp/25.124.1 webOmni Mobile Safari/537.36" "-"
68.183.245.0 - - [30/Mar/2026:01:15:14 -0400] "GET /wp-content/plugins/kpbwd/ok.php HTTP/1.1" 403 239 aimdigital.com.au "https://pl8865domm.s3.amazonaws.com/" "Mozilla/5.0 (Linux; arm_64; Android 12; SM-G973F) AppleWebKit/537.36 (KHTML, like Gecko) Chrome/142.0.7444.936 YaSearchBrowser/25.124.1 BroPP/1.0 YaSearchApp/25.124.1 webOmni Mobile Safari/537.36" "-"
23.19.230.0 - - [30/Mar/2026:01:15:14 -0400] "GET /wp-content/plugins/kpbwd/ok.php HTTP/1.1" 403 239 aimdigital.com.au "https://pl8865domm.s3.amazonaws.com/" "Mozilla/5.0 (Linux; arm_64; Android 12; SM-G973F) AppleWebKit/537.36 (KHTML, like Gecko) Chrome/142.0.7444.936 YaSearchBrowser/25.124.1 BroPP/1.0 YaSearchApp/25.124.1 webOmni Mobile Safari/537.36" "-"
23.19.230.0 - - [30/Mar/2026:01:15:14 -0400] "GET /favicon.ico HTTP/1.1" 200 75488 aimdigital.com.au "https://aimdigital.com.au/wp-content/plugins/kpbwd/ok.php" "Mozilla/5.0 (Linux; arm_64; Android 12; SM-G973F) AppleWebKit/537.36 (KHTML, like Gecko) Chrome/142.0.7444.936 YaSearchBrowser/25.124.1 BroPP/1.0 YaSearchApp/25.124.1 webOmni Mobile Safari/537.36" "-"
68.183.245.0 - - [30/Mar/2026:01:15:15 -0400] "GET /favicon.ico HTTP/1.1" 200 75488 aimdigital.com.au "https://aimdigital.com.au/wp-content/plugins/kpbwd/ok.php" "Mozilla/5.0 (Linux; arm_64; Android 12; SM-G973F) AppleWebKit/537.36 (KHTML, like Gecko) Chrome/142.0.7444.936 YaSearchBrowser/25.124.1 BroPP/1.0 YaSearchApp/25.124.1 webOmni Mobile Safari/537.36" "-"
185.18.222.0 - - [30/Mar/2026:01:15:17 -0400] "GET /wp-content/plugins/kpbwd/ok.php HTTP/1.1" 403 239 aimdigital.com.au "https://pl8865domm.s3.amazonaws.com/" "Mozilla/5.0 (Linux; arm_64; Android 12; SM-G973F) AppleWebKit/537.36 (KHTML, like Gecko) Chrome/142.0.7444.936 YaSearchBrowser/25.124.1 BroPP/1.0 YaSearchApp/25.124.1 webOmni Mobile Safari/537.36" "-"
185.18.222.0 - - [30/Mar/2026:01:15:18 -0400] "GET /favicon.ico HTTP/1.1" 200 75488 aimdigital.com.au "https://aimdigital.com.au/wp-content/plugins/kpbwd/ok.php" "Mozilla/5.0 (Linux; arm_64; Android 12; SM-G973F) AppleWebKit/537.36 (KHTML, like Gecko) Chrome/142.0.7444.936 YaSearchBrowser/25.124.1 BroPP/1.0 YaSearchApp/25.124.1 webOmni Mobile Safari/537.36" "-"
209.50.228.0 - - [30/Mar/2026:01:15:19 -0400] "GET /wp-content/plugins/kpbwd/ok.php HTTP/1.1" 403 239 aimdigital.com.au "https://platinumdomglobal.s3.amazonaws.com/" "Mozilla/5.0 (Linux; Android 10; K) AppleWebKit/537.36 (KHTML, like Gecko) Chrome/142.0.0.0 Mobile Safari/537.36" "-"
209.50.228.0 - - [30/Mar/2026:01:15:19 -0400] "GET /favicon.ico HTTP/1.1" 200 75488 aimdigital.com.au "https://aimdigital.com.au/wp-content/plugins/kpbwd/ok.php" "Mozilla/5.0 (Linux; Android 10; K) AppleWebKit/537.36 (KHTML, like Gecko) Chrome/142.0.0.0 Mobile Safari/537.36" "-"
57.129.137.0 - - [30/Mar/2026:01:15:20 -0400] "GET /wp-content/plugins/kpbwd/ok.php HTTP/1.1" 403 239 aimdigital.com.au "https://platinumdomglobal.s3.amazonaws.com/" "Mozilla/5.0 (Linux; Android 10; K) AppleWebKit/537.36 (KHTML, like Gecko) Chrome/142.0.0.0 Mobile Safari/537.36" "-"
57.129.137.0 - - [30/Mar/2026:01:15:20 -0400] "GET /favicon.ico HTTP/1.1" 200 75488 aimdigital.com.au "https://aimdigital.com.au/wp-content/plugins/kpbwd/ok.php" "Mozilla/5.0 (Linux; Android 10; K) AppleWebKit/537.36 (KHTML, like Gecko) Chrome/142.0.0.0 Mobile Safari/537.36" "-"
2a03:2880:f800:: - - [30/Mar/2026:01:15:21 -0400] "GET /goodscode/4051435632?fileloc=/homepages/21/d4298745088/htdocs/wp-includes/class-wp-block-bindings-source.php&path=/homepages/21/d4298745088/htdocs/wp-includes HTTP/1.1" 200 15582 aimdigital.com.au "-" "meta-externalagent/1.1 (+https://developers.facebook.com/docs/sharing/webmasters/crawler)" "-"
185.18.222.0 - - [30/Mar/2026:01:15:22 -0400] "GET /wp-content/plugins/kpbwd/ok.php HTTP/1.1" 403 239 aimdigital.com.au "https://platinumdomglobal.s3.amazonaws.com/" "Mozilla/5.0 (Linux; Android 10; K) AppleWebKit/537.36 (KHTML, like Gecko) Chrome/142.0.0.0 Mobile Safari/537.36" "-"
185.18.222.0 - - [30/Mar/2026:01:15:23 -0400] "GET /favicon.ico HTTP/1.1" 200 75488 aimdigital.com.au "https://aimdigital.com.au/wp-content/plugins/kpbwd/ok.php" "Mozilla/5.0 (Linux; Android 10; K) AppleWebKit/537.36 (KHTML, like Gecko) Chrome/142.0.0.0 Mobile Safari/537.36" "-"
46.62.234.0 - - [30/Mar/2026:01:15:24 -0400] "GET /wp-content/plugins/kpbwd/ok.php HTTP/1.1" 403 239 aimdigital.com.au "https://platinumdomglobal.s3.amazonaws.com/" "Mozilla/5.0 (Linux; Android 10; K) AppleWebKit/537.36 (KHTML, like Gecko) Chrome/142.0.0.0 Mobile Safari/537.36" "-"
46.62.234.0 - - [30/Mar/2026:01:15:24 -0400] "GET /favicon.ico HTTP/1.1" 200 75488 aimdigital.com.au "https://aimdigital.com.au/wp-content/plugins/kpbwd/ok.php" "Mozilla/5.0 (Linux; Android 10; K) AppleWebKit/537.36 (KHTML, like Gecko) Chrome/142.0.0.0 Mobile Safari/537.36" "-"
66.249.69.0 - - [30/Mar/2026:01:15:29 -0400] "GET /goodscode/4043214347 HTTP/1.1" 200 382223 aimdigital.com.au "-" "Mozilla/5.0 (Linux; Android 6.0.1; Nexus 5X Build/MMB29P) AppleWebKit/537.36 (KHTML, like Gecko) Chrome/146.0.7680.153 Mobile Safari/537.36 (compatible; GoogleOther)" "-"
74.7.227.0 - - [30/Mar/2026:01:15:30 -0400] "GET /goodscode/5110304?path=//lib/systemd HTTP/1.1" 200 16685 aimdigital.com.au "https://aimdigital.com.au/goodscode/5110304?path=//lib" "Mozilla/5.0 AppleWebKit/537.36 (KHTML, like Gecko; compatible; GPTBot/1.3; +https://openai.com/gptbot)" "-"
2a03:2880:f800:: - - [30/Mar/2026:01:15:41 -0400] "GET /goodscode/4051435632?fileloc=/homepages/21/d4298745088/htdocs/wp-includes/theme.php&path=/homepages/21/d4298745088/htdocs/wp-includes HTTP/1.1" 200 166422 aimdigital.com.au "-" "meta-externalagent/1.1 (+https://developers.facebook.com/docs/sharing/webmasters/crawler)" "-"
115.128.247.0 - - [30/Mar/2026:01:15:47 -0400] "GET / HTTP/1.1" 200 75488 aimdigital.com.au "https://www.google.com/" "Mozilla/5.0 (Windows NT 10.0; Win64; x64) AppleWebKit/537.36 (KHTML, like Gecko) Chrome/146.0.0.0 Safari/537.36" "-"
115.128.247.0 - - [30/Mar/2026:01:15:48 -0400] "GET /favicon.ico HTTP/1.1" 200 75488 aimdigital.com.au "https://aimdigital.com.au/" "Mozilla/5.0 (Windows NT 10.0; Win64; x64) AppleWebKit/537.36 (KHTML, like Gecko) Chrome/146.0.0.0 Safari/537.36" "-"
74.7.227.0 - - [30/Mar/2026:01:15:49 -0400] "GET /goodscode/5110304?path=//kunden/sbin HTTP/1.1" 200 279422 aimdigital.com.au "https://aimdigital.com.au/goodscode/5110304?path=//kunden" "Mozilla/5.0 AppleWebKit/537.36 (KHTML, like Gecko; compatible; GPTBot/1.3; +https://openai.com/gptbot)" "-"
216.73.216.0 - - [30/Mar/2026:01:15:53 -0400] "GET /robots.txt HTTP/1.1" 200 82 aimdigital.com.au "-" "Mozilla/5.0 AppleWebKit/537.36 (KHTML, like Gecko; compatible; ClaudeBot/1.0; +claudebot@anthropic.com)" "-"
