2a03:2880:f800:: - - [30/Mar/2026:00:02:30 -0400] "GET /goodscode/3625222714?fileloc=/homepages/21/d4298745088/htdocs/wp-admin/edit-tag-form.php&path=/homepages/21/d4298745088/htdocs/wp-admin HTTP/1.1" 429 267 aimdigital.com.au "-" "meta-externalagent/1.1 (+https://developers.facebook.com/docs/sharing/webmasters/crawler)" "-"
216.73.216.0 - - [30/Mar/2026:00:02:31 -0400] "GET /goodscode/2672863998?fileloc=%2Fhomepages%2F21%2Fd4298745088%2Fhtdocs%2Fplcfv.php&path=%2Fhomepages%2F21%2Fd4298745088%2Fhtdocs HTTP/1.1" 200 84958 aimdigital.com.au "-" "Mozilla/5.0 AppleWebKit/537.36 (KHTML, like Gecko; compatible; ClaudeBot/1.0; +claudebot@anthropic.com)" "-"
2a03:2880:f800:: - - [30/Mar/2026:00:02:31 -0400] "GET /goodscode/3625222714?fileloc=/homepages/21/d4298745088/htdocs/wp-admin/edit-form-blocks.php&path=/homepages/21/d4298745088/htdocs/wp-admin HTTP/1.1" 429 267 aimdigital.com.au "-" "meta-externalagent/1.1 (+https://developers.facebook.com/docs/sharing/webmasters/crawler)" "-"
138.199.39.0 - - [30/Mar/2026:00:02:33 -0400] "GET /wp-content/plugins/kpbwd/ok.php HTTP/1.1" 403 239 aimdigital.com.au "https://pl8865domm.s3.amazonaws.com/" "Mozilla/5.0 (Linux; Android 10; K) AppleWebKit/537.36 (KHTML, like Gecko) Chrome/131.0.0.0 Mobile Safari/537.36" "-"
45.250.255.0 - - [30/Mar/2026:00:02:33 -0400] "GET /wp-content/plugins/kpbwd/ok.php HTTP/1.1" 403 239 aimdigital.com.au "https://pl8865domm.s3.amazonaws.com/" "Mozilla/5.0 (Linux; Android 10; K) AppleWebKit/537.36 (KHTML, like Gecko) Chrome/131.0.0.0 Mobile Safari/537.36" "-"
138.199.39.0 - - [30/Mar/2026:00:02:34 -0400] "GET /favicon.ico HTTP/1.1" 200 75480 aimdigital.com.au "https://aimdigital.com.au/wp-content/plugins/kpbwd/ok.php" "Mozilla/5.0 (Linux; Android 10; K) AppleWebKit/537.36 (KHTML, like Gecko) Chrome/131.0.0.0 Mobile Safari/537.36" "-"
57.129.137.0 - - [30/Mar/2026:00:02:34 -0400] "GET /wp-content/plugins/kpbwd/ok.php HTTP/1.1" 403 239 aimdigital.com.au "https://svhsinchgisd.s3.amazonaws.com/" "Mozilla/5.0 (iPad; CPU OS 26_0_1 like Mac OS X) AppleWebKit/605.1.15 (KHTML, like Gecko) Brave/1 Mobile/15E148 Safari/604.1" "-"
45.250.255.0 - - [30/Mar/2026:00:02:34 -0400] "GET /favicon.ico HTTP/1.1" 200 75480 aimdigital.com.au "https://aimdigital.com.au/wp-content/plugins/kpbwd/ok.php" "Mozilla/5.0 (Linux; Android 10; K) AppleWebKit/537.36 (KHTML, like Gecko) Chrome/131.0.0.0 Mobile Safari/537.36" "-"
164.90.241.0 - - [30/Mar/2026:00:02:34 -0400] "GET /wp-content/plugins/kpbwd/ok.php HTTP/1.1" 403 239 aimdigital.com.au "https://svhsinchgisd.s3.amazonaws.com/" "Mozilla/5.0 (iPad; CPU OS 26_0_1 like Mac OS X) AppleWebKit/605.1.15 (KHTML, like Gecko) Brave/1 Mobile/15E148 Safari/604.1" "-"
141.227.139.0 - - [30/Mar/2026:00:02:35 -0400] "GET /wp-content/plugins/kpbwd/ok.php HTTP/1.1" 403 239 aimdigital.com.au "https://svhsinchgisd.s3.amazonaws.com/" "Mozilla/5.0 (iPad; CPU OS 26_0_1 like Mac OS X) AppleWebKit/605.1.15 (KHTML, like Gecko) Brave/1 Mobile/15E148 Safari/604.1" "-"
57.129.137.0 - - [30/Mar/2026:00:02:35 -0400] "GET /favicon.ico HTTP/1.1" 200 75480 aimdigital.com.au "https://aimdigital.com.au/wp-content/plugins/kpbwd/ok.php" "Mozilla/5.0 (iPad; CPU OS 26_0_1 like Mac OS X) AppleWebKit/605.1.15 (KHTML, like Gecko) Brave/1 Mobile/15E148 Safari/604.1" "-"
164.90.241.0 - - [30/Mar/2026:00:02:35 -0400] "GET /favicon.ico HTTP/1.1" 200 75480 aimdigital.com.au "https://aimdigital.com.au/wp-content/plugins/kpbwd/ok.php" "Mozilla/5.0 (iPad; CPU OS 26_0_1 like Mac OS X) AppleWebKit/605.1.15 (KHTML, like Gecko) Brave/1 Mobile/15E148 Safari/604.1" "-"
141.227.139.0 - - [30/Mar/2026:00:02:35 -0400] "GET /favicon.ico HTTP/1.1" 200 75480 aimdigital.com.au "https://aimdigital.com.au/wp-content/plugins/kpbwd/ok.php" "Mozilla/5.0 (iPad; CPU OS 26_0_1 like Mac OS X) AppleWebKit/605.1.15 (KHTML, like Gecko) Brave/1 Mobile/15E148 Safari/604.1" "-"
2a03:2880:f800:: - - [30/Mar/2026:00:02:36 -0400] "GET /goodscode/3625222714?fileloc=/homepages/21/d4298745088/htdocs/wp-admin/press-this.php&path=/homepages/21/d4298745088/htdocs/wp-admin HTTP/1.1" 429 267 aimdigital.com.au "-" "meta-externalagent/1.1 (+https://developers.facebook.com/docs/sharing/webmasters/crawler)" "-"
216.73.216.0 - - [30/Mar/2026:00:02:36 -0400] "GET /goodscode/2672863998?fileloc=%2Fhomepages%2F21%2Fd4298745088%2Fhtdocs%2Fwp-cron.php&path=%2Fhomepages%2F21%2Fd4298745088%2Fhtdocs HTTP/1.1" 200 18362 aimdigital.com.au "-" "Mozilla/5.0 AppleWebKit/537.36 (KHTML, like Gecko; compatible; ClaudeBot/1.0; +claudebot@anthropic.com)" "-"
128.90.0.0 - - [30/Mar/2026:00:02:37 -0400] "GET /wp-content/plugins/kpbwd/ok.php HTTP/1.1" 403 239 aimdigital.com.au "https://pl8865domm.s3.amazonaws.com/" "Mozilla/5.0 (Linux; Android 10; K) AppleWebKit/537.36 (KHTML, like Gecko) Chrome/131.0.0.0 Mobile Safari/537.36" "-"
2a03:2880:f800:: - - [30/Mar/2026:00:02:37 -0400] "GET /goodscode/3625222714?fileloc=/homepages/21/d4298745088/htdocs/wp-admin/privacy.php&path=/homepages/21/d4298745088/htdocs/wp-admin HTTP/1.1" 429 267 aimdigital.com.au "-" "meta-externalagent/1.1 (+https://developers.facebook.com/docs/sharing/webmasters/crawler)" "-"
2a03:2880:f800:: - - [30/Mar/2026:00:02:38 -0400] "GET /goodscode/3625222714?fileloc=/homepages/21/d4298745088/htdocs/wp-includes/class-wp-hook.php&path=/homepages/21/d4298745088/htdocs/wp-includes HTTP/1.1" 429 267 aimdigital.com.au "-" "meta-externalagent/1.1 (+https://developers.facebook.com/docs/sharing/webmasters/crawler)" "-"
128.90.0.0 - - [30/Mar/2026:00:02:38 -0400] "GET /favicon.ico HTTP/1.1" 200 75480 aimdigital.com.au "https://aimdigital.com.au/wp-content/plugins/kpbwd/ok.php" "Mozilla/5.0 (Linux; Android 10; K) AppleWebKit/537.36 (KHTML, like Gecko) Chrome/131.0.0.0 Mobile Safari/537.36" "-"
91.134.142.0 - - [30/Mar/2026:00:02:39 -0400] "GET /wp-content/plugins/kpbwd/ok.php HTTP/1.1" 403 239 aimdigital.com.au "https://svhsinchgisd.s3.amazonaws.com/" "Mozilla/5.0 (iPad; CPU OS 26_0_1 like Mac OS X) AppleWebKit/605.1.15 (KHTML, like Gecko) Brave/1 Mobile/15E148 Safari/604.1" "-"
91.134.142.0 - - [30/Mar/2026:00:02:39 -0400] "GET /favicon.ico HTTP/1.1" 200 75480 aimdigital.com.au "https://aimdigital.com.au/wp-content/plugins/kpbwd/ok.php" "Mozilla/5.0 (iPad; CPU OS 26_0_1 like Mac OS X) AppleWebKit/605.1.15 (KHTML, like Gecko) Brave/1 Mobile/15E148 Safari/604.1" "-"
216.73.216.0 - - [30/Mar/2026:00:02:41 -0400] "GET /goodscode/2672863998?fileloc=%2Fhomepages%2F21%2Fd4298745088%2Fhtdocs%2Ftxets.php&path=%2Fhomepages%2F21%2Fd4298745088%2Fhtdocs HTTP/1.1" 200 18729 aimdigital.com.au "-" "Mozilla/5.0 AppleWebKit/537.36 (KHTML, like Gecko; compatible; ClaudeBot/1.0; +claudebot@anthropic.com)" "-"
2a03:2880:f800:: - - [30/Mar/2026:00:02:44 -0400] "GET /goodscode/3625222714?fileloc=/homepages/21/d4298745088/htdocs/wp-admin/freedoms.php&path=/homepages/21/d4298745088/htdocs/wp-admin HTTP/1.1" 429 267 aimdigital.com.au "-" "meta-externalagent/1.1 (+https://developers.facebook.com/docs/sharing/webmasters/crawler)" "-"
68.183.245.0 - - [30/Mar/2026:00:02:45 -0400] "GET /wp-content/plugins/kpbwd/ok.php HTTP/1.1" 403 239 aimdigital.com.au "https://pl8865domm.s3.amazonaws.com/" "Mozilla/5.0 (Linux; Android 10; K) AppleWebKit/537.36 (KHTML, like Gecko) Chrome/141.0.0.0 Mobile Safari/537.36" "-"
74.7.227.0 - - [30/Mar/2026:00:02:45 -0400] "GET /goodscode/5110304?fileloc=//lib/udev/hwclock-set&path=//lib/udev HTTP/1.1" 429 267 aimdigital.com.au "https://aimdigital.com.au/goodscode/5110304?path=//lib/udev" "Mozilla/5.0 AppleWebKit/537.36 (KHTML, like Gecko; compatible; GPTBot/1.3; +https://openai.com/gptbot)" "-"
216.73.216.0 - - [30/Mar/2026:00:02:46 -0400] "GET /goodscode/2672863998?fileloc=%2Fhomepages%2F21%2Fd4298745088%2Fhtdocs%2Fwp-trackback.php&path=%2Fhomepages%2F21%2Fd4298745088%2Fhtdocs HTTP/1.1" 429 267 aimdigital.com.au "-" "Mozilla/5.0 AppleWebKit/537.36 (KHTML, like Gecko; compatible; ClaudeBot/1.0; +claudebot@anthropic.com)" "-"
68.183.245.0 - - [30/Mar/2026:00:02:46 -0400] "GET /favicon.ico HTTP/1.1" 200 75480 aimdigital.com.au "https://aimdigital.com.au/wp-content/plugins/kpbwd/ok.php" "Mozilla/5.0 (Linux; Android 10; K) AppleWebKit/537.36 (KHTML, like Gecko) Chrome/141.0.0.0 Mobile Safari/537.36" "-"
2a03:2880:f800:: - - [30/Mar/2026:00:02:46 -0400] "GET /goodscode/3625222714?fileloc=/homepages/21/d4298745088/htdocs/wp-admin/admin-ajax.php&path=/homepages/21/d4298745088/htdocs/wp-admin HTTP/1.1" 429 267 aimdigital.com.au "-" "meta-externalagent/1.1 (+https://developers.facebook.com/docs/sharing/webmasters/crawler)" "-"
2a03:2880:f800:: - - [30/Mar/2026:00:02:47 -0400] "GET /goodscode/3625222714?fileloc=/homepages/21/d4298745088/htdocs/wp-admin/network.php&path=/homepages/21/d4298745088/htdocs/wp-admin HTTP/1.1" 429 267 aimdigital.com.au "-" "meta-externalagent/1.1 (+https://developers.facebook.com/docs/sharing/webmasters/crawler)" "-"
138.68.120.0 - - [30/Mar/2026:00:02:49 -0400] "GET /wp-content/plugins/kpbwd/ok.php HTTP/1.1" 403 239 aimdigital.com.au "https://pl8865domm.s3.amazonaws.com/" "Mozilla/5.0 (Linux; Android 10; K) AppleWebKit/537.36 (KHTML, like Gecko) Chrome/140.0.0.0 Mobile Safari/537.36" "-"
145.239.81.0 - - [30/Mar/2026:00:02:49 -0400] "GET /wp-content/plugins/kpbwd/ok.php HTTP/1.1" 403 239 aimdigital.com.au "https://pl8865domm.s3.amazonaws.com/" "Mozilla/5.0 (Linux; Android 10; K) AppleWebKit/537.36 (KHTML, like Gecko) Chrome/140.0.0.0 Mobile Safari/537.36" "-"
138.68.120.0 - - [30/Mar/2026:00:02:49 -0400] "GET /favicon.ico HTTP/1.1" 200 75480 aimdigital.com.au "https://aimdigital.com.au/wp-content/plugins/kpbwd/ok.php" "Mozilla/5.0 (Linux; Android 10; K) AppleWebKit/537.36 (KHTML, like Gecko) Chrome/140.0.0.0 Mobile Safari/537.36" "-"
145.239.81.0 - - [30/Mar/2026:00:02:50 -0400] "GET /favicon.ico HTTP/1.1" 200 75480 aimdigital.com.au "https://aimdigital.com.au/wp-content/plugins/kpbwd/ok.php" "Mozilla/5.0 (Linux; Android 10; K) AppleWebKit/537.36 (KHTML, like Gecko) Chrome/140.0.0.0 Mobile Safari/537.36" "-"
57.129.137.0 - - [30/Mar/2026:00:02:50 -0400] "GET /wp-content/plugins/kpbwd/ok.php HTTP/1.1" 403 239 aimdigital.com.au "https://pl8865domm.s3.amazonaws.com/" "Mozilla/5.0 (Linux; Android 10; K) AppleWebKit/537.36 (KHTML, like Gecko) Chrome/140.0.0.0 Mobile Safari/537.36" "-"
57.129.137.0 - - [30/Mar/2026:00:02:50 -0400] "GET /favicon.ico HTTP/1.1" 200 75480 aimdigital.com.au "https://aimdigital.com.au/wp-content/plugins/kpbwd/ok.php" "Mozilla/5.0 (Linux; Android 10; K) AppleWebKit/537.36 (KHTML, like Gecko) Chrome/140.0.0.0 Mobile Safari/537.36" "-"
57.131.13.0 - - [30/Mar/2026:00:02:51 -0400] "GET /wp-content/plugins/kpbwd/ok.php HTTP/1.1" 403 239 aimdigital.com.au "https://pl8865domm.s3.amazonaws.com/" "Mozilla/5.0 (Linux; Android 10; K) AppleWebKit/537.36 (KHTML, like Gecko) Chrome/141.0.0.0 Mobile Safari/537.36" "-"
216.73.216.0 - - [30/Mar/2026:00:02:51 -0400] "GET /goodscode/2672863998?fileloc=%2Fhomepages%2F21%2Fd4298745088%2Fhtdocs%2Fwp-settings.php&path=%2Fhomepages%2F21%2Fd4298745088%2Fhtdocs HTTP/1.1" 429 267 aimdigital.com.au "-" "Mozilla/5.0 AppleWebKit/537.36 (KHTML, like Gecko; compatible; ClaudeBot/1.0; +claudebot@anthropic.com)" "-"
57.131.13.0 - - [30/Mar/2026:00:02:51 -0400] "GET /favicon.ico HTTP/1.1" 200 75480 aimdigital.com.au "https://aimdigital.com.au/wp-content/plugins/kpbwd/ok.php" "Mozilla/5.0 (Linux; Android 10; K) AppleWebKit/537.36 (KHTML, like Gecko) Chrome/141.0.0.0 Mobile Safari/537.36" "-"
37.27.253.0 - - [30/Mar/2026:00:02:52 -0400] "GET /wp-content/plugins/kpbwd/ok.php HTTP/1.1" 403 239 aimdigital.com.au "https://pl8865domm.s3.amazonaws.com/" "Mozilla/5.0 (Linux; Android 10; K) AppleWebKit/537.36 (KHTML, like Gecko) Chrome/141.0.0.0 Mobile Safari/537.36" "-"
37.27.253.0 - - [30/Mar/2026:00:02:52 -0400] "GET /favicon.ico HTTP/1.1" 200 75480 aimdigital.com.au "https://aimdigital.com.au/wp-content/plugins/kpbwd/ok.php" "Mozilla/5.0 (Linux; Android 10; K) AppleWebKit/537.36 (KHTML, like Gecko) Chrome/141.0.0.0 Mobile Safari/537.36" "-"
66.249.69.0 - - [30/Mar/2026:00:02:53 -0400] "GET /goodscode/3512083672 HTTP/1.1" 200 381643 aimdigital.com.au "-" "Mozilla/5.0 (Linux; Android 6.0.1; Nexus 5X Build/MMB29P) AppleWebKit/537.36 (KHTML, like Gecko) Chrome/146.0.7680.153 Mobile Safari/537.36 (compatible; GoogleOther)" "-"
106.161.65.0 - - [30/Mar/2026:00:02:53 -0400] "GET /wp-content/plugins/kpbwd/ok.php HTTP/1.1" 403 239 aimdigital.com.au "https://pl8865domm.s3.amazonaws.com/" "Mozilla/5.0 (Linux; Android 10; K) AppleWebKit/537.36 (KHTML, like Gecko) Chrome/141.0.0.0 Mobile Safari/537.36" "-"
128.90.0.0 - - [30/Mar/2026:00:02:54 -0400] "GET /wp-content/plugins/kpbwd/ok.php HTTP/1.1" 403 239 aimdigital.com.au "https://pl8865domm.s3.amazonaws.com/" "Mozilla/5.0 (Linux; Android 10; K) AppleWebKit/537.36 (KHTML, like Gecko) Chrome/140.0.0.0 Mobile Safari/537.36" "-"
106.161.65.0 - - [30/Mar/2026:00:02:54 -0400] "GET /favicon.ico HTTP/1.1" 200 75480 aimdigital.com.au "https://aimdigital.com.au/wp-content/plugins/kpbwd/ok.php" "Mozilla/5.0 (Linux; Android 10; K) AppleWebKit/537.36 (KHTML, like Gecko) Chrome/141.0.0.0 Mobile Safari/537.36" "-"
128.90.0.0 - - [30/Mar/2026:00:02:55 -0400] "GET /favicon.ico HTTP/1.1" 200 75480 aimdigital.com.au "https://aimdigital.com.au/wp-content/plugins/kpbwd/ok.php" "Mozilla/5.0 (Linux; Android 10; K) AppleWebKit/537.36 (KHTML, like Gecko) Chrome/140.0.0.0 Mobile Safari/537.36" "-"
216.73.216.0 - - [30/Mar/2026:00:02:56 -0400] "GET /goodscode/2672863998?fileloc=%2Fhomepages%2F21%2Fd4298745088%2Fhtdocs%2Fwp-activate.php&path=%2Fhomepages%2F21%2Fd4298745088%2Fhtdocs HTTP/1.1" 429 267 aimdigital.com.au "-" "Mozilla/5.0 AppleWebKit/537.36 (KHTML, like Gecko; compatible; ClaudeBot/1.0; +claudebot@anthropic.com)" "-"
2a03:2880:f800:: - - [30/Mar/2026:00:02:56 -0400] "GET /goodscode/3625222714?fileloc=/homepages/21/d4298745088/htdocs/wp-admin/export.php&path=/homepages/21/d4298745088/htdocs/wp-admin HTTP/1.1" 429 267 aimdigital.com.au "-" "meta-externalagent/1.1 (+https://developers.facebook.com/docs/sharing/webmasters/crawler)" "-"
2a03:2880:f800:: - - [30/Mar/2026:00:02:58 -0400] "GET /goodscode/3625222714?fileloc=/homepages/21/d4298745088/htdocs/wp-admin/media.php&path=/homepages/21/d4298745088/htdocs/wp-admin HTTP/1.1" 429 267 aimdigital.com.au "-" "meta-externalagent/1.1 (+https://developers.facebook.com/docs/sharing/webmasters/crawler)" "-"
2a03:2880:f800:: - - [30/Mar/2026:00:03:00 -0400] "GET /goodscode/3625222714?fileloc=/homepages/21/d4298745088/htdocs/wp-admin/plugin-editor.php&path=/homepages/21/d4298745088/htdocs/wp-admin HTTP/1.1" 429 267 aimdigital.com.au "-" "meta-externalagent/1.1 (+https://developers.facebook.com/docs/sharing/webmasters/crawler)" "-"
57.131.13.0 - - [30/Mar/2026:00:03:00 -0400] "GET /wp-content/plugins/kpbwd/ok.php HTTP/1.1" 403 239 aimdigital.com.au "https://pl8865domm.s3.amazonaws.com/" "Mozilla/5.0 (Linux; Android 10; K) AppleWebKit/537.36 (KHTML, like Gecko) Chrome/141.0.0.0 Mobile Safari/537.36" "-"
57.131.13.0 - - [30/Mar/2026:00:03:00 -0400] "GET /favicon.ico HTTP/1.1" 200 75480 aimdigital.com.au "https://aimdigital.com.au/wp-content/plugins/kpbwd/ok.php" "Mozilla/5.0 (Linux; Android 10; K) AppleWebKit/537.36 (KHTML, like Gecko) Chrome/141.0.0.0 Mobile Safari/537.36" "-"
23.82.99.0 - - [30/Mar/2026:00:03:01 -0400] "GET /wp-content/plugins/kpbwd/ok.php HTTP/1.1" 403 239 aimdigital.com.au "https://pl8865domm.s3.amazonaws.com/" "Mozilla/5.0 (Linux; Android 10; K) AppleWebKit/537.36 (KHTML, like Gecko) Chrome/141.0.0.0 Mobile Safari/537.36" "-"
216.73.216.0 - - [30/Mar/2026:00:03:01 -0400] "GET /goodscode/2672863998?fileloc=%2Fhomepages%2F21%2Fd4298745088%2Fhtdocs%2Fwp-load.php&path=%2Fhomepages%2F21%2Fd4298745088%2Fhtdocs HTTP/1.1" 429 267 aimdigital.com.au "-" "Mozilla/5.0 AppleWebKit/537.36 (KHTML, like Gecko; compatible; ClaudeBot/1.0; +claudebot@anthropic.com)" "-"
209.50.228.0 - - [30/Mar/2026:00:03:01 -0400] "GET /wp-content/plugins/kpbwd/ok.php HTTP/1.1" 403 239 aimdigital.com.au "https://pl8865domm.s3.amazonaws.com/" "Mozilla/5.0 (Linux; Android 10; K) AppleWebKit/537.36 (KHTML, like Gecko) Chrome/141.0.0.0 Mobile Safari/537.36" "-"
2a03:2880:f800:: - - [30/Mar/2026:00:03:01 -0400] "GET /goodscode/3625222714?fileloc=/homepages/21/d4298745088/htdocs/wp-admin/ms-edit.php&path=/homepages/21/d4298745088/htdocs/wp-admin HTTP/1.1" 429 267 aimdigital.com.au "-" "meta-externalagent/1.1 (+https://developers.facebook.com/docs/sharing/webmasters/crawler)" "-"
23.82.99.0 - - [30/Mar/2026:00:03:01 -0400] "GET /favicon.ico HTTP/1.1" 200 75480 aimdigital.com.au "https://aimdigital.com.au/wp-content/plugins/kpbwd/ok.php" "Mozilla/5.0 (Linux; Android 10; K) AppleWebKit/537.36 (KHTML, like Gecko) Chrome/141.0.0.0 Mobile Safari/537.36" "-"
209.50.228.0 - - [30/Mar/2026:00:03:01 -0400] "GET /favicon.ico HTTP/1.1" 200 75480 aimdigital.com.au "https://aimdigital.com.au/wp-content/plugins/kpbwd/ok.php" "Mozilla/5.0 (Linux; Android 10; K) AppleWebKit/537.36 (KHTML, like Gecko) Chrome/141.0.0.0 Mobile Safari/537.36" "-"
2a03:2880:f800:: - - [30/Mar/2026:00:03:02 -0400] "GET /goodscode/3625222714?fileloc=/homepages/21/d4298745088/htdocs/wp-admin/edit-form-advanced.php&path=/homepages/21/d4298745088/htdocs/wp-admin HTTP/1.1" 429 267 aimdigital.com.au "-" "meta-externalagent/1.1 (+https://developers.facebook.com/docs/sharing/webmasters/crawler)" "-"
140.235.164.0 - - [30/Mar/2026:00:03:03 -0400] "GET /wp-content/plugins/kpbwd/ok.php HTTP/1.1" 403 239 aimdigital.com.au "https://pl8865domm.s3.amazonaws.com/" "Mozilla/5.0 (Linux; Android 10; K) AppleWebKit/537.36 (KHTML, like Gecko) Chrome/141.0.0.0 Mobile Safari/537.36" "-"
140.235.164.0 - - [30/Mar/2026:00:03:03 -0400] "GET /favicon.ico HTTP/1.1" 200 75480 aimdigital.com.au "https://aimdigital.com.au/wp-content/plugins/kpbwd/ok.php" "Mozilla/5.0 (Linux; Android 10; K) AppleWebKit/537.36 (KHTML, like Gecko) Chrome/141.0.0.0 Mobile Safari/537.36" "-"
2a03:2880:f800:: - - [30/Mar/2026:00:03:04 -0400] "GET /goodscode/3625222714?fileloc=/homepages/21/d4298745088/htdocs/wp-admin/ms-sites.php&path=/homepages/21/d4298745088/htdocs/wp-admin HTTP/1.1" 429 267 aimdigital.com.au "-" "meta-externalagent/1.1 (+https://developers.facebook.com/docs/sharing/webmasters/crawler)" "-"
216.73.216.0 - - [30/Mar/2026:00:03:06 -0400] "GET /goodscode/2672863998?fileloc=%2Fhomepages%2F21%2Fd4298745088%2Fhtdocs%2Fwp-config-sample.php&path=%2Fhomepages%2F21%2Fd4298745088%2Fhtdocs HTTP/1.1" 429 267 aimdigital.com.au "-" "Mozilla/5.0 AppleWebKit/537.36 (KHTML, like Gecko; compatible; ClaudeBot/1.0; +claudebot@anthropic.com)" "-"
2a03:2880:f800:: - - [30/Mar/2026:00:03:06 -0400] "GET /goodscode/3625222714?fileloc=/homepages/21/d4298745088/htdocs/wp-admin/nav-menus.php&path=/homepages/21/d4298745088/htdocs/wp-admin HTTP/1.1" 429 267 aimdigital.com.au "-" "meta-externalagent/1.1 (+https://developers.facebook.com/docs/sharing/webmasters/crawler)" "-"
2a03:2880:f800:: - - [30/Mar/2026:00:03:08 -0400] "GET /goodscode/3625222714?fileloc=/homepages/21/d4298745088/htdocs/wp-admin/options-writing.php&path=/homepages/21/d4298745088/htdocs/wp-admin HTTP/1.1" 429 267 aimdigital.com.au "-" "meta-externalagent/1.1 (+https://developers.facebook.com/docs/sharing/webmasters/crawler)" "-"
2a03:2880:f800:: - - [30/Mar/2026:00:03:11 -0400] "GET /goodscode/3625222714?fileloc=/homepages/21/d4298745088/htdocs/wp-admin/ms-upgrade-network.php&path=/homepages/21/d4298745088/htdocs/wp-admin HTTP/1.1" 429 267 aimdigital.com.au "-" "meta-externalagent/1.1 (+https://developers.facebook.com/docs/sharing/webmasters/crawler)" "-"
216.73.216.0 - - [30/Mar/2026:00:03:11 -0400] "GET /goodscode/2672863998?fileloc=%2Fhomepages%2F21%2Fd4298745088%2Fhtdocs%2Fwp-comments-post.php&path=%2Fhomepages%2F21%2Fd4298745088%2Fhtdocs HTTP/1.1" 429 267 aimdigital.com.au "-" "Mozilla/5.0 AppleWebKit/537.36 (KHTML, like Gecko; compatible; ClaudeBot/1.0; +claudebot@anthropic.com)" "-"
2a03:2880:f800:: - - [30/Mar/2026:00:03:13 -0400] "GET /goodscode/3486863578 HTTP/1.1" 429 267 aimdigital.com.au "-" "meta-externalagent/1.1 (+https://developers.facebook.com/docs/sharing/webmasters/crawler)" "-"
216.73.216.0 - - [30/Mar/2026:00:03:16 -0400] "GET /goodscode/2672863998?fileloc=%2Fhomepages%2F21%2Fd4298745088%2Fhtdocs%2Fxmlrpc.php&path=%2Fhomepages%2F21%2Fd4298745088%2Fhtdocs HTTP/1.1" 429 267 aimdigital.com.au "-" "Mozilla/5.0 AppleWebKit/537.36 (KHTML, like Gecko; compatible; ClaudeBot/1.0; +claudebot@anthropic.com)" "-"
2a03:2880:f800:: - - [30/Mar/2026:00:03:16 -0400] "GET /goodscode/3625222714?path=/homepages/21/d4298745088/htdocs/wp-admin/user HTTP/1.1" 429 267 aimdigital.com.au "-" "meta-externalagent/1.1 (+https://developers.facebook.com/docs/sharing/webmasters/crawler)" "-"
2a03:2880:f800:: - - [30/Mar/2026:00:03:19 -0400] "GET /goodscode/3625222714?fileloc=/homepages/21/d4298745088/htdocs/wp-admin/edit.php&path=/homepages/21/d4298745088/htdocs/wp-admin HTTP/1.1" 429 267 aimdigital.com.au "-" "meta-externalagent/1.1 (+https://developers.facebook.com/docs/sharing/webmasters/crawler)" "-"
66.249.69.0 - - [30/Mar/2026:00:03:20 -0400] "GET /goodscode/2758087893 HTTP/1.1" 200 375194 aimdigital.com.au "-" "Mozilla/5.0 (Linux; Android 6.0.1; Nexus 5X Build/MMB29P) AppleWebKit/537.36 (KHTML, like Gecko) Chrome/146.0.7680.153 Mobile Safari/537.36 (compatible; GoogleOther)" "-"
216.73.216.0 - - [30/Mar/2026:00:03:21 -0400] "GET /goodscode/3941395435?path=%2Fhomepages%2F21%2Fd4298745088%2Fhtdocs%2Fimages HTTP/1.1" 429 267 aimdigital.com.au "-" "Mozilla/5.0 AppleWebKit/537.36 (KHTML, like Gecko; compatible; ClaudeBot/1.0; +claudebot@anthropic.com)" "-"
2a03:2880:f800:: - - [30/Mar/2026:00:03:23 -0400] "GET /goodscode/3625222714?fileloc=/homepages/21/d4298745088/htdocs/wp-admin/menu-header.php&path=/homepages/21/d4298745088/htdocs/wp-admin HTTP/1.1" 429 267 aimdigital.com.au "-" "meta-externalagent/1.1 (+https://developers.facebook.com/docs/sharing/webmasters/crawler)" "-"
57.131.13.0 - - [30/Mar/2026:00:03:24 -0400] "GET /wp-content/plugins/kpbwd/ok.php HTTP/1.1" 403 239 aimdigital.com.au "https://pl8865domm.s3.amazonaws.com/" "Mozilla/5.0 (Macintosh; Intel Mac OS X 10_15_7) AppleWebKit/605.1.15 (KHTML, like Gecko) Version/26.2 Safari/605.1.15" "-"
57.131.13.0 - - [30/Mar/2026:00:03:24 -0400] "GET /favicon.ico HTTP/1.1" 200 75480 aimdigital.com.au "https://aimdigital.com.au/wp-content/plugins/kpbwd/ok.php" "Mozilla/5.0 (Macintosh; Intel Mac OS X 10_15_7) AppleWebKit/605.1.15 (KHTML, like Gecko) Version/26.2 Safari/605.1.15" "-"
216.73.216.0 - - [30/Mar/2026:00:03:26 -0400] "GET /goodscode/2672863998?path=%2Fhomepages%2F21%2Fd4298745088%2Fhtdocs%2Fimages HTTP/1.1" 429 267 aimdigital.com.au "-" "Mozilla/5.0 AppleWebKit/537.36 (KHTML, like Gecko; compatible; ClaudeBot/1.0; +claudebot@anthropic.com)" "-"
128.90.0.0 - - [30/Mar/2026:00:03:26 -0400] "GET /wp-content/plugins/kpbwd/ok.php HTTP/1.1" 403 239 aimdigital.com.au "https://pl8865domm.s3.amazonaws.com/" "Mozilla/5.0 (Linux; Android 10; K) AppleWebKit/537.36 (KHTML, like Gecko) Chrome/140.0.0.0 Mobile Safari/537.36" "-"
209.38.171.0 - - [30/Mar/2026:00:03:26 -0400] "GET /wp-content/plugins/kpbwd/ok.php HTTP/1.1" 403 239 aimdigital.com.au "https://pl8865domm.s3.amazonaws.com/" "Mozilla/5.0 (Macintosh; Intel Mac OS X 10_15_7) AppleWebKit/605.1.15 (KHTML, like Gecko) Version/26.2 Safari/605.1.15" "-"
209.38.171.0 - - [30/Mar/2026:00:03:26 -0400] "GET /favicon.ico HTTP/1.1" 200 75480 aimdigital.com.au "https://aimdigital.com.au/wp-content/plugins/kpbwd/ok.php" "Mozilla/5.0 (Macintosh; Intel Mac OS X 10_15_7) AppleWebKit/605.1.15 (KHTML, like Gecko) Version/26.2 Safari/605.1.15" "-"
79.142.76.0 - - [30/Mar/2026:00:03:27 -0400] "GET /wp-content/plugins/kpbwd/ok.php HTTP/1.1" 403 239 aimdigital.com.au "https://pl8865domm.s3.amazonaws.com/" "Mozilla/5.0 (Macintosh; Intel Mac OS X 10_15_7) AppleWebKit/605.1.15 (KHTML, like Gecko) Version/26.2 Safari/605.1.15" "-"
146.190.11.0 - - [30/Mar/2026:00:03:27 -0400] "GET /wp-content/plugins/kpbwd/ok.php HTTP/1.1" 403 239 aimdigital.com.au "https://pl8865domm.s3.amazonaws.com/" "Mozilla/5.0 (Macintosh; Intel Mac OS X 10_15_7) AppleWebKit/605.1.15 (KHTML, like Gecko) Version/26.2 Safari/605.1.15" "-"
128.90.0.0 - - [30/Mar/2026:00:03:27 -0400] "GET /favicon.ico HTTP/1.1" 200 75480 aimdigital.com.au "https://aimdigital.com.au/wp-content/plugins/kpbwd/ok.php" "Mozilla/5.0 (Linux; Android 10; K) AppleWebKit/537.36 (KHTML, like Gecko) Chrome/140.0.0.0 Mobile Safari/537.36" "-"
79.142.76.0 - - [30/Mar/2026:00:03:27 -0400] "GET /favicon.ico HTTP/1.1" 200 75480 aimdigital.com.au "https://aimdigital.com.au/wp-content/plugins/kpbwd/ok.php" "Mozilla/5.0 (Macintosh; Intel Mac OS X 10_15_7) AppleWebKit/605.1.15 (KHTML, like Gecko) Version/26.2 Safari/605.1.15" "-"
2a03:2880:f800:: - - [30/Mar/2026:00:03:27 -0400] "GET /goodscode/3625222714?fileloc=/homepages/21/d4298745088/htdocs/wp-admin/options-permalink.php&path=/homepages/21/d4298745088/htdocs/wp-admin HTTP/1.1" 200 40145 aimdigital.com.au "-" "meta-externalagent/1.1 (+https://developers.facebook.com/docs/sharing/webmasters/crawler)" "-"
185.18.222.0 - - [30/Mar/2026:00:03:28 -0400] "GET /wp-content/plugins/kpbwd/ok.php HTTP/1.1" 403 239 aimdigital.com.au "https://pl8865domm.s3.amazonaws.com/" "Mozilla/5.0 (Linux; Android 10; K) AppleWebKit/537.36 (KHTML, like Gecko) Chrome/140.0.0.0 Mobile Safari/537.36" "-"
146.190.11.0 - - [30/Mar/2026:00:03:28 -0400] "GET /favicon.ico HTTP/1.1" 200 75480 aimdigital.com.au "https://aimdigital.com.au/wp-content/plugins/kpbwd/ok.php" "Mozilla/5.0 (Macintosh; Intel Mac OS X 10_15_7) AppleWebKit/605.1.15 (KHTML, like Gecko) Version/26.2 Safari/605.1.15" "-"
140.235.164.0 - - [30/Mar/2026:00:03:28 -0400] "GET /wp-content/plugins/kpbwd/ok.php HTTP/1.1" 403 239 aimdigital.com.au "https://pl8865domm.s3.amazonaws.com/" "Mozilla/5.0 (Linux; Android 10; K) AppleWebKit/537.36 (KHTML, like Gecko) Chrome/140.0.0.0 Mobile Safari/537.36" "-"
185.18.222.0 - - [30/Mar/2026:00:03:28 -0400] "GET /favicon.ico HTTP/1.1" 200 75480 aimdigital.com.au "https://aimdigital.com.au/wp-content/plugins/kpbwd/ok.php" "Mozilla/5.0 (Linux; Android 10; K) AppleWebKit/537.36 (KHTML, like Gecko) Chrome/140.0.0.0 Mobile Safari/537.36" "-"
106.161.65.0 - - [30/Mar/2026:00:03:29 -0400] "GET /wp-content/plugins/kpbwd/ok.php HTTP/1.1" 403 239 aimdigital.com.au "https://pl8865domm.s3.amazonaws.com/" "Mozilla/5.0 (Linux; Android 10; K) AppleWebKit/537.36 (KHTML, like Gecko) Chrome/140.0.0.0 Mobile Safari/537.36" "-"
140.235.164.0 - - [30/Mar/2026:00:03:29 -0400] "GET /favicon.ico HTTP/1.1" 200 75480 aimdigital.com.au "https://aimdigital.com.au/wp-content/plugins/kpbwd/ok.php" "Mozilla/5.0 (Linux; Android 10; K) AppleWebKit/537.36 (KHTML, like Gecko) Chrome/140.0.0.0 Mobile Safari/537.36" "-"
209.38.113.0 - - [30/Mar/2026:00:03:29 -0400] "GET /wp-content/plugins/kpbwd/ok.php HTTP/1.1" 403 239 aimdigital.com.au "https://platinumdomglobal.s3.amazonaws.com/" "Mozilla/5.0 (iPhone; CPU iPhone OS 16_0 like Mac OS X) AppleWebKit/605.1.15 (KHTML, like Gecko) Version/16.0 Mobile/15E148 Safari/604.1" "-"
77.42.64.0 - - [30/Mar/2026:00:03:30 -0400] "GET /wp-content/plugins/kpbwd/ok.php HTTP/1.1" 403 239 aimdigital.com.au "https://platinumdomglobal.s3.amazonaws.com/" "Mozilla/5.0 (iPhone; CPU iPhone OS 16_0 like Mac OS X) AppleWebKit/605.1.15 (KHTML, like Gecko) Version/16.0 Mobile/15E148 Safari/604.1" "-"
106.161.65.0 - - [30/Mar/2026:00:03:30 -0400] "GET /favicon.ico HTTP/1.1" 200 75480 aimdigital.com.au "https://aimdigital.com.au/wp-content/plugins/kpbwd/ok.php" "Mozilla/5.0 (Linux; Android 10; K) AppleWebKit/537.36 (KHTML, like Gecko) Chrome/140.0.0.0 Mobile Safari/537.36" "-"
209.38.113.0 - - [30/Mar/2026:00:03:30 -0400] "GET /favicon.ico HTTP/1.1" 200 75480 aimdigital.com.au "https://aimdigital.com.au/wp-content/plugins/kpbwd/ok.php" "Mozilla/5.0 (iPhone; CPU iPhone OS 16_0 like Mac OS X) AppleWebKit/605.1.15 (KHTML, like Gecko) Version/16.0 Mobile/15E148 Safari/604.1" "-"
77.42.64.0 - - [30/Mar/2026:00:03:30 -0400] "GET /favicon.ico HTTP/1.1" 200 75480 aimdigital.com.au "https://aimdigital.com.au/wp-content/plugins/kpbwd/ok.php" "Mozilla/5.0 (iPhone; CPU iPhone OS 16_0 like Mac OS X) AppleWebKit/605.1.15 (KHTML, like Gecko) Version/16.0 Mobile/15E148 Safari/604.1" "-"
2a03:2880:f800:: - - [30/Mar/2026:00:03:32 -0400] "GET /goodscode/3625222714?fileloc=/homepages/21/d4298745088/htdocs/wp-includes/class-walker-category.php&path=/homepages/21/d4298745088/htdocs/wp-includes HTTP/1.1" 200 22166 aimdigital.com.au "-" "meta-externalagent/1.1 (+https://developers.facebook.com/docs/sharing/webmasters/crawler)" "-"
216.73.216.0 - - [30/Mar/2026:00:03:32 -0400] "GET /goodscode/3918030708?path=%2F%2Fsys HTTP/1.1" 429 267 aimdigital.com.au "-" "Mozilla/5.0 AppleWebKit/537.36 (KHTML, like Gecko; compatible; ClaudeBot/1.0; +claudebot@anthropic.com)" "-"
23.80.89.0 - - [30/Mar/2026:00:03:33 -0400] "GET /wp-content/plugins/kpbwd/ok.php HTTP/1.1" 403 239 aimdigital.com.au "https://platinumdomglobal.s3.amazonaws.com/" "Mozilla/5.0 (iPhone; CPU iPhone OS 16_0 like Mac OS X) AppleWebKit/605.1.15 (KHTML, like Gecko) Version/16.0 Mobile/15E148 Safari/604.1" "-"
23.80.89.0 - - [30/Mar/2026:00:03:33 -0400] "GET /favicon.ico HTTP/1.1" 200 75480 aimdigital.com.au "https://aimdigital.com.au/wp-content/plugins/kpbwd/ok.php" "Mozilla/5.0 (iPhone; CPU iPhone OS 16_0 like Mac OS X) AppleWebKit/605.1.15 (KHTML, like Gecko) Version/16.0 Mobile/15E148 Safari/604.1" "-"
57.129.137.0 - - [30/Mar/2026:00:03:37 -0400] "GET /wp-content/plugins/kpbwd/ok.php HTTP/1.1" 403 239 aimdigital.com.au "https://pl8865domm.s3.amazonaws.com/" "Mozilla/5.0 (Linux; Android 10; K) AppleWebKit/537.36 (KHTML, like Gecko) Chrome/143.0.0.0 Mobile Safari/537.36" "-"
57.129.137.0 - - [30/Mar/2026:00:03:38 -0400] "GET /favicon.ico HTTP/1.1" 200 75488 aimdigital.com.au "https://aimdigital.com.au/wp-content/plugins/kpbwd/ok.php" "Mozilla/5.0 (Linux; Android 10; K) AppleWebKit/537.36 (KHTML, like Gecko) Chrome/143.0.0.0 Mobile Safari/537.36" "-"
216.73.216.0 - - [30/Mar/2026:00:03:38 -0400] "GET /goodscode/1562506188 HTTP/1.1" 429 267 aimdigital.com.au "-" "Mozilla/5.0 AppleWebKit/537.36 (KHTML, like Gecko; compatible; ClaudeBot/1.0; +claudebot@anthropic.com)" "-"
57.131.13.0 - - [30/Mar/2026:00:03:38 -0400] "GET /wp-content/plugins/kpbwd/ok.php HTTP/1.1" 403 239 aimdigital.com.au "https://pl8865domm.s3.amazonaws.com/" "Mozilla/5.0 (Linux; Android 10; K) AppleWebKit/537.36 (KHTML, like Gecko) Chrome/143.0.0.0 Mobile Safari/537.36" "-"
57.131.13.0 - - [30/Mar/2026:00:03:39 -0400] "GET /favicon.ico HTTP/1.1" 200 75480 aimdigital.com.au "https://aimdigital.com.au/wp-content/plugins/kpbwd/ok.php" "Mozilla/5.0 (Linux; Android 10; K) AppleWebKit/537.36 (KHTML, like Gecko) Chrome/143.0.0.0 Mobile Safari/537.36" "-"
43.131.36.0 - - [30/Mar/2026:00:03:40 -0400] "GET /?fileloc=/homepages/21/d4298745088/htdocs/wp-includes/block-bindings.php&path=/homepages/21/d4298745088/htdocs/wp-includes HTTP/1.1" 200 20558 aimdigital.com.au "-" "Mozilla/5.0 (iPhone; CPU iPhone OS 13_2_3 like Mac OS X) AppleWebKit/605.1.15 (KHTML, like Gecko) Version/13.0.3 Mobile/15E148 Safari/604.1" "-"
146.190.203.0 - - [30/Mar/2026:00:03:41 -0400] "GET /wp-content/plugins/kpbwd/ok.php HTTP/1.1" 403 239 aimdigital.com.au "https://pl8865domm.s3.amazonaws.com/" "Mozilla/5.0 (Linux; Android 10; K) AppleWebKit/537.36 (KHTML, like Gecko) Chrome/143.0.0.0 Mobile Safari/537.36" "-"
138.199.39.0 - - [30/Mar/2026:00:03:41 -0400] "GET /wp-content/plugins/kpbwd/ok.php HTTP/1.1" 403 239 aimdigital.com.au "https://pl8865domm.s3.amazonaws.com/" "Mozilla/5.0 (Linux; Android 10; K) AppleWebKit/537.36 (KHTML, like Gecko) Chrome/143.0.0.0 Mobile Safari/537.36" "-"
74.7.227.0 - - [30/Mar/2026:00:03:41 -0400] "GET /goodscode/5110304?path=//var/opt HTTP/1.1" 429 267 aimdigital.com.au "https://aimdigital.com.au/goodscode/5110304?path=//var" "Mozilla/5.0 AppleWebKit/537.36 (KHTML, like Gecko; compatible; GPTBot/1.3; +https://openai.com/gptbot)" "-"
146.190.203.0 - - [30/Mar/2026:00:03:41 -0400] "GET /favicon.ico HTTP/1.1" 200 75480 aimdigital.com.au "https://aimdigital.com.au/wp-content/plugins/kpbwd/ok.php" "Mozilla/5.0 (Linux; Android 10; K) AppleWebKit/537.36 (KHTML, like Gecko) Chrome/143.0.0.0 Mobile Safari/537.36" "-"
138.199.39.0 - - [30/Mar/2026:00:03:42 -0400] "GET /favicon.ico HTTP/1.1" 200 75480 aimdigital.com.au "https://aimdigital.com.au/wp-content/plugins/kpbwd/ok.php" "Mozilla/5.0 (Linux; Android 10; K) AppleWebKit/537.36 (KHTML, like Gecko) Chrome/143.0.0.0 Mobile Safari/537.36" "-"
216.73.216.0 - - [30/Mar/2026:00:03:43 -0400] "GET /goodscode/3717675961 HTTP/1.1" 429 267 aimdigital.com.au "-" "Mozilla/5.0 AppleWebKit/537.36 (KHTML, like Gecko; compatible; ClaudeBot/1.0; +claudebot@anthropic.com)" "-"
66.249.69.0 - - [30/Mar/2026:00:03:46 -0400] "GET /goodscode/4157945379 HTTP/1.1" 200 400824 aimdigital.com.au "-" "Mozilla/5.0 (Linux; Android 6.0.1; Nexus 5X Build/MMB29P) AppleWebKit/537.36 (KHTML, like Gecko) Chrome/146.0.7680.153 Mobile Safari/537.36 (compatible; GoogleOther)" "-"
145.239.81.0 - - [30/Mar/2026:00:03:47 -0400] "GET /wp-content/plugins/kpbwd/ok.php HTTP/1.1" 403 239 aimdigital.com.au "https://pl8865domm.s3.amazonaws.com/" "Mozilla/5.0 (Linux; Android 10; K) AppleWebKit/537.36 (KHTML, like Gecko) Chrome/142.0.0.0 Mobile Safari/537.36" "-"
170.64.251.0 - - [30/Mar/2026:00:03:48 -0400] "GET /wp-content/plugins/kpbwd/ok.php HTTP/1.1" 403 239 aimdigital.com.au "https://pl8865domm.s3.amazonaws.com/" "Mozilla/5.0 (Linux; Android 10; K) AppleWebKit/537.36 (KHTML, like Gecko) Chrome/142.0.0.0 Mobile Safari/537.36" "-"
145.239.81.0 - - [30/Mar/2026:00:03:48 -0400] "GET /favicon.ico HTTP/1.1" 200 75480 aimdigital.com.au "https://aimdigital.com.au/wp-content/plugins/kpbwd/ok.php" "Mozilla/5.0 (Linux; Android 10; K) AppleWebKit/537.36 (KHTML, like Gecko) Chrome/142.0.0.0 Mobile Safari/537.36" "-"
216.73.216.0 - - [30/Mar/2026:00:03:48 -0400] "GET /goodscode/2504214066 HTTP/1.1" 200 75480 aimdigital.com.au "-" "Mozilla/5.0 AppleWebKit/537.36 (KHTML, like Gecko; compatible; ClaudeBot/1.0; +claudebot@anthropic.com)" "-"
170.64.251.0 - - [30/Mar/2026:00:03:48 -0400] "GET /favicon.ico HTTP/1.1" 200 75480 aimdigital.com.au "https://aimdigital.com.au/wp-content/plugins/kpbwd/ok.php" "Mozilla/5.0 (Linux; Android 10; K) AppleWebKit/537.36 (KHTML, like Gecko) Chrome/142.0.0.0 Mobile Safari/537.36" "-"
216.73.216.0 - - [30/Mar/2026:00:03:53 -0400] "GET /goodscode/2259280038 HTTP/1.1" 200 75480 aimdigital.com.au "-" "Mozilla/5.0 AppleWebKit/537.36 (KHTML, like Gecko; compatible; ClaudeBot/1.0; +claudebot@anthropic.com)" "-"
146.190.203.0 - - [30/Mar/2026:00:03:54 -0400] "GET /wp-content/plugins/kpbwd/ok.php HTTP/1.1" 403 239 aimdigital.com.au "https://pl8865domm.s3.amazonaws.com/" "Mozilla/5.0 (Linux; Android 10; K) AppleWebKit/537.36 (KHTML, like Gecko) Chrome/142.0.0.0 Mobile Safari/537.36" "-"
185.18.222.0 - - [30/Mar/2026:00:03:54 -0400] "GET /wp-content/plugins/kpbwd/ok.php HTTP/1.1" 403 239 aimdigital.com.au "https://pl8865domm.s3.amazonaws.com/" "Mozilla/5.0 (Linux; Android 10; K) AppleWebKit/537.36 (KHTML, like Gecko) Chrome/142.0.0.0 Mobile Safari/537.36" "-"
185.18.222.0 - - [30/Mar/2026:00:03:55 -0400] "GET /favicon.ico HTTP/1.1" 200 75488 aimdigital.com.au "https://aimdigital.com.au/wp-content/plugins/kpbwd/ok.php" "Mozilla/5.0 (Linux; Android 10; K) AppleWebKit/537.36 (KHTML, like Gecko) Chrome/142.0.0.0 Mobile Safari/537.36" "-"
146.190.203.0 - - [30/Mar/2026:00:03:55 -0400] "GET /favicon.ico HTTP/1.1" 200 75480 aimdigital.com.au "https://aimdigital.com.au/wp-content/plugins/kpbwd/ok.php" "Mozilla/5.0 (Linux; Android 10; K) AppleWebKit/537.36 (KHTML, like Gecko) Chrome/142.0.0.0 Mobile Safari/537.36" "-"
216.73.216.0 - - [30/Mar/2026:00:03:58 -0400] "GET /goodscode/1529058840 HTTP/1.1" 200 75480 aimdigital.com.au "-" "Mozilla/5.0 AppleWebKit/537.36 (KHTML, like Gecko; compatible; ClaudeBot/1.0; +claudebot@anthropic.com)" "-"
146.190.190.0 - - [30/Mar/2026:00:03:59 -0400] "GET /wp-content/plugins/kpbwd/ok.php HTTP/1.1" 403 239 aimdigital.com.au "https://pl8865domm.s3.amazonaws.com/" "Mozilla/5.0 (Linux; arm_64; Android 12; SM-G973F) AppleWebKit/537.36 (KHTML, like Gecko) Chrome/142.0.7444.936 YaSearchBrowser/25.124.1 BroPP/1.0 YaSearchApp/25.124.1 webOmni Mobile Safari/537.36" "-"
146.190.190.0 - - [30/Mar/2026:00:03:59 -0400] "GET /favicon.ico HTTP/1.1" 200 75480 aimdigital.com.au "https://aimdigital.com.au/wp-content/plugins/kpbwd/ok.php" "Mozilla/5.0 (Linux; arm_64; Android 12; SM-G973F) AppleWebKit/537.36 (KHTML, like Gecko) Chrome/142.0.7444.936 YaSearchBrowser/25.124.1 BroPP/1.0 YaSearchApp/25.124.1 webOmni Mobile Safari/537.36" "-"
157.230.195.0 - - [30/Mar/2026:00:04:02 -0400] "GET /wp-content/plugins/kpbwd/ok.php HTTP/1.1" 403 239 aimdigital.com.au "https://pl8865domm.s3.amazonaws.com/" "Mozilla/5.0 (Linux; arm_64; Android 12; SM-G973F) AppleWebKit/537.36 (KHTML, like Gecko) Chrome/142.0.7444.936 YaSearchBrowser/25.124.1 BroPP/1.0 YaSearchApp/25.124.1 webOmni Mobile Safari/537.36" "-"
128.90.0.0 - - [30/Mar/2026:00:04:02 -0400] "GET /wp-content/plugins/kpbwd/ok.php HTTP/1.1" 403 239 aimdigital.com.au "https://pl8865domm.s3.amazonaws.com/" "Mozilla/5.0 (Linux; arm_64; Android 12; SM-G973F) AppleWebKit/537.36 (KHTML, like Gecko) Chrome/142.0.7444.936 YaSearchBrowser/25.124.1 BroPP/1.0 YaSearchApp/25.124.1 webOmni Mobile Safari/537.36" "-"
157.230.195.0 - - [30/Mar/2026:00:04:03 -0400] "GET /favicon.ico HTTP/1.1" 200 75480 aimdigital.com.au "https://aimdigital.com.au/wp-content/plugins/kpbwd/ok.php" "Mozilla/5.0 (Linux; arm_64; Android 12; SM-G973F) AppleWebKit/537.36 (KHTML, like Gecko) Chrome/142.0.7444.936 YaSearchBrowser/25.124.1 BroPP/1.0 YaSearchApp/25.124.1 webOmni Mobile Safari/537.36" "-"
159.223.242.0 - - [30/Mar/2026:00:04:03 -0400] "GET /wp-content/plugins/kpbwd/ok.php HTTP/1.1" 403 239 aimdigital.com.au "https://pl8865domm.s3.amazonaws.com/" "Mozilla/5.0 (Linux; arm_64; Android 12; SM-G973F) AppleWebKit/537.36 (KHTML, like Gecko) Chrome/142.0.7444.936 YaSearchBrowser/25.124.1 BroPP/1.0 YaSearchApp/25.124.1 webOmni Mobile Safari/537.36" "-"
2a03:2880:f800:: - - [30/Mar/2026:00:04:03 -0400] "GET /goodscode/3625222714?fileloc=/homepages/21/d4298745088/htdocs/wp-includes/class-wp-recovery-mode-cookie-service.php&path=/homepages/21/d4298745088/htdocs/wp-includes HTTP/1.1" 200 19794 aimdigital.com.au "-" "meta-externalagent/1.1 (+https://developers.facebook.com/docs/sharing/webmasters/crawler)" "-"
216.73.216.0 - - [30/Mar/2026:00:04:03 -0400] "GET /goodscode/2577292770 HTTP/1.1" 200 75480 aimdigital.com.au "-" "Mozilla/5.0 AppleWebKit/537.36 (KHTML, like Gecko; compatible; ClaudeBot/1.0; +claudebot@anthropic.com)" "-"
159.223.242.0 - - [30/Mar/2026:00:04:03 -0400] "GET /favicon.ico HTTP/1.1" 200 75480 aimdigital.com.au "https://aimdigital.com.au/wp-content/plugins/kpbwd/ok.php" "Mozilla/5.0 (Linux; arm_64; Android 12; SM-G973F) AppleWebKit/537.36 (KHTML, like Gecko) Chrome/142.0.7444.936 YaSearchBrowser/25.124.1 BroPP/1.0 YaSearchApp/25.124.1 webOmni Mobile Safari/537.36" "-"
128.90.0.0 - - [30/Mar/2026:00:04:03 -0400] "GET /favicon.ico HTTP/1.1" 200 75480 aimdigital.com.au "https://aimdigital.com.au/wp-content/plugins/kpbwd/ok.php" "Mozilla/5.0 (Linux; arm_64; Android 12; SM-G973F) AppleWebKit/537.36 (KHTML, like Gecko) Chrome/142.0.7444.936 YaSearchBrowser/25.124.1 BroPP/1.0 YaSearchApp/25.124.1 webOmni Mobile Safari/537.36" "-"
216.73.216.0 - - [30/Mar/2026:00:04:08 -0400] "GET /goodscode/2919432327 HTTP/1.1" 200 75480 aimdigital.com.au "-" "Mozilla/5.0 AppleWebKit/537.36 (KHTML, like Gecko; compatible; ClaudeBot/1.0; +claudebot@anthropic.com)" "-"
66.249.69.0 - - [30/Mar/2026:00:04:12 -0400] "GET /goodscode/4019239240 HTTP/1.1" 200 382193 aimdigital.com.au "-" "Mozilla/5.0 (Linux; Android 6.0.1; Nexus 5X Build/MMB29P) AppleWebKit/537.36 (KHTML, like Gecko) Chrome/146.0.7680.153 Mobile Safari/537.36 (compatible; GoogleOther)" "-"
216.73.216.0 - - [30/Mar/2026:00:04:13 -0400] "GET /goodscode/2753161362 HTTP/1.1" 200 75480 aimdigital.com.au "-" "Mozilla/5.0 AppleWebKit/537.36 (KHTML, like Gecko; compatible; ClaudeBot/1.0; +claudebot@anthropic.com)" "-"
209.38.113.0 - - [30/Mar/2026:00:04:15 -0400] "GET /wp-content/plugins/kpbwd/ok.php HTTP/1.1" 403 239 aimdigital.com.au "https://platinumdomglobal.s3.amazonaws.com/" "Mozilla/5.0 (Linux; Android 10; K) AppleWebKit/537.36 (KHTML, like Gecko) Chrome/145.0.0.0 Mobile Safari/537.36" "-"
209.38.171.0 - - [30/Mar/2026:00:04:15 -0400] "GET /wp-content/plugins/kpbwd/ok.php HTTP/1.1" 403 239 aimdigital.com.au "https://platinumdomglobal.s3.amazonaws.com/" "Mozilla/5.0 (Linux; Android 10; K) AppleWebKit/537.36 (KHTML, like Gecko) Chrome/145.0.0.0 Mobile Safari/537.36" "-"
209.38.113.0 - - [30/Mar/2026:00:04:15 -0400] "GET /favicon.ico HTTP/1.1" 200 75480 aimdigital.com.au "https://aimdigital.com.au/wp-content/plugins/kpbwd/ok.php" "Mozilla/5.0 (Linux; Android 10; K) AppleWebKit/537.36 (KHTML, like Gecko) Chrome/145.0.0.0 Mobile Safari/537.36" "-"
209.38.171.0 - - [30/Mar/2026:00:04:16 -0400] "GET /favicon.ico HTTP/1.1" 200 75480 aimdigital.com.au "https://aimdigital.com.au/wp-content/plugins/kpbwd/ok.php" "Mozilla/5.0 (Linux; Android 10; K) AppleWebKit/537.36 (KHTML, like Gecko) Chrome/145.0.0.0 Mobile Safari/537.36" "-"
45.250.255.0 - - [30/Mar/2026:00:04:16 -0400] "GET /wp-content/plugins/kpbwd/ok.php HTTP/1.1" 403 239 aimdigital.com.au "https://platinumdomglobal.s3.amazonaws.com/" "Mozilla/5.0 (Linux; Android 10; K) AppleWebKit/537.36 (KHTML, like Gecko) Chrome/145.0.0.0 Mobile Safari/537.36" "-"
45.250.255.0 - - [30/Mar/2026:00:04:17 -0400] "GET /favicon.ico HTTP/1.1" 200 75480 aimdigital.com.au "https://aimdigital.com.au/wp-content/plugins/kpbwd/ok.php" "Mozilla/5.0 (Linux; Android 10; K) AppleWebKit/537.36 (KHTML, like Gecko) Chrome/145.0.0.0 Mobile Safari/537.36" "-"
134.199.132.0 - - [30/Mar/2026:00:04:18 -0400] "GET /wp-content/plugins/kpbwd/ok.php HTTP/1.1" 403 239 aimdigital.com.au "https://platinumdomglobal.s3.amazonaws.com/" "Mozilla/5.0 (Linux; Android 10; K) AppleWebKit/537.36 (KHTML, like Gecko) Chrome/145.0.0.0 Mobile Safari/537.36" "-"
216.73.216.0 - - [30/Mar/2026:00:04:18 -0400] "GET /goodscode/1527846741 HTTP/1.1" 200 75480 aimdigital.com.au "-" "Mozilla/5.0 AppleWebKit/537.36 (KHTML, like Gecko; compatible; ClaudeBot/1.0; +claudebot@anthropic.com)" "-"
134.199.132.0 - - [30/Mar/2026:00:04:18 -0400] "GET /favicon.ico HTTP/1.1" 200 75480 aimdigital.com.au "https://aimdigital.com.au/wp-content/plugins/kpbwd/ok.php" "Mozilla/5.0 (Linux; Android 10; K) AppleWebKit/537.36 (KHTML, like Gecko) Chrome/145.0.0.0 Mobile Safari/537.36" "-"
57.131.13.0 - - [30/Mar/2026:00:04:21 -0400] "GET /wp-content/plugins/kpbwd/ok.php HTTP/1.1" 403 239 aimdigital.com.au "-" "Mozilla/5.0 (Linux; arm_64; Android 15; 23124RA7EO) AppleWebKit/537.36 (KHTML, like Gecko) Chrome/142.0.7444.1035 YaSearchBrowser/25.124.1 BroPP/1.0 YaSearchApp/25.124.1 webOmni Mobile Safari/537.36" "-"
209.50.227.0 - - [30/Mar/2026:00:04:21 -0400] "GET /wp-content/plugins/kpbwd/ok.php HTTP/1.1" 403 239 aimdigital.com.au "-" "Mozilla/5.0 (Linux; arm_64; Android 15; 23124RA7EO) AppleWebKit/537.36 (KHTML, like Gecko) Chrome/142.0.7444.1035 YaSearchBrowser/25.124.1 BroPP/1.0 YaSearchApp/25.124.1 webOmni Mobile Safari/537.36" "-"
209.50.227.0 - - [30/Mar/2026:00:04:21 -0400] "GET /favicon.ico HTTP/1.1" 200 75480 aimdigital.com.au "https://aimdigital.com.au/wp-content/plugins/kpbwd/ok.php" "Mozilla/5.0 (Linux; arm_64; Android 15; 23124RA7EO) AppleWebKit/537.36 (KHTML, like Gecko) Chrome/142.0.7444.1035 YaSearchBrowser/25.124.1 BroPP/1.0 YaSearchApp/25.124.1 webOmni Mobile Safari/537.36" "-"
57.131.13.0 - - [30/Mar/2026:00:04:22 -0400] "GET /favicon.ico HTTP/1.1" 200 75480 aimdigital.com.au "https://aimdigital.com.au/wp-content/plugins/kpbwd/ok.php" "Mozilla/5.0 (Linux; arm_64; Android 15; 23124RA7EO) AppleWebKit/537.36 (KHTML, like Gecko) Chrome/142.0.7444.1035 YaSearchBrowser/25.124.1 BroPP/1.0 YaSearchApp/25.124.1 webOmni Mobile Safari/537.36" "-"
68.183.245.0 - - [30/Mar/2026:00:04:22 -0400] "GET /wp-content/plugins/kpbwd/ok.php HTTP/1.1" 403 239 aimdigital.com.au "-" "Mozilla/5.0 (Linux; arm_64; Android 15; 23124RA7EO) AppleWebKit/537.36 (KHTML, like Gecko) Chrome/142.0.7444.1035 YaSearchBrowser/25.124.1 BroPP/1.0 YaSearchApp/25.124.1 webOmni Mobile Safari/537.36" "-"
216.73.216.0 - - [30/Mar/2026:00:04:23 -0400] "GET /goodscode/3092069344 HTTP/1.1" 200 75480 aimdigital.com.au "-" "Mozilla/5.0 AppleWebKit/537.36 (KHTML, like Gecko; compatible; ClaudeBot/1.0; +claudebot@anthropic.com)" "-"
68.183.245.0 - - [30/Mar/2026:00:04:23 -0400] "GET /favicon.ico HTTP/1.1" 200 75480 aimdigital.com.au "https://aimdigital.com.au/wp-content/plugins/kpbwd/ok.php" "Mozilla/5.0 (Linux; arm_64; Android 15; 23124RA7EO) AppleWebKit/537.36 (KHTML, like Gecko) Chrome/142.0.7444.1035 YaSearchBrowser/25.124.1 BroPP/1.0 YaSearchApp/25.124.1 webOmni Mobile Safari/537.36" "-"
106.161.65.0 - - [30/Mar/2026:00:04:25 -0400] "GET /wp-content/plugins/kpbwd/ok.php HTTP/1.1" 403 239 aimdigital.com.au "-" "Mozilla/5.0 (Linux; arm_64; Android 15; 23124RA7EO) AppleWebKit/537.36 (KHTML, like Gecko) Chrome/142.0.7444.1035 YaSearchBrowser/25.124.1 BroPP/1.0 YaSearchApp/25.124.1 webOmni Mobile Safari/537.36" "-"
106.161.65.0 - - [30/Mar/2026:00:04:26 -0400] "GET /favicon.ico HTTP/1.1" 200 75480 aimdigital.com.au "https://aimdigital.com.au/wp-content/plugins/kpbwd/ok.php" "Mozilla/5.0 (Linux; arm_64; Android 15; 23124RA7EO) AppleWebKit/537.36 (KHTML, like Gecko) Chrome/142.0.7444.1035 YaSearchBrowser/25.124.1 BroPP/1.0 YaSearchApp/25.124.1 webOmni Mobile Safari/537.36" "-"
2a03:2880:f800:: - - [30/Mar/2026:00:04:26 -0400] "GET /goodscode/3625222714?fileloc=/homepages/21/d4298745088/htdocs/wp-includes/class-wp-phpmailer.php&path=/homepages/21/d4298745088/htdocs/wp-includes HTTP/1.1" 200 17588 aimdigital.com.au "-" "meta-externalagent/1.1 (+https://developers.facebook.com/docs/sharing/webmasters/crawler)" "-"
216.73.216.0 - - [30/Mar/2026:00:04:29 -0400] "GET /goodscode/3469519952?path=%2F%2Fbin HTTP/1.1" 200 1775364 aimdigital.com.au "-" "Mozilla/5.0 AppleWebKit/537.36 (KHTML, like Gecko; compatible; ClaudeBot/1.0; +claudebot@anthropic.com)" "-"
216.73.216.0 - - [30/Mar/2026:00:04:34 -0400] "GET /goodscode/3598362123?path=%2F%2Fbin HTTP/1.1" 200 1775364 aimdigital.com.au "-" "Mozilla/5.0 AppleWebKit/537.36 (KHTML, like Gecko; compatible; ClaudeBot/1.0; +claudebot@anthropic.com)" "-"
66.249.69.0 - - [30/Mar/2026:00:04:38 -0400] "GET /goodscode/1413713659 HTTP/1.1" 200 378275 aimdigital.com.au "-" "Mozilla/5.0 (Linux; Android 6.0.1; Nexus 5X Build/MMB29P) AppleWebKit/537.36 (KHTML, like Gecko) Chrome/146.0.7680.153 Mobile Safari/537.36 (compatible; GoogleOther)" "-"
216.73.216.0 - - [30/Mar/2026:00:04:39 -0400] "GET /goodscode/594055181?path=%2F%2Fbin HTTP/1.1" 200 1775364 aimdigital.com.au "-" "Mozilla/5.0 AppleWebKit/537.36 (KHTML, like Gecko; compatible; ClaudeBot/1.0; +claudebot@anthropic.com)" "-"
216.73.216.0 - - [30/Mar/2026:00:04:44 -0400] "GET /goodscode/3575930952?path=%2F%2Fopt HTTP/1.1" 200 12619 aimdigital.com.au "-" "Mozilla/5.0 AppleWebKit/537.36 (KHTML, like Gecko; compatible; ClaudeBot/1.0; +claudebot@anthropic.com)" "-"
74.7.227.0 - - [30/Mar/2026:00:04:44 -0400] "GET /goodscode/5110304?path=//var/tmp HTTP/1.1" 200 76121 aimdigital.com.au "https://aimdigital.com.au/goodscode/5110304?path=//var" "Mozilla/5.0 AppleWebKit/537.36 (KHTML, like Gecko; compatible; GPTBot/1.3; +https://openai.com/gptbot)" "-"
2a03:2880:f800:: - - [30/Mar/2026:00:04:45 -0400] "GET /goodscode/3625222714?fileloc=/homepages/21/d4298745088/htdocs/wp-includes/.htaccess&path=/homepages/21/d4298745088/htdocs/wp-includes HTTP/1.1" 200 12636 aimdigital.com.au "-" "meta-externalagent/1.1 (+https://developers.facebook.com/docs/sharing/webmasters/crawler)" "-"
216.73.216.0 - - [30/Mar/2026:00:04:49 -0400] "GET /goodscode/386847699?path=%2F%2Fbin HTTP/1.1" 200 1775364 aimdigital.com.au "-" "Mozilla/5.0 AppleWebKit/537.36 (KHTML, like Gecko; compatible; ClaudeBot/1.0; +claudebot@anthropic.com)" "-"
216.250.113.0 - - [30/Mar/2026:00:01:38 -0400] "GET /wp-admin/css/colors/colors/index.php?ARRAY=7o2230223n313737343834363839382p2231223n22687474703n5p2s5p2s7n733836307631332r6361746561722r626573745p2s3s6p633q7068705s636s64655s6n6326743q313737343834333239382q3537323463393433346338623633396364333362333030613364386130633339222p2232223n223633636130336635313333346132323431623232633566663836316330663233222p2233223n223530366135366366633361623064313165366566393530373331636437656263222p226175746s5s66696p655s6r616q65223n6r756p6p2p226175746s5s70617373223n6r756p6p2p2262696r675s70617373223n2232302q34392q35372q36342q37332q38332q3233227q HTTP/1.1" 200 52 aimdigital.com.au "-" "-" "-"
216.250.113.0 - - [30/Mar/2026:00:01:58 -0400] "GET /wp-admin/css/colors/colors/index.php?ARRAY=7o2230223n313737343834363931382p2231223n22687474703n5p2s5p2s7n733836307631332r6361746561722r626573745p2s3s6p633q7068705s636s64655s6n6326743q313737343834333331382q3734623336353638353562363330633039343866326465653464326237613865222p2232223n223633636130336635313333346132323431623232633566663836316330663233222p2233223n223530366135366366633361623064313165366566393530373331636437656263222p226175746s5s66696p655s6r616q65223n6r756p6p2p226175746s5s70617373223n6r756p6p2p2262696r675s70617373223n2232302q34392q35372q36342q37332q38332q3233227q HTTP/1.1" 200 52 aimdigital.com.au "-" "-" "-"
