209.38.113.0 - - [30/Mar/2026:01:20:46 -0400] "GET /wp-content/plugins/kpbwd/ok.php HTTP/1.1" 403 239 aimdigital.com.au "https://pl8865domm.s3.amazonaws.com/" "Mozilla/5.0 (Linux; Android 10; K) AppleWebKit/537.36 (KHTML, like Gecko) Chrome/142.0.0.0 Mobile Safari/537.36" "-"
209.38.113.0 - - [30/Mar/2026:01:20:47 -0400] "GET /favicon.ico HTTP/1.1" 200 75488 aimdigital.com.au "https://aimdigital.com.au/wp-content/plugins/kpbwd/ok.php" "Mozilla/5.0 (Linux; Android 10; K) AppleWebKit/537.36 (KHTML, like Gecko) Chrome/142.0.0.0 Mobile Safari/537.36" "-"
185.18.222.0 - - [30/Mar/2026:01:20:47 -0400] "GET /wp-content/plugins/kpbwd/ok.php HTTP/1.1" 403 239 aimdigital.com.au "https://pl8865domm.s3.amazonaws.com/" "Mozilla/5.0 (Linux; Android 10; K) AppleWebKit/537.36 (KHTML, like Gecko) Chrome/142.0.0.0 Mobile Safari/537.36" "-"
185.18.222.0 - - [30/Mar/2026:01:20:48 -0400] "GET /favicon.ico HTTP/1.1" 200 75488 aimdigital.com.au "https://aimdigital.com.au/wp-content/plugins/kpbwd/ok.php" "Mozilla/5.0 (Linux; Android 10; K) AppleWebKit/537.36 (KHTML, like Gecko) Chrome/142.0.0.0 Mobile Safari/537.36" "-"
209.50.228.0 - - [30/Mar/2026:01:20:48 -0400] "GET /wp-content/plugins/kpbwd/ok.php HTTP/1.1" 403 239 aimdigital.com.au "https://pl8865domm.s3.amazonaws.com/" "Mozilla/5.0 (Linux; Android 10; K) AppleWebKit/537.36 (KHTML, like Gecko) Chrome/142.0.0.0 Mobile Safari/537.36" "-"
209.50.228.0 - - [30/Mar/2026:01:20:48 -0400] "GET /favicon.ico HTTP/1.1" 200 75488 aimdigital.com.au "https://aimdigital.com.au/wp-content/plugins/kpbwd/ok.php" "Mozilla/5.0 (Linux; Android 10; K) AppleWebKit/537.36 (KHTML, like Gecko) Chrome/142.0.0.0 Mobile Safari/537.36" "-"
216.73.216.0 - - [30/Mar/2026:01:20:49 -0400] "GET /goodscode/1309597852?fileloc=%2Fhomepages%2F21%2Fd4298745088%2Fhtdocs%2Fwp-activate.php&path=%2Fhomepages%2F21%2Fd4298745088%2Fhtdocs HTTP/1.1" 200 21387 aimdigital.com.au "-" "Mozilla/5.0 AppleWebKit/537.36 (KHTML, like Gecko; compatible; ClaudeBot/1.0; +claudebot@anthropic.com)" "-"
216.73.216.0 - - [30/Mar/2026:01:20:54 -0400] "GET /goodscode/47343469?fileloc=%2Fhomepages%2F21%2Fd4298745088%2Fhtdocs%2Fwp-config.php&path=%2Fhomepages%2F21%2Fd4298745088%2Fhtdocs HTTP/1.1" 503 339 aimdigital.com.au "-" "Mozilla/5.0 AppleWebKit/537.36 (KHTML, like Gecko; compatible; ClaudeBot/1.0; +claudebot@anthropic.com)" "-"
159.223.242.0 - - [30/Mar/2026:01:20:54 -0400] "GET /wp-content/plugins/kpbwd/ok.php HTTP/1.1" 403 239 aimdigital.com.au "https://pl8865domm.s3.amazonaws.com/" "Mozilla/5.0 (Linux; arm_64; Android 12; SM-G973F) AppleWebKit/537.36 (KHTML, like Gecko) Chrome/142.0.7444.936 YaSearchBrowser/25.124.1 BroPP/1.0 YaSearchApp/25.124.1 webOmni Mobile Safari/537.36" "-"
159.223.242.0 - - [30/Mar/2026:01:20:54 -0400] "GET /favicon.ico HTTP/1.1" 200 75488 aimdigital.com.au "https://aimdigital.com.au/wp-content/plugins/kpbwd/ok.php" "Mozilla/5.0 (Linux; arm_64; Android 12; SM-G973F) AppleWebKit/537.36 (KHTML, like Gecko) Chrome/142.0.7444.936 YaSearchBrowser/25.124.1 BroPP/1.0 YaSearchApp/25.124.1 webOmni Mobile Safari/537.36" "-"
23.82.99.0 - - [30/Mar/2026:01:20:55 -0400] "GET /wp-content/plugins/kpbwd/ok.php HTTP/1.1" 403 239 aimdigital.com.au "https://pl8865domm.s3.amazonaws.com/" "Mozilla/5.0 (Linux; Android 10; K) AppleWebKit/537.36 (KHTML, like Gecko) Chrome/142.0.0.0 Mobile Safari/537.36" "-"
23.82.99.0 - - [30/Mar/2026:01:20:55 -0400] "GET /favicon.ico HTTP/1.1" 200 75488 aimdigital.com.au "https://aimdigital.com.au/wp-content/plugins/kpbwd/ok.php" "Mozilla/5.0 (Linux; Android 10; K) AppleWebKit/537.36 (KHTML, like Gecko) Chrome/142.0.0.0 Mobile Safari/537.36" "-"
2a03:2880:f800:: - - [30/Mar/2026:01:20:55 -0400] "GET /goodscode/4051435632?fileloc=/homepages/21/d4298745088/htdocs/wp-includes/class-wp-fatal-error-handler.php&path=/homepages/21/d4298745088/htdocs/wp-includes HTTP/1.1" 200 21169 aimdigital.com.au "-" "meta-externalagent/1.1 (+https://developers.facebook.com/docs/sharing/webmasters/crawler)" "-"
146.190.190.0 - - [30/Mar/2026:01:20:56 -0400] "GET /wp-content/plugins/kpbwd/ok.php HTTP/1.1" 403 239 aimdigital.com.au "https://pl8865domm.s3.amazonaws.com/" "Mozilla/5.0 (Linux; arm_64; Android 12; SM-G973F) AppleWebKit/537.36 (KHTML, like Gecko) Chrome/142.0.7444.936 YaSearchBrowser/25.124.1 BroPP/1.0 YaSearchApp/25.124.1 webOmni Mobile Safari/537.36" "-"
146.190.190.0 - - [30/Mar/2026:01:20:56 -0400] "GET /favicon.ico HTTP/1.1" 200 75488 aimdigital.com.au "https://aimdigital.com.au/wp-content/plugins/kpbwd/ok.php" "Mozilla/5.0 (Linux; arm_64; Android 12; SM-G973F) AppleWebKit/537.36 (KHTML, like Gecko) Chrome/142.0.7444.936 YaSearchBrowser/25.124.1 BroPP/1.0 YaSearchApp/25.124.1 webOmni Mobile Safari/537.36" "-"
128.90.0.0 - - [30/Mar/2026:01:20:56 -0400] "GET /wp-content/plugins/kpbwd/ok.php HTTP/1.1" 403 239 aimdigital.com.au "https://pl8865domm.s3.amazonaws.com/" "Mozilla/5.0 (Linux; arm_64; Android 12; SM-G973F) AppleWebKit/537.36 (KHTML, like Gecko) Chrome/142.0.7444.936 YaSearchBrowser/25.124.1 BroPP/1.0 YaSearchApp/25.124.1 webOmni Mobile Safari/537.36" "-"
128.90.0.0 - - [30/Mar/2026:01:20:57 -0400] "GET /favicon.ico HTTP/1.1" 200 75488 aimdigital.com.au "https://aimdigital.com.au/wp-content/plugins/kpbwd/ok.php" "Mozilla/5.0 (Linux; arm_64; Android 12; SM-G973F) AppleWebKit/537.36 (KHTML, like Gecko) Chrome/142.0.7444.936 YaSearchBrowser/25.124.1 BroPP/1.0 YaSearchApp/25.124.1 webOmni Mobile Safari/537.36" "-"
157.230.195.0 - - [30/Mar/2026:01:20:59 -0400] "GET /wp-content/plugins/kpbwd/ok.php HTTP/1.1" 403 239 aimdigital.com.au "https://pl8865domm.s3.amazonaws.com/" "Mozilla/5.0 (Linux; arm_64; Android 12; SM-G973F) AppleWebKit/537.36 (KHTML, like Gecko) Chrome/142.0.7444.936 YaSearchBrowser/25.124.1 BroPP/1.0 YaSearchApp/25.124.1 webOmni Mobile Safari/537.36" "-"
216.73.216.0 - - [30/Mar/2026:01:20:59 -0400] "GET /goodscode/1406550116?fileloc=%2Fhomepages%2F21%2Fd4298745088%2Fhtdocs%2Fplcfv.php&path=%2Fhomepages%2F21%2Fd4298745088%2Fhtdocs HTTP/1.1" 200 84958 aimdigital.com.au "-" "Mozilla/5.0 AppleWebKit/537.36 (KHTML, like Gecko; compatible; ClaudeBot/1.0; +claudebot@anthropic.com)" "-"
157.230.195.0 - - [30/Mar/2026:01:21:00 -0400] "GET /favicon.ico HTTP/1.1" 200 75488 aimdigital.com.au "https://aimdigital.com.au/wp-content/plugins/kpbwd/ok.php" "Mozilla/5.0 (Linux; arm_64; Android 12; SM-G973F) AppleWebKit/537.36 (KHTML, like Gecko) Chrome/142.0.7444.936 YaSearchBrowser/25.124.1 BroPP/1.0 YaSearchApp/25.124.1 webOmni Mobile Safari/537.36" "-"
216.73.216.0 - - [30/Mar/2026:01:21:04 -0400] "GET /goodscode/3724009424?fileloc=%2Fhomepages%2F21%2Fd4298745088%2Fhtdocs%2Fwp-settings.php&path=%2Fhomepages%2F21%2Fd4298745088%2Fhtdocs HTTP/1.1" 200 47003 aimdigital.com.au "-" "Mozilla/5.0 AppleWebKit/537.36 (KHTML, like Gecko; compatible; ClaudeBot/1.0; +claudebot@anthropic.com)" "-"
2a03:2880:f800:: - - [30/Mar/2026:01:21:05 -0400] "GET /goodscode/4051435632?fileloc=/homepages/21/d4298745088/htdocs/wp-includes/feed-rdf.php&path=/homepages/21/d4298745088/htdocs/wp-includes HTTP/1.1" 200 15953 aimdigital.com.au "-" "meta-externalagent/1.1 (+https://developers.facebook.com/docs/sharing/webmasters/crawler)" "-"
216.73.216.0 - - [30/Mar/2026:01:21:09 -0400] "GET /goodscode/3453376981?fileloc=%2Fhomepages%2F21%2Fd4298745088%2Fhtdocs%2Fwp-cron.php&path=%2Fhomepages%2F21%2Fd4298745088%2Fhtdocs HTTP/1.1" 200 18362 aimdigital.com.au "-" "Mozilla/5.0 AppleWebKit/537.36 (KHTML, like Gecko; compatible; ClaudeBot/1.0; +claudebot@anthropic.com)" "-"
74.7.227.0 - - [30/Mar/2026:01:21:10 -0400] "GET /favicon.ico?fileloc=//sbin/switch_root&path=//sbin HTTP/1.1" 200 65215 aimdigital.com.au "https://aimdigital.com.au/favicon.ico?path=//sbin" "Mozilla/5.0 AppleWebKit/537.36 (KHTML, like Gecko; compatible; GPTBot/1.3; +https://openai.com/gptbot)" "-"
66.249.69.0 - - [30/Mar/2026:01:21:10 -0400] "GET /goodscode/2961400326 HTTP/1.1" 200 385564 aimdigital.com.au "-" "Mozilla/5.0 (Linux; Android 6.0.1; Nexus 5X Build/MMB29P) AppleWebKit/537.36 (KHTML, like Gecko) Chrome/146.0.7680.153 Mobile Safari/537.36 (compatible; GoogleOther)" "-"
128.90.0.0 - - [30/Mar/2026:01:21:12 -0400] "GET /wp-content/plugins/kpbwd/ok.php HTTP/1.1" 403 239 aimdigital.com.au "https://pl8865domm.s3.amazonaws.com/" "Mozilla/5.0 (iPhone; CPU iPhone OS 17_0 like Mac OS X) AppleWebKit/605.1.15 (KHTML, like Gecko) Version/17.0 Mobile/15E148 Safari/604.1" "-"
138.199.39.0 - - [30/Mar/2026:01:21:13 -0400] "GET /wp-content/plugins/kpbwd/ok.php HTTP/1.1" 403 239 aimdigital.com.au "https://pl8865domm.s3.amazonaws.com/" "Mozilla/5.0 (iPhone; CPU iPhone OS 17_0 like Mac OS X) AppleWebKit/605.1.15 (KHTML, like Gecko) Version/17.0 Mobile/15E148 Safari/604.1" "-"
128.90.0.0 - - [30/Mar/2026:01:21:13 -0400] "GET /favicon.ico HTTP/1.1" 200 75488 aimdigital.com.au "https://aimdigital.com.au/wp-content/plugins/kpbwd/ok.php" "Mozilla/5.0 (iPhone; CPU iPhone OS 17_0 like Mac OS X) AppleWebKit/605.1.15 (KHTML, like Gecko) Version/17.0 Mobile/15E148 Safari/604.1" "-"
185.18.222.0 - - [30/Mar/2026:01:21:13 -0400] "GET /wp-content/plugins/kpbwd/ok.php HTTP/1.1" 403 239 aimdigital.com.au "https://pl8865domm.s3.amazonaws.com/" "Mozilla/5.0 (iPhone; CPU iPhone OS 17_0 like Mac OS X) AppleWebKit/605.1.15 (KHTML, like Gecko) Version/17.0 Mobile/15E148 Safari/604.1" "-"
2a03:2880:f800:: - - [30/Mar/2026:01:21:13 -0400] "GET /goodscode/4051435632?fileloc=/homepages/21/d4298745088/htdocs/wp-includes/class-requests.php&path=/homepages/21/d4298745088/htdocs/wp-includes HTTP/1.1" 200 14826 aimdigital.com.au "-" "meta-externalagent/1.1 (+https://developers.facebook.com/docs/sharing/webmasters/crawler)" "-"
138.199.39.0 - - [30/Mar/2026:01:21:14 -0400] "GET /favicon.ico HTTP/1.1" 200 75488 aimdigital.com.au "https://aimdigital.com.au/wp-content/plugins/kpbwd/ok.php" "Mozilla/5.0 (iPhone; CPU iPhone OS 17_0 like Mac OS X) AppleWebKit/605.1.15 (KHTML, like Gecko) Version/17.0 Mobile/15E148 Safari/604.1" "-"
185.18.222.0 - - [30/Mar/2026:01:21:14 -0400] "GET /favicon.ico HTTP/1.1" 200 75488 aimdigital.com.au "https://aimdigital.com.au/wp-content/plugins/kpbwd/ok.php" "Mozilla/5.0 (iPhone; CPU iPhone OS 17_0 like Mac OS X) AppleWebKit/605.1.15 (KHTML, like Gecko) Version/17.0 Mobile/15E148 Safari/604.1" "-"
216.73.216.0 - - [30/Mar/2026:01:21:14 -0400] "GET /goodscode/3139586174?fileloc=%2Fhomepages%2F21%2Fd4298745088%2Fhtdocs%2Fwp-admin%2Fmedia-new.php&path=%2Fhomepages%2F21%2Fd4298745088%2Fhtdocs%2Fwp-admin HTTP/1.1" 200 16718 aimdigital.com.au "-" "Mozilla/5.0 AppleWebKit/537.36 (KHTML, like Gecko; compatible; ClaudeBot/1.0; +claudebot@anthropic.com)" "-"
140.235.164.0 - - [30/Mar/2026:01:21:15 -0400] "GET /wp-content/plugins/kpbwd/ok.php HTTP/1.1" 403 239 aimdigital.com.au "https://pl8865domm.s3.amazonaws.com/" "Mozilla/5.0 (iPhone; CPU iPhone OS 17_0 like Mac OS X) AppleWebKit/605.1.15 (KHTML, like Gecko) Version/17.0 Mobile/15E148 Safari/604.1" "-"
140.235.164.0 - - [30/Mar/2026:01:21:16 -0400] "GET /favicon.ico HTTP/1.1" 200 75488 aimdigital.com.au "https://aimdigital.com.au/wp-content/plugins/kpbwd/ok.php" "Mozilla/5.0 (iPhone; CPU iPhone OS 17_0 like Mac OS X) AppleWebKit/605.1.15 (KHTML, like Gecko) Version/17.0 Mobile/15E148 Safari/604.1" "-"
216.73.216.0 - - [30/Mar/2026:01:21:19 -0400] "GET /goodscode/4042653128?fileloc=%2Fhomepages%2F21%2Fd4298745088%2Fhtdocs%2Fwp-includes%2Ffeed-rdf.php&path=%2Fhomepages%2F21%2Fd4298745088%2Fhtdocs%2Fwp-includes HTTP/1.1" 429 267 aimdigital.com.au "-" "Mozilla/5.0 AppleWebKit/537.36 (KHTML, like Gecko; compatible; ClaudeBot/1.0; +claudebot@anthropic.com)" "-"
2a03:2880:f800:: - - [30/Mar/2026:01:21:21 -0400] "GET /goodscode/4051435632?fileloc=/homepages/21/d4298745088/htdocs/wp-includes/class-oembed.php&path=/homepages/21/d4298745088/htdocs/wp-includes HTTP/1.1" 200 12938 aimdigital.com.au "-" "meta-externalagent/1.1 (+https://developers.facebook.com/docs/sharing/webmasters/crawler)" "-"
138.199.39.0 - - [30/Mar/2026:01:21:23 -0400] "GET /wp-content/plugins/kpbwd/ok.php HTTP/1.1" 403 239 aimdigital.com.au "https://pl8865domm.s3.amazonaws.com/" "Mozilla/5.0 (iPhone; CPU iPhone OS 16_0 like Mac OS X) AppleWebKit/605.1.15 (KHTML, like Gecko) Version/26.0 Mobile/15E148 Safari/604.1" "-"
140.235.164.0 - - [30/Mar/2026:01:21:23 -0400] "GET /wp-content/plugins/kpbwd/ok.php HTTP/1.1" 403 239 aimdigital.com.au "https://pl8865domm.s3.amazonaws.com/" "Mozilla/5.0 (iPhone; CPU iPhone OS 16_0 like Mac OS X) AppleWebKit/605.1.15 (KHTML, like Gecko) Version/26.0 Mobile/15E148 Safari/604.1" "-"
106.161.65.0 - - [30/Mar/2026:01:21:23 -0400] "GET /wp-content/plugins/kpbwd/ok.php HTTP/1.1" 403 239 aimdigital.com.au "https://pl8865domm.s3.amazonaws.com/" "Mozilla/5.0 (iPhone; CPU iPhone OS 16_0 like Mac OS X) AppleWebKit/605.1.15 (KHTML, like Gecko) Version/26.0 Mobile/15E148 Safari/604.1" "-"
138.199.39.0 - - [30/Mar/2026:01:21:24 -0400] "GET /favicon.ico HTTP/1.1" 200 75488 aimdigital.com.au "https://aimdigital.com.au/wp-content/plugins/kpbwd/ok.php" "Mozilla/5.0 (iPhone; CPU iPhone OS 16_0 like Mac OS X) AppleWebKit/605.1.15 (KHTML, like Gecko) Version/26.0 Mobile/15E148 Safari/604.1" "-"
216.73.216.0 - - [30/Mar/2026:01:21:24 -0400] "GET /goodscode/3505164255?fileloc=%2Fhomepages%2F21%2Fd4298745088%2Fhtdocs%2Fwp-includes%2Fblocks%2Fpost-time-to-read.php&path=%2Fhomepages%2F21%2Fd4298745088%2Fhtdocs%2Fwp-includes%2Fblocks HTTP/1.1" 429 267 aimdigital.com.au "-" "Mozilla/5.0 AppleWebKit/537.36 (KHTML, like Gecko; compatible; ClaudeBot/1.0; +claudebot@anthropic.com)" "-"
140.235.164.0 - - [30/Mar/2026:01:21:24 -0400] "GET /favicon.ico HTTP/1.1" 200 75488 aimdigital.com.au "https://aimdigital.com.au/wp-content/plugins/kpbwd/ok.php" "Mozilla/5.0 (iPhone; CPU iPhone OS 16_0 like Mac OS X) AppleWebKit/605.1.15 (KHTML, like Gecko) Version/26.0 Mobile/15E148 Safari/604.1" "-"
106.161.65.0 - - [30/Mar/2026:01:21:24 -0400] "GET /favicon.ico HTTP/1.1" 200 75488 aimdigital.com.au "https://aimdigital.com.au/wp-content/plugins/kpbwd/ok.php" "Mozilla/5.0 (iPhone; CPU iPhone OS 16_0 like Mac OS X) AppleWebKit/605.1.15 (KHTML, like Gecko) Version/26.0 Mobile/15E148 Safari/604.1" "-"
2a03:2880:f800:: - - [30/Mar/2026:01:21:28 -0400] "GET /goodscode/4051435632?fileloc=/homepages/21/d4298745088/htdocs/wp-includes/link-template.php&path=/homepages/21/d4298745088/htdocs/wp-includes HTTP/1.1" 200 188551 aimdigital.com.au "-" "meta-externalagent/1.1 (+https://developers.facebook.com/docs/sharing/webmasters/crawler)" "-"
45.250.255.0 - - [30/Mar/2026:01:21:28 -0400] "GET /wp-content/plugins/kpbwd/ok.php HTTP/1.1" 403 239 aimdigital.com.au "https://pl8865domm.s3.amazonaws.com/" "Mozilla/5.0 (iPhone; CPU iPhone OS 16_0 like Mac OS X) AppleWebKit/605.1.15 (KHTML, like Gecko) Version/26.0 Mobile/15E148 Safari/604.1" "-"
216.73.216.0 - - [30/Mar/2026:01:21:29 -0400] "GET /goodscode/2777195189?fileloc=%2Fhomepages%2F21%2Fd4298745088%2Fhtdocs%2Fwp-content%2Fphp.ini&path=%2Fhomepages%2F21%2Fd4298745088%2Fhtdocs%2Fwp-content HTTP/1.1" 429 267 aimdigital.com.au "-" "Mozilla/5.0 AppleWebKit/537.36 (KHTML, like Gecko; compatible; ClaudeBot/1.0; +claudebot@anthropic.com)" "-"
45.250.255.0 - - [30/Mar/2026:01:21:29 -0400] "GET /favicon.ico HTTP/1.1" 200 75488 aimdigital.com.au "https://aimdigital.com.au/wp-content/plugins/kpbwd/ok.php" "Mozilla/5.0 (iPhone; CPU iPhone OS 16_0 like Mac OS X) AppleWebKit/605.1.15 (KHTML, like Gecko) Version/26.0 Mobile/15E148 Safari/604.1" "-"
216.73.216.0 - - [30/Mar/2026:01:21:34 -0400] "GET /goodscode/4239998097?fileloc=%2Fhomepages%2F21%2Fd4298745088%2Fhtdocs%2Fwp-activate.php&path=%2Fhomepages%2F21%2Fd4298745088%2Fhtdocs HTTP/1.1" 429 267 aimdigital.com.au "-" "Mozilla/5.0 AppleWebKit/537.36 (KHTML, like Gecko; compatible; ClaudeBot/1.0; +claudebot@anthropic.com)" "-"
2a03:2880:f800:: - - [30/Mar/2026:01:21:34 -0400] "GET /goodscode/4051435632?fileloc=/homepages/21/d4298745088/htdocs/wp-includes/class-wp-simplepie-sanitize-kses.php&path=/homepages/21/d4298745088/htdocs/wp-includes HTTP/1.1" 200 14561 aimdigital.com.au "-" "meta-externalagent/1.1 (+https://developers.facebook.com/docs/sharing/webmasters/crawler)" "-"
77.42.64.0 - - [30/Mar/2026:01:21:35 -0400] "GET /wp-content/plugins/kpbwd/ok.php HTTP/1.1" 403 239 aimdigital.com.au "https://pl8865domm.s3.amazonaws.com/" "Mozilla/5.0 (Linux; arm_64; Android 12; SM-G973F) AppleWebKit/537.36 (KHTML, like Gecko) Chrome/142.0.7444.936 YaSearchBrowser/25.124.1 BroPP/1.0 YaSearchApp/25.124.1 webOmni Mobile Safari/537.36" "-"
209.38.171.0 - - [30/Mar/2026:01:21:35 -0400] "GET /wp-content/plugins/kpbwd/ok.php HTTP/1.1" 403 239 aimdigital.com.au "https://pl8865domm.s3.amazonaws.com/" "Mozilla/5.0 (Linux; arm_64; Android 12; SM-G973F) AppleWebKit/537.36 (KHTML, like Gecko) Chrome/142.0.7444.936 YaSearchBrowser/25.124.1 BroPP/1.0 YaSearchApp/25.124.1 webOmni Mobile Safari/537.36" "-"
77.42.64.0 - - [30/Mar/2026:01:21:35 -0400] "GET /favicon.ico HTTP/1.1" 200 75488 aimdigital.com.au "https://aimdigital.com.au/wp-content/plugins/kpbwd/ok.php" "Mozilla/5.0 (Linux; arm_64; Android 12; SM-G973F) AppleWebKit/537.36 (KHTML, like Gecko) Chrome/142.0.7444.936 YaSearchBrowser/25.124.1 BroPP/1.0 YaSearchApp/25.124.1 webOmni Mobile Safari/537.36" "-"
209.38.171.0 - - [30/Mar/2026:01:21:35 -0400] "GET /favicon.ico HTTP/1.1" 200 75488 aimdigital.com.au "https://aimdigital.com.au/wp-content/plugins/kpbwd/ok.php" "Mozilla/5.0 (Linux; arm_64; Android 12; SM-G973F) AppleWebKit/537.36 (KHTML, like Gecko) Chrome/142.0.7444.936 YaSearchBrowser/25.124.1 BroPP/1.0 YaSearchApp/25.124.1 webOmni Mobile Safari/537.36" "-"
66.249.69.0 - - [30/Mar/2026:01:21:37 -0400] "GET /goodscode/1286343195 HTTP/1.1" 200 383475 aimdigital.com.au "-" "Mozilla/5.0 (Linux; Android 6.0.1; Nexus 5X Build/MMB29P) AppleWebKit/537.36 (KHTML, like Gecko) Chrome/146.0.7680.153 Mobile Safari/537.36 (compatible; GoogleOther)" "-"
138.197.232.0 - - [30/Mar/2026:01:21:38 -0400] "GET /wp-content/plugins/kpbwd/ok.php HTTP/1.1" 403 239 aimdigital.com.au "https://pl8865domm.s3.amazonaws.com/" "Mozilla/5.0 (Linux; arm_64; Android 12; SM-G973F) AppleWebKit/537.36 (KHTML, like Gecko) Chrome/142.0.7444.936 YaSearchBrowser/25.124.1 BroPP/1.0 YaSearchApp/25.124.1 webOmni Mobile Safari/537.36" "-"
216.73.216.0 - - [30/Mar/2026:01:21:39 -0400] "GET /goodscode/1561663110?fileloc=%2Fhomepages%2F21%2Fd4298745088%2Fhtdocs%2Fplcfv.php&path=%2Fhomepages%2F21%2Fd4298745088%2Fhtdocs HTTP/1.1" 429 267 aimdigital.com.au "-" "Mozilla/5.0 AppleWebKit/537.36 (KHTML, like Gecko; compatible; ClaudeBot/1.0; +claudebot@anthropic.com)" "-"
138.197.232.0 - - [30/Mar/2026:01:21:39 -0400] "GET /favicon.ico HTTP/1.1" 200 75488 aimdigital.com.au "https://aimdigital.com.au/wp-content/plugins/kpbwd/ok.php" "Mozilla/5.0 (Linux; arm_64; Android 12; SM-G973F) AppleWebKit/537.36 (KHTML, like Gecko) Chrome/142.0.7444.936 YaSearchBrowser/25.124.1 BroPP/1.0 YaSearchApp/25.124.1 webOmni Mobile Safari/537.36" "-"
2a03:2880:f800:: - - [30/Mar/2026:01:21:41 -0400] "GET /goodscode/4051435632?fileloc=/homepages/21/d4298745088/htdocs/wp-includes/class-wp-term-query.php&path=/homepages/21/d4298745088/htdocs/wp-includes HTTP/1.1" 200 59390 aimdigital.com.au "-" "meta-externalagent/1.1 (+https://developers.facebook.com/docs/sharing/webmasters/crawler)" "-"
185.18.222.0 - - [30/Mar/2026:01:21:42 -0400] "GET /wp-content/plugins/kpbwd/ok.php HTTP/1.1" 403 239 aimdigital.com.au "https://pl8865domm.s3.amazonaws.com/" "Mozilla/5.0 (Linux; arm_64; Android 12; SM-G973F) AppleWebKit/537.36 (KHTML, like Gecko) Chrome/142.0.7444.936 YaSearchBrowser/25.124.1 BroPP/1.0 YaSearchApp/25.124.1 webOmni Mobile Safari/537.36" "-"
185.18.222.0 - - [30/Mar/2026:01:21:43 -0400] "GET /favicon.ico HTTP/1.1" 200 75488 aimdigital.com.au "https://aimdigital.com.au/wp-content/plugins/kpbwd/ok.php" "Mozilla/5.0 (Linux; arm_64; Android 12; SM-G973F) AppleWebKit/537.36 (KHTML, like Gecko) Chrome/142.0.7444.936 YaSearchBrowser/25.124.1 BroPP/1.0 YaSearchApp/25.124.1 webOmni Mobile Safari/537.36" "-"
216.73.216.0 - - [30/Mar/2026:01:21:44 -0400] "GET /goodscode/857998412?fileloc=%2Fhomepages%2F21%2Fd4298745088%2Fhtdocs%2Fwp-mail.php&path=%2Fhomepages%2F21%2Fd4298745088%2Fhtdocs HTTP/1.1" 429 267 aimdigital.com.au "-" "Mozilla/5.0 AppleWebKit/537.36 (KHTML, like Gecko; compatible; ClaudeBot/1.0; +claudebot@anthropic.com)" "-"
2a03:2880:f800:: - - [30/Mar/2026:01:21:47 -0400] "GET /goodscode/4051435632?fileloc=/homepages/21/d4298745088/htdocs/wp-includes/admin-bar.php&path=/homepages/21/d4298745088/htdocs/wp-includes HTTP/1.1" 200 58274 aimdigital.com.au "-" "meta-externalagent/1.1 (+https://developers.facebook.com/docs/sharing/webmasters/crawler)" "-"
216.73.216.0 - - [30/Mar/2026:01:21:49 -0400] "GET /goodscode/2777195189?fileloc=%2Fhomepages%2F21%2Fd4298745088%2Fhtdocs%2Fwp-settings.php&path=%2Fhomepages%2F21%2Fd4298745088%2Fhtdocs HTTP/1.1" 429 267 aimdigital.com.au "-" "Mozilla/5.0 AppleWebKit/537.36 (KHTML, like Gecko; compatible; ClaudeBot/1.0; +claudebot@anthropic.com)" "-"
2a03:2880:f800:: - - [30/Mar/2026:01:21:53 -0400] "GET /goodscode/4051435632?fileloc=/homepages/21/d4298745088/htdocs/wp-includes/rewrite.php&path=/homepages/21/d4298745088/htdocs/wp-includes HTTP/1.1" 200 33753 aimdigital.com.au "-" "meta-externalagent/1.1 (+https://developers.facebook.com/docs/sharing/webmasters/crawler)" "-"
216.73.216.0 - - [30/Mar/2026:01:21:54 -0400] "GET /goodscode/2865413535?fileloc=%2Fhomepages%2F21%2Fd4298745088%2Fhtdocs%2Fwp-admin%2Fmy-sites.php&path=%2Fhomepages%2F21%2Fd4298745088%2Fhtdocs%2Fwp-admin HTTP/1.1" 429 267 aimdigital.com.au "-" "Mozilla/5.0 AppleWebKit/537.36 (KHTML, like Gecko; compatible; ClaudeBot/1.0; +claudebot@anthropic.com)" "-"
2a03:2880:f800:: - - [30/Mar/2026:01:21:58 -0400] "GET /goodscode/4051435632?fileloc=/homepages/21/d4298745088/htdocs/wp-includes/class-wp-block-editor-context.php&path=/homepages/21/d4298745088/htdocs/wp-includes HTTP/1.1" 200 13970 aimdigital.com.au "-" "meta-externalagent/1.1 (+https://developers.facebook.com/docs/sharing/webmasters/crawler)" "-"
216.73.216.0 - - [30/Mar/2026:01:22:00 -0400] "GET /goodscode/2312993790?fileloc=%2Fhomepages%2F21%2Fd4298745088%2Fhtdocs%2Flogs%2Faccess.log.12.6.gz&path=%2Fhomepages%2F21%2Fd4298745088%2Fhtdocs%2Flogs HTTP/1.1" 429 267 aimdigital.com.au "-" "Mozilla/5.0 AppleWebKit/537.36 (KHTML, like Gecko; compatible; ClaudeBot/1.0; +claudebot@anthropic.com)" "-"
66.249.69.0 - - [30/Mar/2026:01:22:03 -0400] "GET /goodscode/3517128571 HTTP/1.1" 200 381404 aimdigital.com.au "-" "Mozilla/5.0 (Linux; Android 6.0.1; Nexus 5X Build/MMB29P) AppleWebKit/537.36 (KHTML, like Gecko) Chrome/146.0.7680.153 Mobile Safari/537.36 (compatible; GoogleOther)" "-"
2a03:2880:f800:: - - [30/Mar/2026:01:22:03 -0400] "GET /goodscode/4051435632?path=/homepages/21/d4298745088/htdocs/wp-includes/interactivity-api HTTP/1.1" 200 19744 aimdigital.com.au "-" "meta-externalagent/1.1 (+https://developers.facebook.com/docs/sharing/webmasters/crawler)" "-"
216.73.216.0 - - [30/Mar/2026:01:22:05 -0400] "GET /goodscode/227702389?fileloc=%2Fhomepages%2F21%2Fd4298745088%2Fhtdocs%2F55ece37ba5f55f1032982f56b7fbfb48&path=%2Fhomepages%2F21%2Fd4298745088%2Fhtdocs HTTP/1.1" 429 267 aimdigital.com.au "-" "Mozilla/5.0 AppleWebKit/537.36 (KHTML, like Gecko; compatible; ClaudeBot/1.0; +claudebot@anthropic.com)" "-"
2a03:2880:f800:: - - [30/Mar/2026:01:22:08 -0400] "GET /goodscode/4051435632?fileloc=/homepages/21/d4298745088/htdocs/wp-includes/class-wp-ajax-response.php&path=/homepages/21/d4298745088/htdocs/wp-includes HTTP/1.1" 200 18688 aimdigital.com.au "-" "meta-externalagent/1.1 (+https://developers.facebook.com/docs/sharing/webmasters/crawler)" "-"
74.7.227.0 - - [30/Mar/2026:01:22:09 -0400] "GET /favicon.ico?fileloc=//sbin/swapon&path=//sbin HTTP/1.1" 429 267 aimdigital.com.au "https://aimdigital.com.au/favicon.ico?path=//sbin" "Mozilla/5.0 AppleWebKit/537.36 (KHTML, like Gecko; compatible; GPTBot/1.3; +https://openai.com/gptbot)" "-"
216.73.216.0 - - [30/Mar/2026:01:22:10 -0400] "GET /goodscode/345504065?fileloc=%2Fhomepages%2F21%2Fd4298745088%2Fhtdocs%2F55ece37ba5f55f1032982f56b7fbfb48&path=%2Fhomepages%2F21%2Fd4298745088%2Fhtdocs HTTP/1.1" 429 267 aimdigital.com.au "-" "Mozilla/5.0 AppleWebKit/537.36 (KHTML, like Gecko; compatible; ClaudeBot/1.0; +claudebot@anthropic.com)" "-"
2a03:2880:f800:: - - [30/Mar/2026:01:22:13 -0400] "GET /goodscode/4051435632?fileloc=/homepages/21/d4298745088/htdocs/wp-includes/theme-i18n.json&path=/homepages/21/d4298745088/htdocs/wp-includes HTTP/1.1" 429 267 aimdigital.com.au "-" "meta-externalagent/1.1 (+https://developers.facebook.com/docs/sharing/webmasters/crawler)" "-"
216.73.216.0 - - [30/Mar/2026:01:22:15 -0400] "GET /goodscode/4239998097?fileloc=%2Fhomepages%2F21%2Fd4298745088%2Fhtdocs%2Fwp-content%2Fthemes-old%2F.htaccess&path=%2Fhomepages%2F21%2Fd4298745088%2Fhtdocs%2Fwp-content%2Fthemes-old HTTP/1.1" 429 267 aimdigital.com.au "-" "Mozilla/5.0 AppleWebKit/537.36 (KHTML, like Gecko; compatible; ClaudeBot/1.0; +claudebot@anthropic.com)" "-"
2a03:2880:f800:: - - [30/Mar/2026:01:22:17 -0400] "GET /goodscode/4051435632?fileloc=/homepages/21/d4298745088/htdocs/wp-includes/block-editor.php&path=/homepages/21/d4298745088/htdocs/wp-includes HTTP/1.1" 429 267 aimdigital.com.au "-" "meta-externalagent/1.1 (+https://developers.facebook.com/docs/sharing/webmasters/crawler)" "-"
2a03:2880:f800:: - - [30/Mar/2026:01:22:17 -0400] "GET /goodscode/4051435632?path=/homepages/21/d4298745088/htdocs/wp-includes/block-bindings HTTP/1.1" 429 267 aimdigital.com.au "-" "meta-externalagent/1.1 (+https://developers.facebook.com/docs/sharing/webmasters/crawler)" "-"
216.73.216.0 - - [30/Mar/2026:01:22:20 -0400] "GET /goodscode/857998412?fileloc=%2Fhomepages%2F21%2Fd4298745088%2Fhtdocs%2Frobots.txt&path=%2Fhomepages%2F21%2Fd4298745088%2Fhtdocs HTTP/1.1" 200 12481 aimdigital.com.au "-" "Mozilla/5.0 AppleWebKit/537.36 (KHTML, like Gecko; compatible; ClaudeBot/1.0; +claudebot@anthropic.com)" "-"
46.62.173.0 - - [30/Mar/2026:01:22:20 -0400] "GET /wp-content/plugins/kpbwd/ok.php HTTP/1.1" 403 239 aimdigital.com.au "https://pl8865domm.s3.amazonaws.com/" "Mozilla/5.0 (iPad; CPU OS 26_0_1 like Mac OS X) AppleWebKit/605.1.15 (KHTML, like Gecko) Brave/1 Mobile/15E148 Safari/604.1" "-"
46.62.173.0 - - [30/Mar/2026:01:22:21 -0400] "GET /favicon.ico HTTP/1.1" 200 75488 aimdigital.com.au "https://aimdigital.com.au/wp-content/plugins/kpbwd/ok.php" "Mozilla/5.0 (iPad; CPU OS 26_0_1 like Mac OS X) AppleWebKit/605.1.15 (KHTML, like Gecko) Brave/1 Mobile/15E148 Safari/604.1" "-"
141.227.139.0 - - [30/Mar/2026:01:22:21 -0400] "GET /wp-content/plugins/kpbwd/ok.php HTTP/1.1" 403 239 aimdigital.com.au "https://pl8865domm.s3.amazonaws.com/" "Mozilla/5.0 (iPad; CPU OS 26_0_1 like Mac OS X) AppleWebKit/605.1.15 (KHTML, like Gecko) Brave/1 Mobile/15E148 Safari/604.1" "-"
141.227.139.0 - - [30/Mar/2026:01:22:22 -0400] "GET /favicon.ico HTTP/1.1" 200 75488 aimdigital.com.au "https://aimdigital.com.au/wp-content/plugins/kpbwd/ok.php" "Mozilla/5.0 (iPad; CPU OS 26_0_1 like Mac OS X) AppleWebKit/605.1.15 (KHTML, like Gecko) Brave/1 Mobile/15E148 Safari/604.1" "-"
2a03:2880:f800:: - - [30/Mar/2026:01:22:23 -0400] "GET /goodscode/4051435632?fileloc=/homepages/21/d4298745088/htdocs/wp-includes/class-wp-block-styles-registry.php&path=/homepages/21/d4298745088/htdocs/wp-includes HTTP/1.1" 429 267 aimdigital.com.au "-" "meta-externalagent/1.1 (+https://developers.facebook.com/docs/sharing/webmasters/crawler)" "-"
46.224.147.0 - - [30/Mar/2026:01:22:23 -0400] "GET /wp-content/plugins/kpbwd/ok.php HTTP/1.1" 403 239 aimdigital.com.au "https://pl8865domm.s3.amazonaws.com/" "Mozilla/5.0 (iPad; CPU OS 26_0_1 like Mac OS X) AppleWebKit/605.1.15 (KHTML, like Gecko) Brave/1 Mobile/15E148 Safari/604.1" "-"
46.224.147.0 - - [30/Mar/2026:01:22:24 -0400] "GET /favicon.ico HTTP/1.1" 200 75488 aimdigital.com.au "https://aimdigital.com.au/wp-content/plugins/kpbwd/ok.php" "Mozilla/5.0 (iPad; CPU OS 26_0_1 like Mac OS X) AppleWebKit/605.1.15 (KHTML, like Gecko) Brave/1 Mobile/15E148 Safari/604.1" "-"
45.250.255.0 - - [30/Mar/2026:01:22:24 -0400] "GET /wp-content/plugins/kpbwd/ok.php HTTP/1.1" 403 239 aimdigital.com.au "https://pl8865domm.s3.amazonaws.com/" "Mozilla/5.0 (iPad; CPU OS 26_0_1 like Mac OS X) AppleWebKit/605.1.15 (KHTML, like Gecko) Brave/1 Mobile/15E148 Safari/604.1" "-"
2a03:2880:f800:: - - [30/Mar/2026:01:22:25 -0400] "GET /goodscode/4051435632?fileloc=/homepages/21/d4298745088/htdocs/wp-includes/class-wp-widget.php&path=/homepages/21/d4298745088/htdocs/wp-includes HTTP/1.1" 429 267 aimdigital.com.au "-" "meta-externalagent/1.1 (+https://developers.facebook.com/docs/sharing/webmasters/crawler)" "-"
216.73.216.0 - - [30/Mar/2026:01:22:25 -0400] "GET /goodscode/2312993790?fileloc=%2Fhomepages%2F21%2Fd4298745088%2Fhtdocs%2Flogs%2Faccess.log.13.5.gz&path=%2Fhomepages%2F21%2Fd4298745088%2Fhtdocs%2Flogs HTTP/1.1" 200 959634 aimdigital.com.au "-" "Mozilla/5.0 AppleWebKit/537.36 (KHTML, like Gecko; compatible; ClaudeBot/1.0; +claudebot@anthropic.com)" "-"
45.250.255.0 - - [30/Mar/2026:01:22:25 -0400] "GET /favicon.ico HTTP/1.1" 200 75488 aimdigital.com.au "https://aimdigital.com.au/wp-content/plugins/kpbwd/ok.php" "Mozilla/5.0 (iPad; CPU OS 26_0_1 like Mac OS X) AppleWebKit/605.1.15 (KHTML, like Gecko) Brave/1 Mobile/15E148 Safari/604.1" "-"
66.249.69.0 - - [30/Mar/2026:01:22:29 -0400] "GET /goodscode/3069740180 HTTP/1.1" 200 368954 aimdigital.com.au "-" "Mozilla/5.0 (Linux; Android 6.0.1; Nexus 5X Build/MMB29P) AppleWebKit/537.36 (KHTML, like Gecko) Chrome/146.0.7680.153 Mobile Safari/537.36 (compatible; GoogleOther)" "-"
2a03:2880:f800:: - - [30/Mar/2026:01:22:29 -0400] "GET /goodscode/4051435632?fileloc=/homepages/21/d4298745088/htdocs/wp-includes/class-wp-http-curl.php&path=/homepages/21/d4298745088/htdocs/wp-includes HTTP/1.1" 429 267 aimdigital.com.au "-" "meta-externalagent/1.1 (+https://developers.facebook.com/docs/sharing/webmasters/crawler)" "-"
216.73.216.0 - - [30/Mar/2026:01:22:30 -0400] "GET /goodscode/2312993790?fileloc=%2Fhomepages%2F21%2Fd4298745088%2Fhtdocs%2Flogs%2Faccess.log.12.5.gz&path=%2Fhomepages%2F21%2Fd4298745088%2Fhtdocs%2Flogs HTTP/1.1" 200 12475 aimdigital.com.au "-" "Mozilla/5.0 AppleWebKit/537.36 (KHTML, like Gecko; compatible; ClaudeBot/1.0; +claudebot@anthropic.com)" "-"
2a03:2880:f800:: - - [30/Mar/2026:01:22:31 -0400] "GET /goodscode/4051435632?fileloc=/homepages/21/d4298745088/htdocs/wp-includes/class-wp-block-pattern-categories-registry.php&path=/homepages/21/d4298745088/htdocs/wp-includes HTTP/1.1" 429 267 aimdigital.com.au "-" "meta-externalagent/1.1 (+https://developers.facebook.com/docs/sharing/webmasters/crawler)" "-"
2a03:2880:f800:: - - [30/Mar/2026:01:22:32 -0400] "GET /goodscode/4051435632?path=/homepages/21/d4298745088/htdocs/wp-includes/abilities-api HTTP/1.1" 429 267 aimdigital.com.au "-" "meta-externalagent/1.1 (+https://developers.facebook.com/docs/sharing/webmasters/crawler)" "-"
2a03:2880:f800:: - - [30/Mar/2026:01:22:32 -0400] "GET /goodscode/4051435632?path=/homepages/21/d4298745088/htdocs/wp-includes/block-supports HTTP/1.1" 429 267 aimdigital.com.au "-" "meta-externalagent/1.1 (+https://developers.facebook.com/docs/sharing/webmasters/crawler)" "-"
216.73.216.0 - - [30/Mar/2026:01:22:35 -0400] "GET /goodscode/318344917?fileloc=%2Fhomepages%2F21%2Fd4298745088%2Fhtdocs%2Fold%2F55ece37ba5f55f1032982f56b7fbfb48&path=%2Fhomepages%2F21%2Fd4298745088%2Fhtdocs%2Fold HTTP/1.1" 200 12546 aimdigital.com.au "-" "Mozilla/5.0 AppleWebKit/537.36 (KHTML, like Gecko; compatible; ClaudeBot/1.0; +claudebot@anthropic.com)" "-"
138.199.39.0 - - [30/Mar/2026:01:22:36 -0400] "GET /wp-content/plugins/kpbwd/ok.php HTTP/1.1" 403 239 aimdigital.com.au "https://pl8865domm.s3.amazonaws.com/" "Mozilla/5.0 (Linux; Android 10; K) AppleWebKit/537.36 (KHTML, like Gecko) Chrome/145.0.0.0 Mobile Safari/537.36" "-"
106.161.65.0 - - [30/Mar/2026:01:22:37 -0400] "GET /wp-content/plugins/kpbwd/ok.php HTTP/1.1" 403 239 aimdigital.com.au "https://pl8865domm.s3.amazonaws.com/" "Mozilla/5.0 (Linux; Android 10; K) AppleWebKit/537.36 (KHTML, like Gecko) Chrome/145.0.0.0 Mobile Safari/537.36" "-"
45.227.253.0 - - [30/Mar/2026:01:22:37 -0400] "GET /?of=1 HTTP/1.1" 200 23242 aimdigital.com.au "-" "Mozilla/5.0 (Macintosh; Intel Mac OS X 10.13; rv:103.0) Gecko/20100101 Firefox/102.0" "-"
138.199.39.0 - - [30/Mar/2026:01:22:37 -0400] "GET /favicon.ico HTTP/1.1" 200 75488 aimdigital.com.au "https://aimdigital.com.au/wp-content/plugins/kpbwd/ok.php" "Mozilla/5.0 (Linux; Android 10; K) AppleWebKit/537.36 (KHTML, like Gecko) Chrome/145.0.0.0 Mobile Safari/537.36" "-"
106.161.65.0 - - [30/Mar/2026:01:22:38 -0400] "GET /favicon.ico HTTP/1.1" 200 75488 aimdigital.com.au "https://aimdigital.com.au/wp-content/plugins/kpbwd/ok.php" "Mozilla/5.0 (Linux; Android 10; K) AppleWebKit/537.36 (KHTML, like Gecko) Chrome/145.0.0.0 Mobile Safari/537.36" "-"
149.88.103.0 - - [30/Mar/2026:01:22:40 -0400] "GET /wp-content/plugins/kpbwd/ok.php HTTP/1.1" 403 239 aimdigital.com.au "https://pl8865domm.s3.amazonaws.com/" "Mozilla/5.0 (Linux; Android 10; K) AppleWebKit/537.36 (KHTML, like Gecko) Chrome/145.0.0.0 Mobile Safari/537.36" "-"
128.90.0.0 - - [30/Mar/2026:01:22:40 -0400] "GET /wp-content/plugins/kpbwd/ok.php HTTP/1.1" 403 239 aimdigital.com.au "https://pl8865domm.s3.amazonaws.com/" "Mozilla/5.0 (Linux; Android 10; K) AppleWebKit/537.36 (KHTML, like Gecko) Chrome/145.0.0.0 Mobile Safari/537.36" "-"
216.73.216.0 - - [30/Mar/2026:01:22:40 -0400] "GET /goodscode/535814480?fileloc=%2Fhomepages%2F21%2Fd4298745088%2Fhtdocs%2Frobots.txt&path=%2Fhomepages%2F21%2Fd4298745088%2Fhtdocs HTTP/1.1" 200 12481 aimdigital.com.au "-" "Mozilla/5.0 AppleWebKit/537.36 (KHTML, like Gecko; compatible; ClaudeBot/1.0; +claudebot@anthropic.com)" "-"
149.88.103.0 - - [30/Mar/2026:01:22:41 -0400] "GET /favicon.ico HTTP/1.1" 200 75488 aimdigital.com.au "https://aimdigital.com.au/wp-content/plugins/kpbwd/ok.php" "Mozilla/5.0 (Linux; Android 10; K) AppleWebKit/537.36 (KHTML, like Gecko) Chrome/145.0.0.0 Mobile Safari/537.36" "-"
128.90.0.0 - - [30/Mar/2026:01:22:41 -0400] "GET /favicon.ico HTTP/1.1" 200 75488 aimdigital.com.au "https://aimdigital.com.au/wp-content/plugins/kpbwd/ok.php" "Mozilla/5.0 (Linux; Android 10; K) AppleWebKit/537.36 (KHTML, like Gecko) Chrome/145.0.0.0 Mobile Safari/537.36" "-"
2a03:2880:f800:: - - [30/Mar/2026:01:22:42 -0400] "GET /goodscode/4051435632?fileloc=/homepages/21/d4298745088/htdocs/wp-includes/class-wp-customize-nav-menus.php&path=/homepages/21/d4298745088/htdocs/wp-includes HTTP/1.1" 429 267 aimdigital.com.au "-" "meta-externalagent/1.1 (+https://developers.facebook.com/docs/sharing/webmasters/crawler)" "-"
2a03:2880:f800:: - - [30/Mar/2026:01:22:44 -0400] "GET /goodscode/4051435632?fileloc=/homepages/21/d4298745088/htdocs/wp-includes/class-wp-comment.php&path=/homepages/21/d4298745088/htdocs/wp-includes HTTP/1.1" 429 267 aimdigital.com.au "-" "meta-externalagent/1.1 (+https://developers.facebook.com/docs/sharing/webmasters/crawler)" "-"
216.73.216.0 - - [30/Mar/2026:01:22:45 -0400] "GET /goodscode/3211725237?fileloc=%2Fhomepages%2F21%2Fd4298745088%2Fhtdocs%2Frobots.txt&path=%2Fhomepages%2F21%2Fd4298745088%2Fhtdocs HTTP/1.1" 200 12481 aimdigital.com.au "-" "Mozilla/5.0 AppleWebKit/537.36 (KHTML, like Gecko; compatible; ClaudeBot/1.0; +claudebot@anthropic.com)" "-"
2a03:2880:f800:: - - [30/Mar/2026:01:22:45 -0400] "GET /goodscode/4051435632?fileloc=/homepages/21/d4298745088/htdocs/wp-includes/class-wp-phpmailer.php&path=/homepages/21/d4298745088/htdocs/wp-includes HTTP/1.1" 429 267 aimdigital.com.au "-" "meta-externalagent/1.1 (+https://developers.facebook.com/docs/sharing/webmasters/crawler)" "-"
2a03:2880:f800:: - - [30/Mar/2026:01:22:46 -0400] "GET /goodscode/4051435632?fileloc=/homepages/21/d4298745088/htdocs/wp-includes/class-wp-block-type.php&path=/homepages/21/d4298745088/htdocs/wp-includes HTTP/1.1" 429 267 aimdigital.com.au "-" "meta-externalagent/1.1 (+https://developers.facebook.com/docs/sharing/webmasters/crawler)" "-"
2a03:2880:f800:: - - [30/Mar/2026:01:22:48 -0400] "GET /goodscode/4051435632?fileloc=/homepages/21/d4298745088/htdocs/wp-includes/plugin.php&path=/homepages/21/d4298745088/htdocs/wp-includes HTTP/1.1" 429 267 aimdigital.com.au "-" "meta-externalagent/1.1 (+https://developers.facebook.com/docs/sharing/webmasters/crawler)" "-"
2a03:2880:f800:: - - [30/Mar/2026:01:22:50 -0400] "GET /goodscode/4051435632?fileloc=/homepages/21/d4298745088/htdocs/wp-includes/compat.php&path=/homepages/21/d4298745088/htdocs/wp-includes HTTP/1.1" 429 267 aimdigital.com.au "-" "meta-externalagent/1.1 (+https://developers.facebook.com/docs/sharing/webmasters/crawler)" "-"
216.73.216.0 - - [30/Mar/2026:01:22:50 -0400] "GET /goodscode/786766083?fileloc=%2Fhomepages%2F21%2Fd4298745088%2Fhtdocs%2F55ece37ba5f55f1032982f56b7fbfb48&path=%2Fhomepages%2F21%2Fd4298745088%2Fhtdocs HTTP/1.1" 200 12465 aimdigital.com.au "-" "Mozilla/5.0 AppleWebKit/537.36 (KHTML, like Gecko; compatible; ClaudeBot/1.0; +claudebot@anthropic.com)" "-"
2a03:2880:f800:: - - [30/Mar/2026:01:22:52 -0400] "GET /goodscode/4051435632?fileloc=/homepages/21/d4298745088/htdocs/wp-includes/template-canvas.php&path=/homepages/21/d4298745088/htdocs/wp-includes HTTP/1.1" 429 267 aimdigital.com.au "-" "meta-externalagent/1.1 (+https://developers.facebook.com/docs/sharing/webmasters/crawler)" "-"
2a03:2880:f800:: - - [30/Mar/2026:01:22:54 -0400] "GET /goodscode/4051435632?fileloc=/homepages/21/d4298745088/htdocs/wp-includes/bookmark.php&path=/homepages/21/d4298745088/htdocs/wp-includes HTTP/1.1" 429 267 aimdigital.com.au "-" "meta-externalagent/1.1 (+https://developers.facebook.com/docs/sharing/webmasters/crawler)" "-"
66.249.69.0 - - [30/Mar/2026:01:22:55 -0400] "GET /goodscode/3610162900 HTTP/1.1" 200 382808 aimdigital.com.au "-" "Mozilla/5.0 (Linux; Android 6.0.1; Nexus 5X Build/MMB29P) AppleWebKit/537.36 (KHTML, like Gecko) Chrome/146.0.7680.153 Mobile Safari/537.36 (compatible; GoogleOther)" "-"
216.73.216.0 - - [30/Mar/2026:01:22:56 -0400] "GET /goodscode/4239998097?fileloc=%2Fhomepages%2F21%2Fd4298745088%2Fhtdocs%2Fimages%2Ftoggige-arrow.jpg&path=%2Fhomepages%2F21%2Fd4298745088%2Fhtdocs%2Fimages HTTP/1.1" 200 43514 aimdigital.com.au "-" "Mozilla/5.0 AppleWebKit/537.36 (KHTML, like Gecko; compatible; ClaudeBot/1.0; +claudebot@anthropic.com)" "-"
2a03:2880:f800:: - - [30/Mar/2026:01:22:56 -0400] "GET /goodscode/4051435632?fileloc=/homepages/21/d4298745088/htdocs/wp-includes/post-template.php&path=/homepages/21/d4298745088/htdocs/wp-includes HTTP/1.1" 429 267 aimdigital.com.au "-" "meta-externalagent/1.1 (+https://developers.facebook.com/docs/sharing/webmasters/crawler)" "-"
2a03:2880:f800:: - - [30/Mar/2026:01:22:59 -0400] "GET /goodscode/4051435632?fileloc=/homepages/21/d4298745088/htdocs/wp-includes/theme.json&path=/homepages/21/d4298745088/htdocs/wp-includes HTTP/1.1" 429 267 aimdigital.com.au "-" "meta-externalagent/1.1 (+https://developers.facebook.com/docs/sharing/webmasters/crawler)" "-"
216.73.216.0 - - [30/Mar/2026:01:23:01 -0400] "GET /goodscode/171802366?fileloc=%2Fhomepages%2F21%2Fd4298745088%2Fhtdocs%2Fimages%2Ftoggige-arrow.jpg&path=%2Fhomepages%2F21%2Fd4298745088%2Fhtdocs%2Fimages HTTP/1.1" 200 43514 aimdigital.com.au "-" "Mozilla/5.0 AppleWebKit/537.36 (KHTML, like Gecko; compatible; ClaudeBot/1.0; +claudebot@anthropic.com)" "-"
74.7.227.0 - - [30/Mar/2026:01:23:01 -0400] "GET /favicon.ico?fileloc=//sbin/groupadd&path=//sbin HTTP/1.1" 200 65212 aimdigital.com.au "https://aimdigital.com.au/favicon.ico?path=//sbin" "Mozilla/5.0 AppleWebKit/537.36 (KHTML, like Gecko; compatible; GPTBot/1.3; +https://openai.com/gptbot)" "-"
2a03:2880:f800:: - - [30/Mar/2026:01:23:02 -0400] "GET /goodscode/4051435632?fileloc=/homepages/21/d4298745088/htdocs/wp-includes/class-wp-network-query.php&path=/homepages/21/d4298745088/htdocs/wp-includes HTTP/1.1" 429 267 aimdigital.com.au "-" "meta-externalagent/1.1 (+https://developers.facebook.com/docs/sharing/webmasters/crawler)" "-"
2a03:2880:f800:: - - [30/Mar/2026:01:23:05 -0400] "GET /goodscode/4051435632?fileloc=/homepages/21/d4298745088/htdocs/wp-includes/index.php&path=/homepages/21/d4298745088/htdocs/wp-includes HTTP/1.1" 429 267 aimdigital.com.au "-" "meta-externalagent/1.1 (+https://developers.facebook.com/docs/sharing/webmasters/crawler)" "-"
216.73.216.0 - - [30/Mar/2026:01:23:06 -0400] "GET /goodscode/973375874?fileloc=%2Fhomepages%2F21%2Fd4298745088%2Flast_traffic&path=%2Fhomepages%2F21%2Fd4298745088 HTTP/1.1" 200 12334 aimdigital.com.au "-" "Mozilla/5.0 AppleWebKit/537.36 (KHTML, like Gecko; compatible; ClaudeBot/1.0; +claudebot@anthropic.com)" "-"
2a03:2880:f800:: - - [30/Mar/2026:01:23:09 -0400] "GET /goodscode/4051435632?fileloc=/homepages/21/d4298745088/htdocs/wp-includes/feed-rss2-comments.php&path=/homepages/21/d4298745088/htdocs/wp-includes HTTP/1.1" 429 267 aimdigital.com.au "-" "meta-externalagent/1.1 (+https://developers.facebook.com/docs/sharing/webmasters/crawler)" "-"
216.73.216.0 - - [30/Mar/2026:01:23:11 -0400] "GET /goodscode/780801673?fileloc=%2Fhomepages%2F21%2Fd4298745088%2Flast_traffic&path=%2Fhomepages%2F21%2Fd4298745088 HTTP/1.1" 200 12334 aimdigital.com.au "-" "Mozilla/5.0 AppleWebKit/537.36 (KHTML, like Gecko; compatible; ClaudeBot/1.0; +claudebot@anthropic.com)" "-"
2a03:2880:f800:: - - [30/Mar/2026:01:23:12 -0400] "GET /goodscode/4051435632?fileloc=/homepages/21/d4298745088/htdocs/wp-includes/class-wp-http-requests-response.php&path=/homepages/21/d4298745088/htdocs/wp-includes HTTP/1.1" 429 267 aimdigital.com.au "-" "meta-externalagent/1.1 (+https://developers.facebook.com/docs/sharing/webmasters/crawler)" "-"
216.73.216.0 - - [30/Mar/2026:01:23:16 -0400] "GET /goodscode/2335944201?fileloc=%2Fhomepages%2F21%2Fd4298745088%2Flast_traffic&path=%2Fhomepages%2F21%2Fd4298745088 HTTP/1.1" 200 12334 aimdigital.com.au "-" "Mozilla/5.0 AppleWebKit/537.36 (KHTML, like Gecko; compatible; ClaudeBot/1.0; +claudebot@anthropic.com)" "-"
2a03:2880:f800:: - - [30/Mar/2026:01:23:17 -0400] "GET /goodscode/4051435632?fileloc=/homepages/21/d4298745088/htdocs/wp-includes/class-wp-comment-query.php&path=/homepages/21/d4298745088/htdocs/wp-includes HTTP/1.1" 200 68269 aimdigital.com.au "-" "meta-externalagent/1.1 (+https://developers.facebook.com/docs/sharing/webmasters/crawler)" "-"
209.38.171.0 - - [30/Mar/2026:01:23:20 -0400] "GET /wp-content/plugins/kpbwd/ok.php HTTP/1.1" 403 239 aimdigital.com.au "https://platinumdomglobal.s3.amazonaws.com/" "Mozilla/5.0 (Linux; arm_64; Android 15; 23124RA7EO) AppleWebKit/537.36 (KHTML, like Gecko) Chrome/142.0.7444.1035 YaSearchBrowser/25.124.1 BroPP/1.0 YaSearchApp/25.124.1 webOmni Mobile Safari/537.36" "-"
209.38.171.0 - - [30/Mar/2026:01:23:20 -0400] "GET /favicon.ico HTTP/1.1" 200 75488 aimdigital.com.au "https://aimdigital.com.au/wp-content/plugins/kpbwd/ok.php" "Mozilla/5.0 (Linux; arm_64; Android 15; 23124RA7EO) AppleWebKit/537.36 (KHTML, like Gecko) Chrome/142.0.7444.1035 YaSearchBrowser/25.124.1 BroPP/1.0 YaSearchApp/25.124.1 webOmni Mobile Safari/537.36" "-"
91.134.142.0 - - [30/Mar/2026:01:23:20 -0400] "GET /wp-content/plugins/kpbwd/ok.php HTTP/1.1" 403 239 aimdigital.com.au "https://platinumdomglobal.s3.amazonaws.com/" "Mozilla/5.0 (Linux; arm_64; Android 15; 23124RA7EO) AppleWebKit/537.36 (KHTML, like Gecko) Chrome/142.0.7444.1035 YaSearchBrowser/25.124.1 BroPP/1.0 YaSearchApp/25.124.1 webOmni Mobile Safari/537.36" "-"
91.134.142.0 - - [30/Mar/2026:01:23:21 -0400] "GET /favicon.ico HTTP/1.1" 200 75488 aimdigital.com.au "https://aimdigital.com.au/wp-content/plugins/kpbwd/ok.php" "Mozilla/5.0 (Linux; arm_64; Android 15; 23124RA7EO) AppleWebKit/537.36 (KHTML, like Gecko) Chrome/142.0.7444.1035 YaSearchBrowser/25.124.1 BroPP/1.0 YaSearchApp/25.124.1 webOmni Mobile Safari/537.36" "-"
216.73.216.0 - - [30/Mar/2026:01:23:21 -0400] "GET /goodscode/2632892698?fileloc=%2Fhomepages%2F21%2Fd4298745088%2Flast_traffic&path=%2Fhomepages%2F21%2Fd4298745088 HTTP/1.1" 200 12334 aimdigital.com.au "-" "Mozilla/5.0 AppleWebKit/537.36 (KHTML, like Gecko; compatible; ClaudeBot/1.0; +claudebot@anthropic.com)" "-"
57.129.134.0 - - [30/Mar/2026:01:23:21 -0400] "GET /wp-content/plugins/kpbwd/ok.php HTTP/1.1" 403 239 aimdigital.com.au "https://platinumdomglobal.s3.amazonaws.com/" "Mozilla/5.0 (Linux; arm_64; Android 15; 23124RA7EO) AppleWebKit/537.36 (KHTML, like Gecko) Chrome/142.0.7444.1035 YaSearchBrowser/25.124.1 BroPP/1.0 YaSearchApp/25.124.1 webOmni Mobile Safari/537.36" "-"
57.129.134.0 - - [30/Mar/2026:01:23:21 -0400] "GET /favicon.ico HTTP/1.1" 200 75488 aimdigital.com.au "https://aimdigital.com.au/wp-content/plugins/kpbwd/ok.php" "Mozilla/5.0 (Linux; arm_64; Android 15; 23124RA7EO) AppleWebKit/537.36 (KHTML, like Gecko) Chrome/142.0.7444.1035 YaSearchBrowser/25.124.1 BroPP/1.0 YaSearchApp/25.124.1 webOmni Mobile Safari/537.36" "-"
66.249.69.0 - - [30/Mar/2026:01:23:22 -0400] "GET /goodscode/1792549342 HTTP/1.1" 200 374337 aimdigital.com.au "-" "Mozilla/5.0 (Linux; Android 6.0.1; Nexus 5X Build/MMB29P) AppleWebKit/537.36 (KHTML, like Gecko) Chrome/146.0.7680.153 Mobile Safari/537.36 (compatible; GoogleOther)" "-"
2a03:2880:f800:: - - [30/Mar/2026:01:23:22 -0400] "GET /goodscode/4051435632?fileloc=/homepages/21/d4298745088/htdocs/wp-includes/class-wp-user-meta-session-tokens.php&path=/homepages/21/d4298745088/htdocs/wp-includes HTTP/1.1" 200 15647 aimdigital.com.au "-" "meta-externalagent/1.1 (+https://developers.facebook.com/docs/sharing/webmasters/crawler)" "-"
106.161.65.0 - - [30/Mar/2026:01:23:26 -0400] "GET /wp-content/plugins/kpbwd/ok.php HTTP/1.1" 403 239 aimdigital.com.au "https://platinumdomglobal.s3.amazonaws.com/" "Mozilla/5.0 (Linux; arm_64; Android 15; 23124RA7EO) AppleWebKit/537.36 (KHTML, like Gecko) Chrome/142.0.7444.1035 YaSearchBrowser/25.124.1 BroPP/1.0 YaSearchApp/25.124.1 webOmni Mobile Safari/537.36" "-"
106.161.65.0 - - [30/Mar/2026:01:23:27 -0400] "GET /favicon.ico HTTP/1.1" 200 75488 aimdigital.com.au "https://aimdigital.com.au/wp-content/plugins/kpbwd/ok.php" "Mozilla/5.0 (Linux; arm_64; Android 15; 23124RA7EO) AppleWebKit/537.36 (KHTML, like Gecko) Chrome/142.0.7444.1035 YaSearchBrowser/25.124.1 BroPP/1.0 YaSearchApp/25.124.1 webOmni Mobile Safari/537.36" "-"
216.73.216.0 - - [30/Mar/2026:01:23:28 -0400] "GET /goodscode/2312993790?fileloc=%2Fhomepages%2F21%2Fd4298745088%2Fhtdocs%2Flogs%2Ftraffic.db&path=%2Fhomepages%2F21%2Fd4298745088%2Fhtdocs%2Flogs HTTP/1.1" 200 56089 aimdigital.com.au "-" "Mozilla/5.0 AppleWebKit/537.36 (KHTML, like Gecko; compatible; ClaudeBot/1.0; +claudebot@anthropic.com)" "-"
206.189.247.0 - - [30/Mar/2026:01:23:30 -0400] "GET /wp-content/plugins/kpbwd/ok.php HTTP/1.1" 403 239 aimdigital.com.au "https://pl8865domm.s3.amazonaws.com/" "Mozilla/5.0 (Linux; Android 10; K) AppleWebKit/537.36 (KHTML, like Gecko) Chrome/138.0.0.0 Mobile Safari/537.36" "-"
46.224.147.0 - - [30/Mar/2026:01:23:30 -0400] "GET /wp-content/plugins/kpbwd/ok.php HTTP/1.1" 403 239 aimdigital.com.au "https://pl8865domm.s3.amazonaws.com/" "Mozilla/5.0 (Linux; Android 10; K) AppleWebKit/537.36 (KHTML, like Gecko) Chrome/138.0.0.0 Mobile Safari/537.36" "-"
206.189.247.0 - - [30/Mar/2026:01:23:30 -0400] "GET /favicon.ico HTTP/1.1" 200 75488 aimdigital.com.au "https://aimdigital.com.au/wp-content/plugins/kpbwd/ok.php" "Mozilla/5.0 (Linux; Android 10; K) AppleWebKit/537.36 (KHTML, like Gecko) Chrome/138.0.0.0 Mobile Safari/537.36" "-"
46.224.147.0 - - [30/Mar/2026:01:23:30 -0400] "GET /favicon.ico HTTP/1.1" 200 75488 aimdigital.com.au "https://aimdigital.com.au/wp-content/plugins/kpbwd/ok.php" "Mozilla/5.0 (Linux; Android 10; K) AppleWebKit/537.36 (KHTML, like Gecko) Chrome/138.0.0.0 Mobile Safari/537.36" "-"
91.134.43.0 - - [30/Mar/2026:01:23:33 -0400] "GET /wp-content/plugins/kpbwd/ok.php HTTP/1.1" 403 239 aimdigital.com.au "https://pl8865domm.s3.amazonaws.com/" "Mozilla/5.0 (Linux; Android 10; K) AppleWebKit/537.36 (KHTML, like Gecko) Chrome/138.0.0.0 Mobile Safari/537.36" "-"
216.73.216.0 - - [30/Mar/2026:01:23:33 -0400] "GET /goodscode/4153387885?fileloc=%2Fhomepages%2F21%2Fd4298745088%2Fhtdocs%2Fold%2Fconfig-main_251202091947.php&path=%2Fhomepages%2F21%2Fd4298745088%2Fhtdocs%2Fold HTTP/1.1" 200 12482 aimdigital.com.au "-" "Mozilla/5.0 AppleWebKit/537.36 (KHTML, like Gecko; compatible; ClaudeBot/1.0; +claudebot@anthropic.com)" "-"
91.134.43.0 - - [30/Mar/2026:01:23:33 -0400] "GET /favicon.ico HTTP/1.1" 200 75488 aimdigital.com.au "https://aimdigital.com.au/wp-content/plugins/kpbwd/ok.php" "Mozilla/5.0 (Linux; Android 10; K) AppleWebKit/537.36 (KHTML, like Gecko) Chrome/138.0.0.0 Mobile Safari/537.36" "-"
46.62.234.0 - - [30/Mar/2026:01:23:34 -0400] "GET /wp-content/plugins/kpbwd/ok.php HTTP/1.1" 403 239 aimdigital.com.au "https://pl8865domm.s3.amazonaws.com/" "Mozilla/5.0 (iPhone; CPU iPhone OS 15_0 like Mac OS X) AppleWebKit/605.1.15 (KHTML, like Gecko) Version/15.0 Mobile/15E148 Safari/604.1" "-"
46.62.234.0 - - [30/Mar/2026:01:23:34 -0400] "GET /favicon.ico HTTP/1.1" 200 75488 aimdigital.com.au "https://aimdigital.com.au/wp-content/plugins/kpbwd/ok.php" "Mozilla/5.0 (iPhone; CPU iPhone OS 15_0 like Mac OS X) AppleWebKit/605.1.15 (KHTML, like Gecko) Version/15.0 Mobile/15E148 Safari/604.1" "-"
140.235.164.0 - - [30/Mar/2026:01:23:35 -0400] "GET /wp-content/plugins/kpbwd/ok.php HTTP/1.1" 403 239 aimdigital.com.au "https://pl8865domm.s3.amazonaws.com/" "Mozilla/5.0 (iPhone; CPU iPhone OS 15_0 like Mac OS X) AppleWebKit/605.1.15 (KHTML, like Gecko) Version/15.0 Mobile/15E148 Safari/604.1" "-"
106.161.65.0 - - [30/Mar/2026:01:23:35 -0400] "GET /wp-content/plugins/kpbwd/ok.php HTTP/1.1" 403 239 aimdigital.com.au "https://pl8865domm.s3.amazonaws.com/" "Mozilla/5.0 (Linux; Android 10; K) AppleWebKit/537.36 (KHTML, like Gecko) Chrome/138.0.0.0 Mobile Safari/537.36" "-"
