HEX
Server: Apache
System: Linux infong-us-cl0082 4.4.400-icpu-107 #2 SMP Tue Nov 18 10:27:58 UTC 2025 x86_64
User: ws67252883 (67252883)
PHP: 8.4.19
Disabled: NONE
Upload Files
File: /homepages/21/d4298745088/htdocs/logs/access.log.14.1
170.64.251.0 - - [30/Mar/2026:00:00:00 -0400] "GET /wp-content/plugins/kpbwd/ok.php HTTP/1.1" 403 239 aimdigital.com.au "https://pl8865domm.s3.amazonaws.com/" "Mozilla/5.0 (Linux; Android 10; K) AppleWebKit/537.36 (KHTML, like Gecko) Chrome/140.0.0.0 Mobile Safari/537.36" "-"
45.250.255.0 - - [30/Mar/2026:00:00:00 -0400] "GET /favicon.ico HTTP/1.1" 200 75480 aimdigital.com.au "https://aimdigital.com.au/wp-content/plugins/kpbwd/ok.php" "Mozilla/5.0 (Linux; Android 10; K) AppleWebKit/537.36 (KHTML, like Gecko) Chrome/146.0.0.0 Mobile Safari/537.36" "-"
170.64.251.0 - - [30/Mar/2026:00:00:00 -0400] "GET /favicon.ico HTTP/1.1" 200 75480 aimdigital.com.au "https://aimdigital.com.au/wp-content/plugins/kpbwd/ok.php" "Mozilla/5.0 (Linux; Android 10; K) AppleWebKit/537.36 (KHTML, like Gecko) Chrome/140.0.0.0 Mobile Safari/537.36" "-"
185.18.222.0 - - [30/Mar/2026:00:00:01 -0400] "GET /wp-content/plugins/kpbwd/ok.php HTTP/1.1" 403 239 aimdigital.com.au "https://pl8865domm.s3.amazonaws.com/" "Mozilla/5.0 (Linux; Android 10; K) AppleWebKit/537.36 (KHTML, like Gecko) Chrome/146.0.0.0 Mobile Safari/537.36" "-"
74.7.227.0 - - [30/Mar/2026:00:00:01 -0400] "GET /goodscode/5110304?path=//var/run HTTP/1.1" 200 19451 aimdigital.com.au "https://aimdigital.com.au/goodscode/5110304?path=//var" "Mozilla/5.0 AppleWebKit/537.36 (KHTML, like Gecko; compatible; GPTBot/1.3; +https://openai.com/gptbot)" "-"
216.73.216.0 - - [30/Mar/2026:00:00:01 -0400] "GET /goodscode/1440840526 HTTP/1.1" 200 75480 aimdigital.com.au "-" "Mozilla/5.0 AppleWebKit/537.36 (KHTML, like Gecko; compatible; ClaudeBot/1.0; +claudebot@anthropic.com)" "-"
185.18.222.0 - - [30/Mar/2026:00:00:01 -0400] "GET /favicon.ico HTTP/1.1" 200 75480 aimdigital.com.au "https://aimdigital.com.au/wp-content/plugins/kpbwd/ok.php" "Mozilla/5.0 (Linux; Android 10; K) AppleWebKit/537.36 (KHTML, like Gecko) Chrome/146.0.0.0 Mobile Safari/537.36" "-"
2a03:2880:f800:: - - [30/Mar/2026:00:00:03 -0400] "GET /goodscode/3625222714?path=/homepages/21/d4298745088/htdocs/wp-admin/maint HTTP/1.1" 200 17472 aimdigital.com.au "-" "meta-externalagent/1.1 (+https://developers.facebook.com/docs/sharing/webmasters/crawler)" "-"
138.199.39.0 - - [30/Mar/2026:00:00:03 -0400] "GET /wp-content/plugins/kpbwd/ok.php HTTP/1.1" 403 239 aimdigital.com.au "https://pl8865domm.s3.amazonaws.com/" "Mozilla/5.0 (Linux; Android 10; K) AppleWebKit/537.36 (KHTML, like Gecko) Chrome/146.0.0.0 Mobile Safari/537.36" "-"
138.199.39.0 - - [30/Mar/2026:00:00:04 -0400] "GET /wp-content/plugins/kpbwd/ok.php HTTP/1.1" 403 239 aimdigital.com.au "https://pl8865domm.s3.amazonaws.com/" "Mozilla/5.0 (Linux; Android 10; K) AppleWebKit/537.36 (KHTML, like Gecko) Chrome/145.0.0.0 Mobile Safari/537.36" "-"
138.199.39.0 - - [30/Mar/2026:00:00:04 -0400] "GET /favicon.ico HTTP/1.1" 200 75480 aimdigital.com.au "https://aimdigital.com.au/wp-content/plugins/kpbwd/ok.php" "Mozilla/5.0 (Linux; Android 10; K) AppleWebKit/537.36 (KHTML, like Gecko) Chrome/146.0.0.0 Mobile Safari/537.36" "-"
128.90.0.0 - - [30/Mar/2026:00:00:05 -0400] "GET /wp-content/plugins/kpbwd/ok.php HTTP/1.1" 403 239 aimdigital.com.au "https://pl8865domm.s3.amazonaws.com/" "Mozilla/5.0 (Linux; Android 10; K) AppleWebKit/537.36 (KHTML, like Gecko) Chrome/145.0.0.0 Mobile Safari/537.36" "-"
138.199.39.0 - - [30/Mar/2026:00:00:05 -0400] "GET /favicon.ico HTTP/1.1" 200 75480 aimdigital.com.au "https://aimdigital.com.au/wp-content/plugins/kpbwd/ok.php" "Mozilla/5.0 (Linux; Android 10; K) AppleWebKit/537.36 (KHTML, like Gecko) Chrome/145.0.0.0 Mobile Safari/537.36" "-"
106.161.65.0 - - [30/Mar/2026:00:00:06 -0400] "GET /wp-content/plugins/kpbwd/ok.php HTTP/1.1" 403 239 aimdigital.com.au "https://pl8865domm.s3.amazonaws.com/" "Mozilla/5.0 (Linux; Android 10; K) AppleWebKit/537.36 (KHTML, like Gecko) Chrome/145.0.0.0 Mobile Safari/537.36" "-"
128.90.0.0 - - [30/Mar/2026:00:00:06 -0400] "GET /favicon.ico HTTP/1.1" 200 75480 aimdigital.com.au "https://aimdigital.com.au/wp-content/plugins/kpbwd/ok.php" "Mozilla/5.0 (Linux; Android 10; K) AppleWebKit/537.36 (KHTML, like Gecko) Chrome/145.0.0.0 Mobile Safari/537.36" "-"
216.73.216.0 - - [30/Mar/2026:00:00:06 -0400] "GET /goodscode/123067991 HTTP/1.1" 429 267 aimdigital.com.au "-" "Mozilla/5.0 AppleWebKit/537.36 (KHTML, like Gecko; compatible; ClaudeBot/1.0; +claudebot@anthropic.com)" "-"
106.161.65.0 - - [30/Mar/2026:00:00:06 -0400] "GET /favicon.ico HTTP/1.1" 200 75480 aimdigital.com.au "https://aimdigital.com.au/wp-content/plugins/kpbwd/ok.php" "Mozilla/5.0 (Linux; Android 10; K) AppleWebKit/537.36 (KHTML, like Gecko) Chrome/145.0.0.0 Mobile Safari/537.36" "-"
45.250.255.0 - - [30/Mar/2026:00:00:07 -0400] "GET /wp-content/plugins/kpbwd/ok.php HTTP/1.1" 403 239 aimdigital.com.au "https://pl8865domm.s3.amazonaws.com/" "Mozilla/5.0 (iPhone; CPU iPhone OS 18_0_1 like Mac OS X) AppleWebKit/605.1.15 (KHTML, like Gecko) Version/18.0.1 Mobile/15E148 Safari/604.1" "-"
45.250.255.0 - - [30/Mar/2026:00:00:07 -0400] "GET /favicon.ico HTTP/1.1" 200 75480 aimdigital.com.au "https://aimdigital.com.au/wp-content/plugins/kpbwd/ok.php" "Mozilla/5.0 (iPhone; CPU iPhone OS 18_0_1 like Mac OS X) AppleWebKit/605.1.15 (KHTML, like Gecko) Version/18.0.1 Mobile/15E148 Safari/604.1" "-"
216.73.216.0 - - [30/Mar/2026:00:00:11 -0400] "GET /goodscode/3358297882 HTTP/1.1" 429 267 aimdigital.com.au "-" "Mozilla/5.0 AppleWebKit/537.36 (KHTML, like Gecko; compatible; ClaudeBot/1.0; +claudebot@anthropic.com)" "-"
185.18.222.0 - - [30/Mar/2026:00:00:12 -0400] "GET /wp-content/plugins/kpbwd/ok.php HTTP/1.1" 403 239 aimdigital.com.au "https://pl8865domm.s3.amazonaws.com/" "Mozilla/5.0 (iPhone; CPU iPhone OS 18_0_1 like Mac OS X) AppleWebKit/605.1.15 (KHTML, like Gecko) Version/18.0.1 Mobile/15E148 Safari/604.1" "-"
140.235.164.0 - - [30/Mar/2026:00:00:12 -0400] "GET /wp-content/plugins/kpbwd/ok.php HTTP/1.1" 403 239 aimdigital.com.au "https://pl8865domm.s3.amazonaws.com/" "Mozilla/5.0 (iPhone; CPU iPhone OS 18_0_1 like Mac OS X) AppleWebKit/605.1.15 (KHTML, like Gecko) Version/18.0.1 Mobile/15E148 Safari/604.1" "-"
140.235.164.0 - - [30/Mar/2026:00:00:13 -0400] "GET /favicon.ico HTTP/1.1" 200 75480 aimdigital.com.au "https://aimdigital.com.au/wp-content/plugins/kpbwd/ok.php" "Mozilla/5.0 (iPhone; CPU iPhone OS 18_0_1 like Mac OS X) AppleWebKit/605.1.15 (KHTML, like Gecko) Version/18.0.1 Mobile/15E148 Safari/604.1" "-"
106.161.65.0 - - [30/Mar/2026:00:00:15 -0400] "GET /wp-content/plugins/kpbwd/ok.php HTTP/1.1" 403 239 aimdigital.com.au "https://pl8865domm.s3.amazonaws.com/" "Mozilla/5.0 (iPhone; CPU iPhone OS 18_0_1 like Mac OS X) AppleWebKit/605.1.15 (KHTML, like Gecko) Version/18.0.1 Mobile/15E148 Safari/604.1" "-"
106.161.65.0 - - [30/Mar/2026:00:00:15 -0400] "GET /favicon.ico HTTP/1.1" 200 75480 aimdigital.com.au "https://aimdigital.com.au/wp-content/plugins/kpbwd/ok.php" "Mozilla/5.0 (iPhone; CPU iPhone OS 18_0_1 like Mac OS X) AppleWebKit/605.1.15 (KHTML, like Gecko) Version/18.0.1 Mobile/15E148 Safari/604.1" "-"
66.249.69.0 - - [30/Mar/2026:00:00:16 -0400] "GET /goodscode/1577611280 HTTP/1.1" 200 397504 aimdigital.com.au "-" "Mozilla/5.0 (Linux; Android 6.0.1; Nexus 5X Build/MMB29P) AppleWebKit/537.36 (KHTML, like Gecko) Chrome/146.0.7680.153 Mobile Safari/537.36 (compatible; GoogleOther)" "-"
216.73.216.0 - - [30/Mar/2026:00:00:16 -0400] "GET /goodscode/4134151600 HTTP/1.1" 429 267 aimdigital.com.au "-" "Mozilla/5.0 AppleWebKit/537.36 (KHTML, like Gecko; compatible; ClaudeBot/1.0; +claudebot@anthropic.com)" "-"
138.199.39.0 - - [30/Mar/2026:00:00:18 -0400] "GET /wp-content/plugins/kpbwd/ok.php HTTP/1.1" 403 239 aimdigital.com.au "https://pl8865domm.s3.amazonaws.com/" "Mozilla/5.0 (Linux; Android 10; K) AppleWebKit/537.36 (KHTML, like Gecko) Chrome/134.0.0.0 Mobile Safari/537.36" "-"
23.82.96.0 - - [30/Mar/2026:00:00:19 -0400] "GET /wp-content/plugins/kpbwd/ok.php HTTP/1.1" 403 239 aimdigital.com.au "https://pl8865domm.s3.amazonaws.com/" "Mozilla/5.0 (Linux; Android 10; K) AppleWebKit/537.36 (KHTML, like Gecko) Chrome/134.0.0.0 Mobile Safari/537.36" "-"
138.199.39.0 - - [30/Mar/2026:00:00:19 -0400] "GET /favicon.ico HTTP/1.1" 200 75480 aimdigital.com.au "https://aimdigital.com.au/wp-content/plugins/kpbwd/ok.php" "Mozilla/5.0 (Linux; Android 10; K) AppleWebKit/537.36 (KHTML, like Gecko) Chrome/134.0.0.0 Mobile Safari/537.36" "-"
2a03:2880:f800:: - - [30/Mar/2026:00:00:19 -0400] "GET /goodscode/3625222714?fileloc=/homepages/21/d4298745088/htdocs/wp-admin/ms-delete-site.php&path=/homepages/21/d4298745088/htdocs/wp-admin HTTP/1.1" 200 17911 aimdigital.com.au "-" "meta-externalagent/1.1 (+https://developers.facebook.com/docs/sharing/webmasters/crawler)" "-"
23.82.96.0 - - [30/Mar/2026:00:00:19 -0400] "GET /favicon.ico HTTP/1.1" 200 75480 aimdigital.com.au "https://aimdigital.com.au/wp-content/plugins/kpbwd/ok.php" "Mozilla/5.0 (Linux; Android 10; K) AppleWebKit/537.36 (KHTML, like Gecko) Chrome/134.0.0.0 Mobile Safari/537.36" "-"
170.64.241.0 - - [30/Mar/2026:00:00:21 -0400] "GET /wp-content/plugins/kpbwd/ok.php HTTP/1.1" 403 239 aimdigital.com.au "https://pl8865domm.s3.amazonaws.com/" "Mozilla/5.0 (Linux; Android 10; K) AppleWebKit/537.36 (KHTML, like Gecko) Chrome/134.0.0.0 Mobile Safari/537.36" "-"
216.73.216.0 - - [30/Mar/2026:00:00:21 -0400] "GET /goodscode/128868894 HTTP/1.1" 429 267 aimdigital.com.au "-" "Mozilla/5.0 AppleWebKit/537.36 (KHTML, like Gecko; compatible; ClaudeBot/1.0; +claudebot@anthropic.com)" "-"
170.64.241.0 - - [30/Mar/2026:00:00:21 -0400] "GET /favicon.ico HTTP/1.1" 200 75480 aimdigital.com.au "https://aimdigital.com.au/wp-content/plugins/kpbwd/ok.php" "Mozilla/5.0 (Linux; Android 10; K) AppleWebKit/537.36 (KHTML, like Gecko) Chrome/134.0.0.0 Mobile Safari/537.36" "-"
141.227.129.0 - - [30/Mar/2026:00:00:23 -0400] "GET /wp-content/plugins/kpbwd/ok.php HTTP/1.1" 403 239 aimdigital.com.au "https://pl8865domm.s3.amazonaws.com/" "Mozilla/5.0 (Linux; Android 10; K) AppleWebKit/537.36 (KHTML, like Gecko) Chrome/134.0.0.0 Mobile Safari/537.36" "-"
141.227.129.0 - - [30/Mar/2026:00:00:23 -0400] "GET /favicon.ico HTTP/1.1" 200 75480 aimdigital.com.au "https://aimdigital.com.au/wp-content/plugins/kpbwd/ok.php" "Mozilla/5.0 (Linux; Android 10; K) AppleWebKit/537.36 (KHTML, like Gecko) Chrome/134.0.0.0 Mobile Safari/537.36" "-"
216.73.216.0 - - [30/Mar/2026:00:00:26 -0400] "GET /goodscode/1480862471 HTTP/1.1" 429 267 aimdigital.com.au "-" "Mozilla/5.0 AppleWebKit/537.36 (KHTML, like Gecko; compatible; ClaudeBot/1.0; +claudebot@anthropic.com)" "-"
51.91.156.0 - - [30/Mar/2026:00:00:29 -0400] "GET /wp-content/plugins/kpbwd/ok.php HTTP/1.1" 403 239 aimdigital.com.au "https://pl8865domm.s3.amazonaws.com/" "Mozilla/5.0 (Linux; Android 10; K) AppleWebKit/537.36 (KHTML, like Gecko) Chrome/134.0.0.0 Mobile Safari/537.36" "-"
146.190.185.0 - - [30/Mar/2026:00:00:29 -0400] "GET /wp-content/plugins/kpbwd/ok.php HTTP/1.1" 403 239 aimdigital.com.au "https://pl8865domm.s3.amazonaws.com/" "Mozilla/5.0 (Linux; Android 10; K) AppleWebKit/537.36 (KHTML, like Gecko) Chrome/134.0.0.0 Mobile Safari/537.36" "-"
146.190.185.0 - - [30/Mar/2026:00:00:30 -0400] "GET /favicon.ico HTTP/1.1" 200 75480 aimdigital.com.au "https://aimdigital.com.au/wp-content/plugins/kpbwd/ok.php" "Mozilla/5.0 (Linux; Android 10; K) AppleWebKit/537.36 (KHTML, like Gecko) Chrome/134.0.0.0 Mobile Safari/537.36" "-"
51.91.156.0 - - [30/Mar/2026:00:00:30 -0400] "GET /favicon.ico HTTP/1.1" 200 75480 aimdigital.com.au "https://aimdigital.com.au/wp-content/plugins/kpbwd/ok.php" "Mozilla/5.0 (Linux; Android 10; K) AppleWebKit/537.36 (KHTML, like Gecko) Chrome/134.0.0.0 Mobile Safari/537.36" "-"
216.73.216.0 - - [30/Mar/2026:00:00:31 -0400] "GET /goodscode/3325032546 HTTP/1.1" 429 267 aimdigital.com.au "-" "Mozilla/5.0 AppleWebKit/537.36 (KHTML, like Gecko; compatible; ClaudeBot/1.0; +claudebot@anthropic.com)" "-"
57.129.137.0 - - [30/Mar/2026:00:00:34 -0400] "GET /wp-content/plugins/kpbwd/ok.php HTTP/1.1" 403 239 aimdigital.com.au "https://platinumdomglobal.s3.amazonaws.com/" "Mozilla/5.0 (Linux; Android 10; K) AppleWebKit/537.36 (KHTML, like Gecko) Chrome/142.0.0.0 Mobile Safari/537.36" "-"
2a03:2880:f800:: - - [30/Mar/2026:00:00:34 -0400] "GET /goodscode/3625222714?fileloc=/homepages/21/d4298745088/htdocs/wp-admin/authorize-application.php&path=/homepages/21/d4298745088/htdocs/wp-admin HTTP/1.1" 200 25015 aimdigital.com.au "-" "meta-externalagent/1.1 (+https://developers.facebook.com/docs/sharing/webmasters/crawler)" "-"
57.129.137.0 - - [30/Mar/2026:00:00:34 -0400] "GET /favicon.ico HTTP/1.1" 200 75480 aimdigital.com.au "https://aimdigital.com.au/wp-content/plugins/kpbwd/ok.php" "Mozilla/5.0 (Linux; Android 10; K) AppleWebKit/537.36 (KHTML, like Gecko) Chrome/142.0.0.0 Mobile Safari/537.36" "-"
23.82.96.0 - - [30/Mar/2026:00:00:34 -0400] "GET /wp-content/plugins/kpbwd/ok.php HTTP/1.1" 403 239 aimdigital.com.au "https://pl8865domm.s3.amazonaws.com/" "Mozilla/5.0 (Linux; Android 10; K) AppleWebKit/537.36 (KHTML, like Gecko) Chrome/134.0.0.0 Mobile Safari/537.36" "-"
46.62.234.0 - - [30/Mar/2026:00:00:35 -0400] "GET /wp-content/plugins/kpbwd/ok.php HTTP/1.1" 403 239 aimdigital.com.au "https://platinumdomglobal.s3.amazonaws.com/" "Mozilla/5.0 (Linux; Android 10; K) AppleWebKit/537.36 (KHTML, like Gecko) Chrome/142.0.0.0 Mobile Safari/537.36" "-"
23.82.96.0 - - [30/Mar/2026:00:00:35 -0400] "GET /favicon.ico HTTP/1.1" 200 75480 aimdigital.com.au "https://aimdigital.com.au/wp-content/plugins/kpbwd/ok.php" "Mozilla/5.0 (Linux; Android 10; K) AppleWebKit/537.36 (KHTML, like Gecko) Chrome/134.0.0.0 Mobile Safari/537.36" "-"
46.62.234.0 - - [30/Mar/2026:00:00:35 -0400] "GET /favicon.ico HTTP/1.1" 200 75480 aimdigital.com.au "https://aimdigital.com.au/wp-content/plugins/kpbwd/ok.php" "Mozilla/5.0 (Linux; Android 10; K) AppleWebKit/537.36 (KHTML, like Gecko) Chrome/142.0.0.0 Mobile Safari/537.36" "-"
128.90.0.0 - - [30/Mar/2026:00:00:36 -0400] "GET /wp-content/plugins/kpbwd/ok.php HTTP/1.1" 403 239 aimdigital.com.au "https://pl8865domm.s3.amazonaws.com/" "Mozilla/5.0 (Linux; Android 10; K) AppleWebKit/537.36 (KHTML, like Gecko) Chrome/134.0.0.0 Mobile Safari/537.36" "-"
128.90.0.0 - - [30/Mar/2026:00:00:36 -0400] "GET /favicon.ico HTTP/1.1" 200 75480 aimdigital.com.au "https://aimdigital.com.au/wp-content/plugins/kpbwd/ok.php" "Mozilla/5.0 (Linux; Android 10; K) AppleWebKit/537.36 (KHTML, like Gecko) Chrome/134.0.0.0 Mobile Safari/537.36" "-"
209.50.228.0 - - [30/Mar/2026:00:00:38 -0400] "GET /wp-content/plugins/kpbwd/ok.php HTTP/1.1" 403 239 aimdigital.com.au "https://platinumdomglobal.s3.amazonaws.com/" "Mozilla/5.0 (Linux; Android 10; K) AppleWebKit/537.36 (KHTML, like Gecko) Chrome/142.0.0.0 Mobile Safari/537.36" "-"
209.50.228.0 - - [30/Mar/2026:00:00:38 -0400] "GET /favicon.ico HTTP/1.1" 200 75480 aimdigital.com.au "https://aimdigital.com.au/wp-content/plugins/kpbwd/ok.php" "Mozilla/5.0 (Linux; Android 10; K) AppleWebKit/537.36 (KHTML, like Gecko) Chrome/142.0.0.0 Mobile Safari/537.36" "-"
216.73.216.0 - - [30/Mar/2026:00:00:40 -0400] "GET /goodscode/3652595131 HTTP/1.1" 429 267 aimdigital.com.au "-" "Mozilla/5.0 AppleWebKit/537.36 (KHTML, like Gecko; compatible; ClaudeBot/1.0; +claudebot@anthropic.com)" "-"
185.18.222.0 - - [30/Mar/2026:00:00:41 -0400] "GET /wp-content/plugins/kpbwd/ok.php HTTP/1.1" 403 239 aimdigital.com.au "https://platinumdomglobal.s3.amazonaws.com/" "Mozilla/5.0 (Linux; Android 10; K) AppleWebKit/537.36 (KHTML, like Gecko) Chrome/142.0.0.0 Mobile Safari/537.36" "-"
185.18.222.0 - - [30/Mar/2026:00:00:41 -0400] "GET /favicon.ico HTTP/1.1" 200 75480 aimdigital.com.au "https://aimdigital.com.au/wp-content/plugins/kpbwd/ok.php" "Mozilla/5.0 (Linux; Android 10; K) AppleWebKit/537.36 (KHTML, like Gecko) Chrome/142.0.0.0 Mobile Safari/537.36" "-"
66.249.69.0 - - [30/Mar/2026:00:00:42 -0400] "GET /goodscode/909818096 HTTP/1.1" 200 394896 aimdigital.com.au "-" "Mozilla/5.0 (Linux; Android 6.0.1; Nexus 5X Build/MMB29P) AppleWebKit/537.36 (KHTML, like Gecko) Chrome/146.0.7680.153 Mobile Safari/537.36 (compatible; GoogleOther)" "-"
216.73.216.0 - - [30/Mar/2026:00:00:45 -0400] "GET /goodscode/1075452774 HTTP/1.1" 429 267 aimdigital.com.au "-" "Mozilla/5.0 AppleWebKit/537.36 (KHTML, like Gecko; compatible; ClaudeBot/1.0; +claudebot@anthropic.com)" "-"
2a03:2880:f800:: - - [30/Mar/2026:00:00:47 -0400] "GET /goodscode/3625222714?fileloc=/homepages/21/d4298745088/htdocs/wp-admin/theme-install.php&path=/homepages/21/d4298745088/htdocs/wp-admin HTTP/1.1" 200 43778 aimdigital.com.au "-" "meta-externalagent/1.1 (+https://developers.facebook.com/docs/sharing/webmasters/crawler)" "-"
216.73.216.0 - - [30/Mar/2026:00:00:50 -0400] "GET /goodscode/3190064770 HTTP/1.1" 429 267 aimdigital.com.au "-" "Mozilla/5.0 AppleWebKit/537.36 (KHTML, like Gecko; compatible; ClaudeBot/1.0; +claudebot@anthropic.com)" "-"
57.129.137.0 - - [30/Mar/2026:00:00:52 -0400] "GET /wp-content/plugins/kpbwd/ok.php HTTP/1.1" 403 239 aimdigital.com.au "https://pl8865domm.s3.amazonaws.com/" "Mozilla/5.0 (iPhone; CPU iPhone OS 17_0 like Mac OS X) AppleWebKit/605.1.15 (KHTML, like Gecko) Version/17.0 Mobile/15E148 Safari/604.1" "-"
145.239.90.0 - - [30/Mar/2026:00:00:53 -0400] "GET /wp-content/plugins/kpbwd/ok.php HTTP/1.1" 403 239 aimdigital.com.au "https://pl8865domm.s3.amazonaws.com/" "Mozilla/5.0 (iPhone; CPU iPhone OS 17_0 like Mac OS X) AppleWebKit/605.1.15 (KHTML, like Gecko) Version/17.0 Mobile/15E148 Safari/604.1" "-"
57.129.137.0 - - [30/Mar/2026:00:00:53 -0400] "GET /favicon.ico HTTP/1.1" 200 75480 aimdigital.com.au "https://aimdigital.com.au/wp-content/plugins/kpbwd/ok.php" "Mozilla/5.0 (iPhone; CPU iPhone OS 17_0 like Mac OS X) AppleWebKit/605.1.15 (KHTML, like Gecko) Version/17.0 Mobile/15E148 Safari/604.1" "-"
145.239.90.0 - - [30/Mar/2026:00:00:53 -0400] "GET /favicon.ico HTTP/1.1" 200 75480 aimdigital.com.au "https://aimdigital.com.au/wp-content/plugins/kpbwd/ok.php" "Mozilla/5.0 (iPhone; CPU iPhone OS 17_0 like Mac OS X) AppleWebKit/605.1.15 (KHTML, like Gecko) Version/17.0 Mobile/15E148 Safari/604.1" "-"
23.82.99.0 - - [30/Mar/2026:00:00:54 -0400] "GET /wp-content/plugins/kpbwd/ok.php HTTP/1.1" 403 239 aimdigital.com.au "https://pl8865domm.s3.amazonaws.com/" "Mozilla/5.0 (iPhone; CPU iPhone OS 17_0 like Mac OS X) AppleWebKit/605.1.15 (KHTML, like Gecko) Version/17.0 Mobile/15E148 Safari/604.1" "-"
216.73.216.0 - - [30/Mar/2026:00:00:55 -0400] "GET /goodscode/4011273839 HTTP/1.1" 429 267 aimdigital.com.au "-" "Mozilla/5.0 AppleWebKit/537.36 (KHTML, like Gecko; compatible; ClaudeBot/1.0; +claudebot@anthropic.com)" "-"
23.82.99.0 - - [30/Mar/2026:00:00:55 -0400] "GET /favicon.ico HTTP/1.1" 200 75480 aimdigital.com.au "https://aimdigital.com.au/wp-content/plugins/kpbwd/ok.php" "Mozilla/5.0 (iPhone; CPU iPhone OS 17_0 like Mac OS X) AppleWebKit/605.1.15 (KHTML, like Gecko) Version/17.0 Mobile/15E148 Safari/604.1" "-"
74.7.227.0 - - [30/Mar/2026:00:00:55 -0400] "GET /goodscode/5110304?path=//lib/apt HTTP/1.1" 429 267 aimdigital.com.au "https://aimdigital.com.au/goodscode/5110304?path=//lib" "Mozilla/5.0 AppleWebKit/537.36 (KHTML, like Gecko; compatible; GPTBot/1.3; +https://openai.com/gptbot)" "-"
209.50.228.0 - - [30/Mar/2026:00:00:57 -0400] "GET /wp-content/plugins/kpbwd/ok.php HTTP/1.1" 403 239 aimdigital.com.au "https://pl8865domm.s3.amazonaws.com/" "Mozilla/5.0 (iPhone; CPU iPhone OS 17_0 like Mac OS X) AppleWebKit/605.1.15 (KHTML, like Gecko) Version/17.0 Mobile/15E148 Safari/604.1" "-"
138.68.120.0 - - [30/Mar/2026:00:00:57 -0400] "GET /wp-content/plugins/kpbwd/ok.php HTTP/1.1" 403 239 aimdigital.com.au "https://pl8865domm.s3.amazonaws.com/" "Mozilla/5.0 (Linux; Android 10; K) AppleWebKit/537.36 (KHTML, like Gecko) Chrome/138.0.0.0 Mobile Safari/537.36" "-"
209.50.228.0 - - [30/Mar/2026:00:00:57 -0400] "GET /favicon.ico HTTP/1.1" 200 75480 aimdigital.com.au "https://aimdigital.com.au/wp-content/plugins/kpbwd/ok.php" "Mozilla/5.0 (iPhone; CPU iPhone OS 17_0 like Mac OS X) AppleWebKit/605.1.15 (KHTML, like Gecko) Version/17.0 Mobile/15E148 Safari/604.1" "-"
138.68.120.0 - - [30/Mar/2026:00:00:57 -0400] "GET /favicon.ico HTTP/1.1" 200 75480 aimdigital.com.au "https://aimdigital.com.au/wp-content/plugins/kpbwd/ok.php" "Mozilla/5.0 (Linux; Android 10; K) AppleWebKit/537.36 (KHTML, like Gecko) Chrome/138.0.0.0 Mobile Safari/537.36" "-"
2a03:2880:f800:: - - [30/Mar/2026:00:00:59 -0400] "GET /goodscode/2728119360 HTTP/1.1" 200 75480 aimdigital.com.au "-" "meta-externalagent/1.1 (+https://developers.facebook.com/docs/sharing/webmasters/crawler)" "-"
216.73.216.0 - - [30/Mar/2026:00:01:00 -0400] "GET /goodscode/1886996026 HTTP/1.1" 429 267 aimdigital.com.au "-" "Mozilla/5.0 AppleWebKit/537.36 (KHTML, like Gecko; compatible; ClaudeBot/1.0; +claudebot@anthropic.com)" "-"
209.50.228.0 - - [30/Mar/2026:00:01:01 -0400] "GET /wp-content/plugins/kpbwd/ok.php HTTP/1.1" 403 239 aimdigital.com.au "https://pl8865domm.s3.amazonaws.com/" "Mozilla/5.0 (Linux; Android 10; K) AppleWebKit/537.36 (KHTML, like Gecko) Chrome/138.0.0.0 Mobile Safari/537.36" "-"
209.50.228.0 - - [30/Mar/2026:00:01:02 -0400] "GET /favicon.ico HTTP/1.1" 200 75480 aimdigital.com.au "https://aimdigital.com.au/wp-content/plugins/kpbwd/ok.php" "Mozilla/5.0 (Linux; Android 10; K) AppleWebKit/537.36 (KHTML, like Gecko) Chrome/138.0.0.0 Mobile Safari/537.36" "-"
65.109.14.0 - - [30/Mar/2026:00:01:02 -0400] "GET /wp-content/plugins/kpbwd/ok.php HTTP/1.1" 403 239 aimdigital.com.au "https://pl8865domm.s3.amazonaws.com/" "Mozilla/5.0 (Linux; Android 10; K) AppleWebKit/537.36 (KHTML, like Gecko) Chrome/138.0.0.0 Mobile Safari/537.36" "-"
65.109.14.0 - - [30/Mar/2026:00:01:02 -0400] "GET /favicon.ico HTTP/1.1" 200 75480 aimdigital.com.au "https://aimdigital.com.au/wp-content/plugins/kpbwd/ok.php" "Mozilla/5.0 (Linux; Android 10; K) AppleWebKit/537.36 (KHTML, like Gecko) Chrome/138.0.0.0 Mobile Safari/537.36" "-"
216.73.216.0 - - [30/Mar/2026:00:01:05 -0400] "GET /goodscode/3191231606 HTTP/1.1" 429 267 aimdigital.com.au "-" "Mozilla/5.0 AppleWebKit/537.36 (KHTML, like Gecko; compatible; ClaudeBot/1.0; +claudebot@anthropic.com)" "-"
106.161.65.0 - - [30/Mar/2026:00:01:08 -0400] "GET /wp-content/plugins/kpbwd/ok.php HTTP/1.1" 403 239 aimdigital.com.au "https://pl8865domm.s3.amazonaws.com/" "Mozilla/5.0 (Linux; Android 10; K) AppleWebKit/537.36 (KHTML, like Gecko) Chrome/138.0.0.0 Mobile Safari/537.36" "-"
66.249.69.0 - - [30/Mar/2026:00:01:08 -0400] "GET /goodscode/3027508237 HTTP/1.1" 200 375546 aimdigital.com.au "-" "Mozilla/5.0 (Linux; Android 6.0.1; Nexus 5X Build/MMB29P) AppleWebKit/537.36 (KHTML, like Gecko) Chrome/146.0.7680.153 Mobile Safari/537.36 (compatible; GoogleOther)" "-"
2a03:2880:f800:: - - [30/Mar/2026:00:01:09 -0400] "GET /goodscode/1485891112 HTTP/1.1" 200 75480 aimdigital.com.au "-" "meta-externalagent/1.1 (+https://developers.facebook.com/docs/sharing/webmasters/crawler)" "-"
106.161.65.0 - - [30/Mar/2026:00:01:09 -0400] "GET /favicon.ico HTTP/1.1" 200 75480 aimdigital.com.au "https://aimdigital.com.au/wp-content/plugins/kpbwd/ok.php" "Mozilla/5.0 (Linux; Android 10; K) AppleWebKit/537.36 (KHTML, like Gecko) Chrome/138.0.0.0 Mobile Safari/537.36" "-"
216.73.216.0 - - [30/Mar/2026:00:01:10 -0400] "GET /goodscode/2121938903 HTTP/1.1" 200 75480 aimdigital.com.au "-" "Mozilla/5.0 AppleWebKit/537.36 (KHTML, like Gecko; compatible; ClaudeBot/1.0; +claudebot@anthropic.com)" "-"
216.73.216.0 - - [30/Mar/2026:00:01:15 -0400] "GET /goodscode/2470721487 HTTP/1.1" 200 75480 aimdigital.com.au "-" "Mozilla/5.0 AppleWebKit/537.36 (KHTML, like Gecko; compatible; ClaudeBot/1.0; +claudebot@anthropic.com)" "-"
2a03:2880:f800:: - - [30/Mar/2026:00:01:18 -0400] "GET /goodscode/3625222714?path=/homepages/21/d4298745088/htdocs/wp-admin/includes HTTP/1.1" 200 187203 aimdigital.com.au "-" "meta-externalagent/1.1 (+https://developers.facebook.com/docs/sharing/webmasters/crawler)" "-"
216.73.216.0 - - [30/Mar/2026:00:01:21 -0400] "GET /goodscode/3941395435?fileloc=%2Fhomepages%2F21%2Fd4298745088%2Fhtdocs%2Fifsiv.php&path=%2Fhomepages%2F21%2Fd4298745088%2Fhtdocs HTTP/1.1" 200 44880 aimdigital.com.au "-" "Mozilla/5.0 AppleWebKit/537.36 (KHTML, like Gecko; compatible; ClaudeBot/1.0; +claudebot@anthropic.com)" "-"
216.73.216.0 - - [30/Mar/2026:00:01:26 -0400] "GET /goodscode/2672863998?fileloc=%2Fhomepages%2F21%2Fd4298745088%2Fhtdocs%2Fifsiv.php&path=%2Fhomepages%2F21%2Fd4298745088%2Fhtdocs HTTP/1.1" 200 44880 aimdigital.com.au "-" "Mozilla/5.0 AppleWebKit/537.36 (KHTML, like Gecko; compatible; ClaudeBot/1.0; +claudebot@anthropic.com)" "-"
2a03:2880:f800:: - - [30/Mar/2026:00:01:26 -0400] "GET /goodscode/3625222714?fileloc=/homepages/21/d4298745088/htdocs/wp-admin/link-add.php&path=/homepages/21/d4298745088/htdocs/wp-admin HTTP/1.1" 200 13588 aimdigital.com.au "-" "meta-externalagent/1.1 (+https://developers.facebook.com/docs/sharing/webmasters/crawler)" "-"
57.129.137.0 - - [30/Mar/2026:00:01:30 -0400] "GET /wp-content/plugins/kpbwd/ok.php HTTP/1.1" 403 239 aimdigital.com.au "https://pl8865domm.s3.amazonaws.com/" "Mozilla/5.0 (iPhone; CPU iPhone OS 16_0 like Mac OS X) AppleWebKit/605.1.15 (KHTML, like Gecko) Version/26.0 Mobile/15E148 Safari/604.1" "-"
57.129.137.0 - - [30/Mar/2026:00:01:30 -0400] "GET /favicon.ico HTTP/1.1" 200 75480 aimdigital.com.au "https://aimdigital.com.au/wp-content/plugins/kpbwd/ok.php" "Mozilla/5.0 (iPhone; CPU iPhone OS 16_0 like Mac OS X) AppleWebKit/605.1.15 (KHTML, like Gecko) Version/26.0 Mobile/15E148 Safari/604.1" "-"
51.91.159.0 - - [30/Mar/2026:00:01:30 -0400] "GET /wp-content/plugins/kpbwd/ok.php HTTP/1.1" 403 239 aimdigital.com.au "https://pl8865domm.s3.amazonaws.com/" "Mozilla/5.0 (Linux; Android 10; K) AppleWebKit/537.36 (KHTML, like Gecko) Chrome/131.0.0.0 Mobile Safari/537.36" "-"
51.91.159.0 - - [30/Mar/2026:00:01:31 -0400] "GET /favicon.ico HTTP/1.1" 200 75480 aimdigital.com.au "https://aimdigital.com.au/wp-content/plugins/kpbwd/ok.php" "Mozilla/5.0 (Linux; Android 10; K) AppleWebKit/537.36 (KHTML, like Gecko) Chrome/131.0.0.0 Mobile Safari/537.36" "-"
164.90.241.0 - - [30/Mar/2026:00:01:31 -0400] "GET /wp-content/plugins/kpbwd/ok.php HTTP/1.1" 403 239 aimdigital.com.au "https://pl8865domm.s3.amazonaws.com/" "Mozilla/5.0 (iPhone; CPU iPhone OS 16_0 like Mac OS X) AppleWebKit/605.1.15 (KHTML, like Gecko) Version/26.0 Mobile/15E148 Safari/604.1" "-"
216.73.216.0 - - [30/Mar/2026:00:01:31 -0400] "GET /goodscode/2672863998?fileloc=%2Fhomepages%2F21%2Fd4298745088%2Fhtdocs%2Fwp-blog-header.php&path=%2Fhomepages%2F21%2Fd4298745088%2Fhtdocs HTTP/1.1" 200 12948 aimdigital.com.au "-" "Mozilla/5.0 AppleWebKit/537.36 (KHTML, like Gecko; compatible; ClaudeBot/1.0; +claudebot@anthropic.com)" "-"
146.190.190.0 - - [30/Mar/2026:00:01:31 -0400] "GET /wp-content/plugins/kpbwd/ok.php HTTP/1.1" 403 239 aimdigital.com.au "https://pl8865domm.s3.amazonaws.com/" "Mozilla/5.0 (iPhone; CPU iPhone OS 16_0 like Mac OS X) AppleWebKit/605.1.15 (KHTML, like Gecko) Version/26.0 Mobile/15E148 Safari/604.1" "-"
164.90.241.0 - - [30/Mar/2026:00:01:31 -0400] "GET /favicon.ico HTTP/1.1" 200 75480 aimdigital.com.au "https://aimdigital.com.au/wp-content/plugins/kpbwd/ok.php" "Mozilla/5.0 (iPhone; CPU iPhone OS 16_0 like Mac OS X) AppleWebKit/605.1.15 (KHTML, like Gecko) Version/26.0 Mobile/15E148 Safari/604.1" "-"
146.190.190.0 - - [30/Mar/2026:00:01:32 -0400] "GET /favicon.ico HTTP/1.1" 200 75480 aimdigital.com.au "https://aimdigital.com.au/wp-content/plugins/kpbwd/ok.php" "Mozilla/5.0 (iPhone; CPU iPhone OS 16_0 like Mac OS X) AppleWebKit/605.1.15 (KHTML, like Gecko) Version/26.0 Mobile/15E148 Safari/604.1" "-"
106.161.65.0 - - [30/Mar/2026:00:01:33 -0400] "GET /wp-content/plugins/kpbwd/ok.php HTTP/1.1" 403 239 aimdigital.com.au "https://pl8865domm.s3.amazonaws.com/" "Mozilla/5.0 (iPhone; CPU iPhone OS 16_0 like Mac OS X) AppleWebKit/605.1.15 (KHTML, like Gecko) Version/26.0 Mobile/15E148 Safari/604.1" "-"
209.38.171.0 - - [30/Mar/2026:00:01:34 -0400] "GET /wp-content/plugins/kpbwd/ok.php HTTP/1.1" 403 239 aimdigital.com.au "https://platinumdomglobal.s3.amazonaws.com/" "Mozilla/5.0 (Linux; arm_64; Android 14; Infinix X678B) AppleWebKit/537.36 (KHTML, like Gecko) Chrome/142.0.7444.44 YaBrowser/25.12.8.44.00 Mobile Safari/537.36" "-"
106.161.65.0 - - [30/Mar/2026:00:01:34 -0400] "GET /favicon.ico HTTP/1.1" 200 75480 aimdigital.com.au "https://aimdigital.com.au/wp-content/plugins/kpbwd/ok.php" "Mozilla/5.0 (iPhone; CPU iPhone OS 16_0 like Mac OS X) AppleWebKit/605.1.15 (KHTML, like Gecko) Version/26.0 Mobile/15E148 Safari/604.1" "-"
209.38.171.0 - - [30/Mar/2026:00:01:34 -0400] "GET /favicon.ico HTTP/1.1" 200 75480 aimdigital.com.au "https://aimdigital.com.au/wp-content/plugins/kpbwd/ok.php" "Mozilla/5.0 (Linux; arm_64; Android 14; Infinix X678B) AppleWebKit/537.36 (KHTML, like Gecko) Chrome/142.0.7444.44 YaBrowser/25.12.8.44.00 Mobile Safari/537.36" "-"
209.50.228.0 - - [30/Mar/2026:00:01:34 -0400] "GET /wp-content/plugins/kpbwd/ok.php HTTP/1.1" 403 239 aimdigital.com.au "https://platinumdomglobal.s3.amazonaws.com/" "Mozilla/5.0 (Linux; arm_64; Android 14; Infinix X678B) AppleWebKit/537.36 (KHTML, like Gecko) Chrome/142.0.7444.44 YaBrowser/25.12.8.44.00 Mobile Safari/537.36" "-"
2a03:2880:f800:: - - [30/Mar/2026:00:01:34 -0400] "GET /goodscode/3625222714?fileloc=/homepages/21/d4298745088/htdocs/wp-admin/themes.php&path=/homepages/21/d4298745088/htdocs/wp-admin HTTP/1.1" 200 75781 aimdigital.com.au "-" "meta-externalagent/1.1 (+https://developers.facebook.com/docs/sharing/webmasters/crawler)" "-"
66.249.69.0 - - [30/Mar/2026:00:01:34 -0400] "GET /goodscode/1957003435 HTTP/1.1" 200 385992 aimdigital.com.au "-" "Mozilla/5.0 (Linux; Android 6.0.1; Nexus 5X Build/MMB29P) AppleWebKit/537.36 (KHTML, like Gecko) Chrome/146.0.7680.153 Mobile Safari/537.36 (compatible; GoogleOther)" "-"
209.50.228.0 - - [30/Mar/2026:00:01:34 -0400] "GET /favicon.ico HTTP/1.1" 200 75480 aimdigital.com.au "https://aimdigital.com.au/wp-content/plugins/kpbwd/ok.php" "Mozilla/5.0 (Linux; arm_64; Android 14; Infinix X678B) AppleWebKit/537.36 (KHTML, like Gecko) Chrome/142.0.7444.44 YaBrowser/25.12.8.44.00 Mobile Safari/537.36" "-"
141.227.129.0 - - [30/Mar/2026:00:01:35 -0400] "GET /wp-content/plugins/kpbwd/ok.php HTTP/1.1" 403 239 aimdigital.com.au "https://pl8865domm.s3.amazonaws.com/" "Mozilla/5.0 (Linux; Android 10; K) AppleWebKit/537.36 (KHTML, like Gecko) Chrome/131.0.0.0 Mobile Safari/537.36" "-"
23.82.99.0 - - [30/Mar/2026:00:01:35 -0400] "GET /wp-content/plugins/kpbwd/ok.php HTTP/1.1" 403 239 aimdigital.com.au "https://platinumdomglobal.s3.amazonaws.com/" "Mozilla/5.0 (Linux; arm_64; Android 14; Infinix X678B) AppleWebKit/537.36 (KHTML, like Gecko) Chrome/142.0.7444.44 YaBrowser/25.12.8.44.00 Mobile Safari/537.36" "-"
141.227.129.0 - - [30/Mar/2026:00:01:35 -0400] "GET /favicon.ico HTTP/1.1" 200 75480 aimdigital.com.au "https://aimdigital.com.au/wp-content/plugins/kpbwd/ok.php" "Mozilla/5.0 (Linux; Android 10; K) AppleWebKit/537.36 (KHTML, like Gecko) Chrome/131.0.0.0 Mobile Safari/537.36" "-"
23.82.99.0 - - [30/Mar/2026:00:01:36 -0400] "GET /favicon.ico HTTP/1.1" 200 75480 aimdigital.com.au "https://aimdigital.com.au/wp-content/plugins/kpbwd/ok.php" "Mozilla/5.0 (Linux; arm_64; Android 14; Infinix X678B) AppleWebKit/537.36 (KHTML, like Gecko) Chrome/142.0.7444.44 YaBrowser/25.12.8.44.00 Mobile Safari/537.36" "-"
216.73.216.0 - - [30/Mar/2026:00:01:36 -0400] "GET /goodscode/3941395435?fileloc=%2Fhomepages%2F21%2Fd4298745088%2Fhtdocs%2Findex.php&path=%2Fhomepages%2F21%2Fd4298745088%2Fhtdocs HTTP/1.1" 200 37309 aimdigital.com.au "-" "Mozilla/5.0 AppleWebKit/537.36 (KHTML, like Gecko; compatible; ClaudeBot/1.0; +claudebot@anthropic.com)" "-"
77.42.64.0 - - [30/Mar/2026:00:01:37 -0400] "GET /wp-content/plugins/kpbwd/ok.php HTTP/1.1" 403 239 aimdigital.com.au "https://pl8865domm.s3.amazonaws.com/" "Mozilla/5.0 (Linux; Android 10; K) AppleWebKit/537.36 (KHTML, like Gecko) Chrome/131.0.0.0 Mobile Safari/537.36" "-"
77.42.64.0 - - [30/Mar/2026:00:01:37 -0400] "GET /favicon.ico HTTP/1.1" 200 75480 aimdigital.com.au "https://aimdigital.com.au/wp-content/plugins/kpbwd/ok.php" "Mozilla/5.0 (Linux; Android 10; K) AppleWebKit/537.36 (KHTML, like Gecko) Chrome/131.0.0.0 Mobile Safari/537.36" "-"
216.73.216.0 - - [30/Mar/2026:00:01:41 -0400] "GET /goodscode/3941395435?fileloc=%2Fhomepages%2F21%2Fd4298745088%2Fhtdocs%2Fsicsu.php&path=%2Fhomepages%2F21%2Fd4298745088%2Fhtdocs HTTP/1.1" 200 234109 aimdigital.com.au "-" "Mozilla/5.0 AppleWebKit/537.36 (KHTML, like Gecko; compatible; ClaudeBot/1.0; +claudebot@anthropic.com)" "-"
185.18.222.0 - - [30/Mar/2026:00:01:41 -0400] "GET /wp-content/plugins/kpbwd/ok.php HTTP/1.1" 403 239 aimdigital.com.au "https://platinumdomglobal.s3.amazonaws.com/" "Mozilla/5.0 (Linux; arm_64; Android 14; Infinix X678B) AppleWebKit/537.36 (KHTML, like Gecko) Chrome/142.0.7444.44 YaBrowser/25.12.8.44.00 Mobile Safari/537.36" "-"
185.18.222.0 - - [30/Mar/2026:00:01:42 -0400] "GET /favicon.ico HTTP/1.1" 200 75480 aimdigital.com.au "https://aimdigital.com.au/wp-content/plugins/kpbwd/ok.php" "Mozilla/5.0 (Linux; arm_64; Android 14; Infinix X678B) AppleWebKit/537.36 (KHTML, like Gecko) Chrome/142.0.7444.44 YaBrowser/25.12.8.44.00 Mobile Safari/537.36" "-"
2a03:2880:f800:: - - [30/Mar/2026:00:01:42 -0400] "GET /goodscode/3625222714?fileloc=/homepages/21/d4298745088/htdocs/wp-admin/options-media.php&path=/homepages/21/d4298745088/htdocs/wp-admin HTTP/1.1" 200 21942 aimdigital.com.au "-" "meta-externalagent/1.1 (+https://developers.facebook.com/docs/sharing/webmasters/crawler)" "-"
128.90.0.0 - - [30/Mar/2026:00:01:43 -0400] "GET /wp-content/plugins/kpbwd/ok.php HTTP/1.1" 403 239 aimdigital.com.au "https://pl8865domm.s3.amazonaws.com/" "Mozilla/5.0 (iPhone; CPU iPhone OS 17_0 like Mac OS X) AppleWebKit/605.1.15 (KHTML, like Gecko) Version/17.0 Mobile/15E148 Safari/604.1" "-"
138.199.39.0 - - [30/Mar/2026:00:01:43 -0400] "GET /wp-content/plugins/kpbwd/ok.php HTTP/1.1" 403 239 aimdigital.com.au "https://pl8865domm.s3.amazonaws.com/" "Mozilla/5.0 (iPhone; CPU iPhone OS 17_0 like Mac OS X) AppleWebKit/605.1.15 (KHTML, like Gecko) Version/17.0 Mobile/15E148 Safari/604.1" "-"
128.90.0.0 - - [30/Mar/2026:00:01:44 -0400] "GET /favicon.ico HTTP/1.1" 200 75480 aimdigital.com.au "https://aimdigital.com.au/wp-content/plugins/kpbwd/ok.php" "Mozilla/5.0 (iPhone; CPU iPhone OS 17_0 like Mac OS X) AppleWebKit/605.1.15 (KHTML, like Gecko) Version/17.0 Mobile/15E148 Safari/604.1" "-"
74.7.227.0 - - [30/Mar/2026:00:01:44 -0400] "GET /goodscode/5110304?path=//lib/lsb HTTP/1.1" 200 15420 aimdigital.com.au "https://aimdigital.com.au/goodscode/5110304?path=//lib" "Mozilla/5.0 AppleWebKit/537.36 (KHTML, like Gecko; compatible; GPTBot/1.3; +https://openai.com/gptbot)" "-"
138.199.39.0 - - [30/Mar/2026:00:01:44 -0400] "GET /favicon.ico HTTP/1.1" 200 75480 aimdigital.com.au "https://aimdigital.com.au/wp-content/plugins/kpbwd/ok.php" "Mozilla/5.0 (iPhone; CPU iPhone OS 17_0 like Mac OS X) AppleWebKit/605.1.15 (KHTML, like Gecko) Version/17.0 Mobile/15E148 Safari/604.1" "-"
140.235.164.0 - - [30/Mar/2026:00:01:45 -0400] "GET /wp-content/plugins/kpbwd/ok.php HTTP/1.1" 403 239 aimdigital.com.au "https://pl8865domm.s3.amazonaws.com/" "Mozilla/5.0 (iPhone; CPU iPhone OS 17_0 like Mac OS X) AppleWebKit/605.1.15 (KHTML, like Gecko) Version/17.0 Mobile/15E148 Safari/604.1" "-"
209.50.228.0 - - [30/Mar/2026:00:01:45 -0400] "GET /wp-content/plugins/kpbwd/ok.php HTTP/1.1" 403 239 aimdigital.com.au "https://pl8865domm.s3.amazonaws.com/" "Mozilla/5.0 (Linux; Android 10; K) AppleWebKit/537.36 (KHTML, like Gecko) Chrome/142.0.0.0 Mobile Safari/537.36" "-"
185.18.222.0 - - [30/Mar/2026:00:01:45 -0400] "GET /wp-content/plugins/kpbwd/ok.php HTTP/1.1" 403 239 aimdigital.com.au "https://pl8865domm.s3.amazonaws.com/" "Mozilla/5.0 (iPhone; CPU iPhone OS 17_0 like Mac OS X) AppleWebKit/605.1.15 (KHTML, like Gecko) Version/17.0 Mobile/15E148 Safari/604.1" "-"
23.82.99.0 - - [30/Mar/2026:00:01:45 -0400] "GET /wp-content/plugins/kpbwd/ok.php HTTP/1.1" 403 239 aimdigital.com.au "https://pl8865domm.s3.amazonaws.com/" "Mozilla/5.0 (Linux; Android 10; K) AppleWebKit/537.36 (KHTML, like Gecko) Chrome/142.0.0.0 Mobile Safari/537.36" "-"
140.235.164.0 - - [30/Mar/2026:00:01:45 -0400] "GET /favicon.ico HTTP/1.1" 200 75480 aimdigital.com.au "https://aimdigital.com.au/wp-content/plugins/kpbwd/ok.php" "Mozilla/5.0 (iPhone; CPU iPhone OS 17_0 like Mac OS X) AppleWebKit/605.1.15 (KHTML, like Gecko) Version/17.0 Mobile/15E148 Safari/604.1" "-"
209.50.228.0 - - [30/Mar/2026:00:01:45 -0400] "GET /favicon.ico HTTP/1.1" 200 75480 aimdigital.com.au "https://aimdigital.com.au/wp-content/plugins/kpbwd/ok.php" "Mozilla/5.0 (Linux; Android 10; K) AppleWebKit/537.36 (KHTML, like Gecko) Chrome/142.0.0.0 Mobile Safari/537.36" "-"
209.38.113.0 - - [30/Mar/2026:00:01:45 -0400] "GET /wp-content/plugins/kpbwd/ok.php HTTP/1.1" 403 239 aimdigital.com.au "https://pl8865domm.s3.amazonaws.com/" "Mozilla/5.0 (Linux; Android 10; K) AppleWebKit/537.36 (KHTML, like Gecko) Chrome/142.0.0.0 Mobile Safari/537.36" "-"
23.82.99.0 - - [30/Mar/2026:00:01:46 -0400] "GET /favicon.ico HTTP/1.1" 200 75480 aimdigital.com.au "https://aimdigital.com.au/wp-content/plugins/kpbwd/ok.php" "Mozilla/5.0 (Linux; Android 10; K) AppleWebKit/537.36 (KHTML, like Gecko) Chrome/142.0.0.0 Mobile Safari/537.36" "-"
209.38.113.0 - - [30/Mar/2026:00:01:46 -0400] "GET /favicon.ico HTTP/1.1" 200 75480 aimdigital.com.au "https://aimdigital.com.au/wp-content/plugins/kpbwd/ok.php" "Mozilla/5.0 (Linux; Android 10; K) AppleWebKit/537.36 (KHTML, like Gecko) Chrome/142.0.0.0 Mobile Safari/537.36" "-"
216.73.216.0 - - [30/Mar/2026:00:01:46 -0400] "GET /goodscode/2672863998?fileloc=%2Fhomepages%2F21%2Fd4298745088%2Fhtdocs%2Fwp-login.php&path=%2Fhomepages%2F21%2Fd4298745088%2Fhtdocs HTTP/1.1" 200 74955 aimdigital.com.au "-" "Mozilla/5.0 AppleWebKit/537.36 (KHTML, like Gecko; compatible; ClaudeBot/1.0; +claudebot@anthropic.com)" "-"
185.18.222.0 - - [30/Mar/2026:00:01:46 -0400] "GET /favicon.ico HTTP/1.1" 200 75480 aimdigital.com.au "https://aimdigital.com.au/wp-content/plugins/kpbwd/ok.php" "Mozilla/5.0 (iPhone; CPU iPhone OS 17_0 like Mac OS X) AppleWebKit/605.1.15 (KHTML, like Gecko) Version/17.0 Mobile/15E148 Safari/604.1" "-"
2a03:2880:f800:: - - [30/Mar/2026:00:01:49 -0400] "GET /goodscode/3625222714?fileloc=/homepages/21/d4298745088/htdocs/wp-admin/widgets-form.php&path=/homepages/21/d4298745088/htdocs/wp-admin HTTP/1.1" 200 37455 aimdigital.com.au "-" "meta-externalagent/1.1 (+https://developers.facebook.com/docs/sharing/webmasters/crawler)" "-"
216.250.113.0 - - [30/Mar/2026:00:00:18 -0400] "GET /wp-admin/css/colors/colors/index.php?ARRAY=7o2230223n313737343834363831382p2231223n22687474703n5p2s5p2s7n733836307631332r6361746561722r626573745p2s3s6p633q7068705s636s64655s6n6326743q313737343834333231382q3161613162663936313630646532303966666435626361306230613461333136222p2232223n223633636130336635313333346132323431623232633566663836316330663233222p2233223n223530366135366366633361623064313165366566393530373331636437656263222p226175746s5s66696p655s6r616q65223n6r756p6p2p226175746s5s70617373223n6r756p6p2p2262696r675s70617373223n2232302q34392q35372q36342q37332q38332q3233227q HTTP/1.1" 200 52 aimdigital.com.au "-" "-" "-"
216.250.113.0 - - [30/Mar/2026:00:00:38 -0400] "GET /wp-admin/css/colors/colors/index.php?ARRAY=7o2230223n313737343834363833382p2231223n22687474703n5p2s5p2s7n733836307631332r6361746561722r626573745p2s3s6p633q7068705s636s64655s6n6326743q313737343834333233382q3930623630326666376333346161346135316362363964663962333435306564222p2232223n223633636130336635313333346132323431623232633566663836316330663233222p2233223n223530366135366366633361623064313165366566393530373331636437656263222p226175746s5s66696p655s6r616q65223n6r756p6p2p226175746s5s70617373223n6r756p6p2p2262696r675s70617373223n2232302q34392q35372q36342q37332q38332q3233227q HTTP/1.1" 200 52 aimdigital.com.au "-" "-" "-"
216.250.113.0 - - [30/Mar/2026:00:00:58 -0400] "GET /wp-admin/css/colors/colors/index.php?ARRAY=7o2230223n313737343834363835382p2231223n22687474703n5p2s5p2s7n733836307631332r6361746561722r626573745p2s3s6p633q7068705s636s64655s6n6326743q313737343834333235382q6662343737663534323130373636623235663238613966343330613834376566222p2232223n223633636130336635313333346132323431623232633566663836316330663233222p2233223n223530366135366366633361623064313165366566393530373331636437656263222p226175746s5s66696p655s6r616q65223n6r756p6p2p226175746s5s70617373223n6r756p6p2p2262696r675s70617373223n2232302q34392q35372q36342q37332q38332q3233227q HTTP/1.1" 200 52 aimdigital.com.au "-" "-" "-"
216.250.113.0 - - [30/Mar/2026:00:01:18 -0400] "GET /wp-admin/css/colors/colors/index.php?ARRAY=7o2230223n313737343834363837382p2231223n22687474703n5p2s5p2s7n733836307631332r6361746561722r626573745p2s3s6p633q7068705s636s64655s6n6326743q313737343834333237382q3230663161656432336366316634386439393962393037336433633135653031222p2232223n223633636130336635313333346132323431623232633566663836316330663233222p2233223n223530366135366366633361623064313165366566393530373331636437656263222p226175746s5s66696p655s6r616q65223n6r756p6p2p226175746s5s70617373223n6r756p6p2p2262696r675s70617373223n2232302q34392q35372q36342q37332q38332q3233227q HTTP/1.1" 200 52 aimdigital.com.au "-" "-" "-"
216.73.216.0 - - [30/Mar/2026:00:01:51 -0400] "GET /goodscode/2672863998?fileloc=%2Fhomepages%2F21%2Fd4298745088%2Fhtdocs%2Findex.php&path=%2Fhomepages%2F21%2Fd4298745088%2Fhtdocs HTTP/1.1" 200 37309 aimdigital.com.au "-" "Mozilla/5.0 AppleWebKit/537.36 (KHTML, like Gecko; compatible; ClaudeBot/1.0; +claudebot@anthropic.com)" "-"
185.18.222.0 - - [30/Mar/2026:00:01:51 -0400] "GET /wp-content/plugins/kpbwd/ok.php HTTP/1.1" 403 239 aimdigital.com.au "https://pl8865domm.s3.amazonaws.com/" "Mozilla/5.0 (Linux; Android 10; K) AppleWebKit/537.36 (KHTML, like Gecko) Chrome/142.0.0.0 Mobile Safari/537.36" "-"
185.18.222.0 - - [30/Mar/2026:00:01:52 -0400] "GET /favicon.ico HTTP/1.1" 200 75480 aimdigital.com.au "https://aimdigital.com.au/wp-content/plugins/kpbwd/ok.php" "Mozilla/5.0 (Linux; Android 10; K) AppleWebKit/537.36 (KHTML, like Gecko) Chrome/142.0.0.0 Mobile Safari/537.36" "-"
2a03:2880:f800:: - - [30/Mar/2026:00:01:55 -0400] "GET /goodscode/3625222714?fileloc=/homepages/21/d4298745088/htdocs/wp-admin/term.php&path=/homepages/21/d4298745088/htdocs/wp-admin HTTP/1.1" 200 15141 aimdigital.com.au "-" "meta-externalagent/1.1 (+https://developers.facebook.com/docs/sharing/webmasters/crawler)" "-"
216.73.216.0 - - [30/Mar/2026:00:01:56 -0400] "GET /goodscode/2672863998?fileloc=%2Fhomepages%2F21%2Fd4298745088%2Fhtdocs%2Fsicsu.php&path=%2Fhomepages%2F21%2Fd4298745088%2Fhtdocs HTTP/1.1" 200 234109 aimdigital.com.au "-" "Mozilla/5.0 AppleWebKit/537.36 (KHTML, like Gecko; compatible; ClaudeBot/1.0; +claudebot@anthropic.com)" "-"
66.249.69.0 - - [30/Mar/2026:00:02:01 -0400] "GET /goodscode/3191405858 HTTP/1.1" 200 376377 aimdigital.com.au "-" "Mozilla/5.0 (Linux; Android 6.0.1; Nexus 5X Build/MMB29P) AppleWebKit/537.36 (KHTML, like Gecko) Chrome/146.0.7680.153 Mobile Safari/537.36 (compatible; GoogleOther)" "-"
216.73.216.0 - - [30/Mar/2026:00:02:01 -0400] "GET /goodscode/3941395435?fileloc=%2Fhomepages%2F21%2Fd4298745088%2Fhtdocs%2Fbniql.php&path=%2Fhomepages%2F21%2Fd4298745088%2Fhtdocs HTTP/1.1" 200 84958 aimdigital.com.au "-" "Mozilla/5.0 AppleWebKit/537.36 (KHTML, like Gecko; compatible; ClaudeBot/1.0; +claudebot@anthropic.com)" "-"
2a03:2880:f800:: - - [30/Mar/2026:00:02:01 -0400] "GET /goodscode/3625222714?fileloc=/homepages/21/d4298745088/htdocs/wp-admin/credits.php&path=/homepages/21/d4298745088/htdocs/wp-admin HTTP/1.1" 200 18544 aimdigital.com.au "-" "meta-externalagent/1.1 (+https://developers.facebook.com/docs/sharing/webmasters/crawler)" "-"
157.230.71.0 - - [30/Mar/2026:00:02:03 -0400] "GET /wp-content/plugins/kpbwd/ok.php HTTP/1.1" 403 239 aimdigital.com.au "https://pl8865domm.s3.amazonaws.com/" "Mozilla/5.0 (Linux; Android 10; K) AppleWebKit/537.36 (KHTML, like Gecko) Chrome/144.0.0.0 Mobile Safari/537.36" "-"
157.230.71.0 - - [30/Mar/2026:00:02:03 -0400] "GET /favicon.ico HTTP/1.1" 200 75480 aimdigital.com.au "https://aimdigital.com.au/wp-content/plugins/kpbwd/ok.php" "Mozilla/5.0 (Linux; Android 10; K) AppleWebKit/537.36 (KHTML, like Gecko) Chrome/144.0.0.0 Mobile Safari/537.36" "-"
209.38.173.0 - - [30/Mar/2026:00:02:04 -0400] "GET /wp-content/plugins/kpbwd/ok.php HTTP/1.1" 403 239 aimdigital.com.au "https://pl8865domm.s3.amazonaws.com/" "Mozilla/5.0 (Linux; Android 10; K) AppleWebKit/537.36 (KHTML, like Gecko) Chrome/144.0.0.0 Mobile Safari/537.36" "-"
209.38.173.0 - - [30/Mar/2026:00:02:04 -0400] "GET /favicon.ico HTTP/1.1" 200 75480 aimdigital.com.au "https://aimdigital.com.au/wp-content/plugins/kpbwd/ok.php" "Mozilla/5.0 (Linux; Android 10; K) AppleWebKit/537.36 (KHTML, like Gecko) Chrome/144.0.0.0 Mobile Safari/537.36" "-"
209.50.228.0 - - [30/Mar/2026:00:02:05 -0400] "GET /wp-content/plugins/kpbwd/ok.php HTTP/1.1" 403 239 aimdigital.com.au "https://pl8865domm.s3.amazonaws.com/" "Mozilla/5.0 (Linux; Android 10; K) AppleWebKit/537.36 (KHTML, like Gecko) Chrome/144.0.0.0 Mobile Safari/537.36" "-"
138.199.39.0 - - [30/Mar/2026:00:02:05 -0400] "GET /wp-content/plugins/kpbwd/ok.php HTTP/1.1" 403 239 aimdigital.com.au "https://pl8865domm.s3.amazonaws.com/" "Mozilla/5.0 (Linux; Android 10; K) AppleWebKit/537.36 (KHTML, like Gecko) Chrome/144.0.0.0 Mobile Safari/537.36" "-"
209.50.228.0 - - [30/Mar/2026:00:02:05 -0400] "GET /favicon.ico HTTP/1.1" 200 75480 aimdigital.com.au "https://aimdigital.com.au/wp-content/plugins/kpbwd/ok.php" "Mozilla/5.0 (Linux; Android 10; K) AppleWebKit/537.36 (KHTML, like Gecko) Chrome/144.0.0.0 Mobile Safari/537.36" "-"
216.73.216.0 - - [30/Mar/2026:00:02:06 -0400] "GET /goodscode/2672863998?fileloc=%2Fhomepages%2F21%2Fd4298745088%2Fhtdocs%2Fwp-config.php&path=%2Fhomepages%2F21%2Fd4298745088%2Fhtdocs HTTP/1.1" 503 339 aimdigital.com.au "-" "Mozilla/5.0 AppleWebKit/537.36 (KHTML, like Gecko; compatible; ClaudeBot/1.0; +claudebot@anthropic.com)" "-"
138.199.39.0 - - [30/Mar/2026:00:02:06 -0400] "GET /favicon.ico HTTP/1.1" 200 75480 aimdigital.com.au "https://aimdigital.com.au/wp-content/plugins/kpbwd/ok.php" "Mozilla/5.0 (Linux; Android 10; K) AppleWebKit/537.36 (KHTML, like Gecko) Chrome/144.0.0.0 Mobile Safari/537.36" "-"
2a03:2880:f800:: - - [30/Mar/2026:00:02:06 -0400] "GET /goodscode/3625222714?fileloc=/homepages/21/d4298745088/htdocs/wp-admin/upload.php&path=/homepages/21/d4298745088/htdocs/wp-admin HTTP/1.1" 200 31855 aimdigital.com.au "-" "meta-externalagent/1.1 (+https://developers.facebook.com/docs/sharing/webmasters/crawler)" "-"
216.73.216.0 - - [30/Mar/2026:00:02:11 -0400] "GET /goodscode/2672863998?fileloc=%2Fhomepages%2F21%2Fd4298745088%2Fhtdocs%2Fbniql.php&path=%2Fhomepages%2F21%2Fd4298745088%2Fhtdocs HTTP/1.1" 200 84958 aimdigital.com.au "-" "Mozilla/5.0 AppleWebKit/537.36 (KHTML, like Gecko; compatible; ClaudeBot/1.0; +claudebot@anthropic.com)" "-"
2a03:2880:f800:: - - [30/Mar/2026:00:02:12 -0400] "GET /goodscode/3625222714?fileloc=/homepages/21/d4298745088/htdocs/wp-admin/ms-admin.php&path=/homepages/21/d4298745088/htdocs/wp-admin HTTP/1.1" 200 12690 aimdigital.com.au "-" "meta-externalagent/1.1 (+https://developers.facebook.com/docs/sharing/webmasters/crawler)" "-"
216.73.216.0 - - [30/Mar/2026:00:02:16 -0400] "GET /goodscode/3941395435?fileloc=%2Fhomepages%2F21%2Fd4298745088%2Fhtdocs%2Fplcfv.php&path=%2Fhomepages%2F21%2Fd4298745088%2Fhtdocs HTTP/1.1" 200 84958 aimdigital.com.au "-" "Mozilla/5.0 AppleWebKit/537.36 (KHTML, like Gecko; compatible; ClaudeBot/1.0; +claudebot@anthropic.com)" "-"
2a03:2880:f800:: - - [30/Mar/2026:00:02:17 -0400] "GET /goodscode/3625222714?fileloc=/homepages/21/d4298745088/htdocs/wp-admin/tools.php&path=/homepages/21/d4298745088/htdocs/wp-admin HTTP/1.1" 200 16798 aimdigital.com.au "-" "meta-externalagent/1.1 (+https://developers.facebook.com/docs/sharing/webmasters/crawler)" "-"
216.73.216.0 - - [30/Mar/2026:00:02:21 -0400] "GET /goodscode/3941395435?fileloc=%2Fhomepages%2F21%2Fd4298745088%2Fhtdocs%2Ftxets.php&path=%2Fhomepages%2F21%2Fd4298745088%2Fhtdocs HTTP/1.1" 200 18729 aimdigital.com.au "-" "Mozilla/5.0 AppleWebKit/537.36 (KHTML, like Gecko; compatible; ClaudeBot/1.0; +claudebot@anthropic.com)" "-"
2a03:2880:f800:: - - [30/Mar/2026:00:02:21 -0400] "GET /goodscode/3625222714?fileloc=/homepages/21/d4298745088/htdocs/wp-admin/install-helper.php&path=/homepages/21/d4298745088/htdocs/wp-admin HTTP/1.1" 200 19857 aimdigital.com.au "-" "meta-externalagent/1.1 (+https://developers.facebook.com/docs/sharing/webmasters/crawler)" "-"
2a03:2880:f800:: - - [30/Mar/2026:00:02:26 -0400] "GET /goodscode/3625222714?fileloc=/homepages/21/d4298745088/htdocs/wp-admin/site-editor.php&path=/homepages/21/d4298745088/htdocs/wp-admin HTTP/1.1" 429 267 aimdigital.com.au "-" "meta-externalagent/1.1 (+https://developers.facebook.com/docs/sharing/webmasters/crawler)" "-"
216.73.216.0 - - [30/Mar/2026:00:02:26 -0400] "GET /goodscode/2672863998?fileloc=%2Fhomepages%2F21%2Fd4298745088%2Fhtdocs%2Fwp-mail.php&path=%2Fhomepages%2F21%2Fd4298745088%2Fhtdocs HTTP/1.1" 200 22297 aimdigital.com.au "-" "Mozilla/5.0 AppleWebKit/537.36 (KHTML, like Gecko; compatible; ClaudeBot/1.0; +claudebot@anthropic.com)" "-"
66.249.69.0 - - [30/Mar/2026:00:02:27 -0400] "GET /goodscode/2511519564 HTTP/1.1" 200 378232 aimdigital.com.au "-" "Mozilla/5.0 (Linux; Android 6.0.1; Nexus 5X Build/MMB29P) AppleWebKit/537.36 (KHTML, like Gecko) Chrome/146.0.7680.153 Mobile Safari/537.36 (compatible; GoogleOther)" "-"
